000
CXUS53 KEAX 020650
CLMMCI

STLCLMWRK 000
TTAA00 KEAX 020642


CLIMATE REPORT
NATIONAL WEATHER SERVICE KANSAS CITY/PLEASANT HILL MO
1241 AM CST MON MAR 2 2015

...................................

...THE KANSAS CITY INTERNATIONAL MO CLIMATE SUMMARY FOR THE MONTH OF FEBRUARY 2015...

CLIMATE NORMAL PERIOD 1981 TO 2010
CLIMATE RECORD PERIOD 1888 TO 2015

WEATHER         OBSERVED          NORMAL  DEPART  LAST YEAR`S
                 VALUE   DATE(S)  VALUE   FROM    VALUE  DATE(S)
                                          NORMAL
................................................................
TEMPERATURE (F)
RECORD
 HIGH              81   02/24/1930
 LOW              -22   02/12/1899
HIGHEST            62   02/08        67      -5       65  02/18
                        02/07
LOWEST              0   02/27         3      -3       -6  02/06
AVG. MAXIMUM     35.2              43.3    -8.1     34.1
AVG. MINIMUM     15.1              23.8    -8.7     15.2
MEAN             25.2              33.5    -8.3     24.7
DAYS MAX >= 90      0               0.0     0.0        0
DAYS MAX <= 32     13               6.4     6.6       15
DAYS MIN <= 32     26              21.6     4.4       25
DAYS MIN <= 0       1               1.4    -0.4        3

PRECIPITATION (INCHES)
RECORD
 MAXIMUM         6.76   1911
 MINIMUM         0.04   2006
TOTALS           0.98              1.46   -0.48     1.36
DAILY AVG.       0.04              0.05   -0.01     0.05
DAYS >= .01        10               7.1     2.9        6
DAYS >= .10         4               3.5     0.5        4
DAYS >= .50         0               0.9    -0.9        0
DAYS >= 1.00        0               0.2    -0.2        0
GREATEST
 24 HR. TOTAL    0.34   02/01 TO 02/01

SNOWFALL (INCHES)
RECORDS
 TOTAL           20.7   1960
                        0
                        0
TOTALS            8.8               5.4     3.4     11.3
SINCE 7/1        14.2              16.2    -2.0     22.6
SNOWDEPTH AVG.      1                 2      -1        4
DAYS >= 1.0         4               1.7     2.3        2
GREATEST
 SNOW DEPTH         3   02/01                         10  02/08
                                                          02/07
                                                          02/06
 24 HR TOTAL      2.5   02/01 TO 02/01

DEGREE_DAYS
HEATING TOTAL    1112               881     231     1122
 SINCE 7/1       4214              4045     169     4566
COOLING TOTAL       0                 0       0        0
 SINCE 1/1          0                 0       0        0
.................................................................

WIND (MPH)
AVERAGE WIND SPEED              10.6
HIGHEST WIND SPEED/DIRECTION    33/350    DATE  02/25
HIGHEST GUST SPEED/DIRECTION    42/360    DATE  02/25

SKY COVER
POSSIBLE SUNSHINE (PERCENT)   MM
AVERAGE SKY COVER           0.60
NUMBER OF DAYS FAIR            6
NUMBER OF DAYS PC             16
NUMBER OF DAYS CLOUDY          6

AVERAGE RH (PERCENT)     68

WEATHER CONDITIONS. NUMBER OF DAYS WITH
THUNDERSTORM              0     MIXED PRECIP               0
HEAVY RAIN                0     RAIN                       0
LIGHT RAIN                3     FREEZING RAIN              0
LT FREEZING RAIN          4     HAIL                       0
HEAVY SNOW                0     SNOW                       2
LIGHT SNOW               10     SLEET                      1
FOG                      14     FOG W/VIS <= 1/4 MILE      1
HAZE                      5

-  INDICATES NEGATIVE NUMBERS.
R  INDICATES RECORD WAS SET OR TIED.
MM INDICATES DATA IS MISSING.
T  INDICATES TRACE AMOUNT.

$$
