000
CXUS53 KGLD 052034 RRA
CLMMCK

CLIMATE REPORT
NATIONAL WEATHER SERVICE GOODLAND
132 PM MST TUE DEC 5 2017

...................................

...THE MCCOOK CLIMATE SUMMARY FOR THE MONTH OF OCTOBER 2017...

CLIMATE NORMAL PERIOD 1981 TO 2010
CLIMATE RECORD PERIOD 1896 TO 2017

WEATHER         OBSERVED          NORMAL  DEPART  LAST YEAR`S
                 VALUE   DATE(S)  VALUE   FROM    VALUE  DATE(S)
                                          NORMAL
................................................................
TEMPERATURE (F)
RECORD
 HIGH              98   10/09/1928
 LOW                    10/29/1913
HIGHEST            84   10/19        88      -4       88  10/28
LOWEST             16   10/28        23      -7       28  10/07
AVG. MAXIMUM     67.8              66.5     1.3     74.9
AVG. MINIMUM     37.4              36.2     1.2     40.6
MEAN             52.6              51.3     1.3     57.8
DAYS MAX >= 90      0               0.4    -0.4        0
DAYS MAX <= 32      0               0.3    -0.3        0
DAYS MIN <= 32     10               9.4     0.6        3
DAYS MIN <= 0       0               0.0     0.0        0

PRECIPITATION (INCHES)
RECORD
 MAXIMUM         4.88   1997
 MINIMUM         0.04   1999
TOTALS           1.05              1.79   -0.74     0.14
DAILY AVG.       0.03              0.06   -0.03     0.00
DAYS >= .01         6               6.1    -0.1        3
DAYS >= .10         3               3.4    -0.4        0
DAYS >= .50         1               1.1    -0.1        0
DAYS >= 1.00        0               0.3    -0.3        0
GREATEST
 24 HR. TOTAL    0.56   10/02 TO 10/02              0.11


.................................................................



-  INDICATES NEGATIVE NUMBERS.
R  INDICATES RECORD WAS SET OR TIED.
MM INDICATES DATA IS MISSING.
T  INDICATES TRACE AMOUNT.

$$
