000
CXUS53 KGLD 030805
CLMMCK

CLIMATE REPORT
NATIONAL WEATHER SERVICE GOODLAND
155 AM MDT THU NOV 3 2016

...................................

...THE MCCOOK CLIMATE SUMMARY FOR THE MONTH OF OCTOBER 2016...

CLIMATE NORMAL PERIOD 1981 TO 2010
CLIMATE RECORD PERIOD 1896 TO 2016

WEATHER         OBSERVED          NORMAL  DEPART  LAST YEAR`S
                 VALUE   DATE(S)  VALUE   FROM    VALUE  DATE(S)
                                          NORMAL
................................................................
TEMPERATURE (F)
RECORD
 HIGH              98   10/09/1928
 LOW                    10/29/1913
HIGHEST            88   10/28        88       0       95  10/11
LOWEST             28   10/07        23       5       24  10/29
AVG. MAXIMUM     74.9              66.5     8.4     71.7
AVG. MINIMUM     40.6              36.2     4.4     43.7
MEAN             57.8              51.3     6.5     57.7
DAYS MAX >= 90      0               0.4    -0.4        1
DAYS MAX <= 32      0               0.3    -0.3        0
DAYS MIN <= 32      3               9.4    -6.4        2
DAYS MIN <= 0       0               0.0     0.0        0

PRECIPITATION (INCHES)
RECORD
 MAXIMUM         4.88   1997
 MINIMUM         0.04   1999
TOTALS           0.14              1.79   -1.65     1.48
DAILY AVG.       0.00              0.06   -0.06     0.05
DAYS >= .01         3               6.1    -3.1        4
DAYS >= .10         0               3.4    -3.4        3
DAYS >= .50         0               1.1    -1.1        1
DAYS >= 1.00        0               0.3    -0.3        0
GREATEST
 24 HR. TOTAL    0.11   10/11 TO 10/12              0.79


.................................................................



-  INDICATES NEGATIVE NUMBERS.
R  INDICATES RECORD WAS SET OR TIED.
MM INDICATES DATA IS MISSING.
T  INDICATES TRACE AMOUNT.

$$
