000
CXUS42 KFFC 011529
CLMMCN


CLIMATE REPORT
NATIONAL WEATHER SERVICE PEACHTREE CITY GA
1128 AM EDT FRI SEP 1 2017

...................................

...THE MACON CLIMATE SUMMARY FOR THE MONTH OF AUGUST 2017...

CLIMATE NORMAL PERIOD 1981 TO 2010
CLIMATE RECORD PERIOD 1899 TO 2017

WEATHER         OBSERVED          NORMAL  DEPART  LAST YEAR`S
                 VALUE   DATE(S)  VALUE   FROM    VALUE  DATE(S)
                                          NORMAL
................................................................
TEMPERATURE (F)
RECORD
 HIGH             105   08/10/2007
                        08/01/1986
                        08/21/1980
 LOW               55   08/28/1952
HIGHEST            96   08/20        MM      MM       99  08/17
LOWEST             60   08/01        MM      MM       68  08/26
                                                          08/25
AVG. MAXIMUM     89.7              91.4    -1.7     93.9
AVG. MINIMUM     70.9              70.3     0.6     72.3
MEAN             80.3              80.9    -0.6     83.1
DAYS MAX >= 90     17              20.2    -3.2       28
DAYS MAX <= 32      0               0.0     0.0        0
DAYS MIN <= 32      0               0.0     0.0        0
DAYS MIN <= 0       0               0.0     0.0        0

PRECIPITATION (INCHES)
RECORD
 MAXIMUM        20.52   1928
 MINIMUM         0.70   1925
TOTALS           4.90              4.10    0.80
DAILY AVG.       0.16              0.13    0.03     0.07
DAYS >= .01        12              10.4     1.6       15
DAYS >= .10        10               6.5     3.5        6
DAYS >= .50         3               2.7     0.3        1
DAYS >= 1.00        1               1.3    -0.3        0
GREATEST
 24 HR. TOTAL    1.45   08/03 TO 08/03           08/18 TO 08/19
                                                          08/31 TO 08/31
                                                          08/31 TO 08/31

DEGREE_DAYS
HEATING TOTAL       0                 0       0        0
 SINCE 7/1          0                 0       0        0
COOLING TOTAL     483               491      -8      569
 SINCE 1/1       1862              1744     118     2027
..................................................

WIND (MPH)
AVERAGE WIND SPEED              5.0
HIGHEST WIND SPEED/DIRECTION    28/250    DATE  08/06
HIGHEST GUST SPEED/DIRECTION    38/250    DATE  08/06

SKY COVER
POSSIBLE SUNSHINE (PERCENT)   MM
AVERAGE SKY COVER           0.30
NUMBER OF DAYS FAIR           18
NUMBER OF DAYS PC             11
NUMBER OF DAYS CLOUDY          2

AVERAGE RH (PERCENT)     74

WEATHER CONDITIONS. NUMBER OF DAYS WITH
THUNDERSTORM              0     MIXED PRECIP               0
HEAVY RAIN                7     RAIN                       6
LIGHT RAIN               11     FREEZING RAIN              0
LT FREEZING RAIN          0     HAIL                       0
HEAVY SNOW                0     SNOW                       0
LIGHT SNOW                0     SLEET                      0
FOG                      16     FOG W/VIS <= 1/4 MILE      0
HAZE                      4

-  INDICATES NEGATIVE NUMBERS.
R  INDICATES RECORD WAS SET OR TIED.
MM INDICATES DATA IS MISSING.
T  INDICATES TRACE AMOUNT.

$$
