714
CXUS54 KJAN 021919
CLMMEI


CLIMATE REPORT
NATIONAL WEATHER SERVICE JACKSON MS
206 PM CDT SAT APR 2 2016

...................................

...THE MERIDIAN CLIMATE SUMMARY FOR THE MONTH OF MARCH 2016...

CLIMATE NORMAL PERIOD 1981 TO 2010
CLIMATE RECORD PERIOD 1889 TO 2016

WEATHER         OBSERVED          NORMAL  DEPART  LAST YEAR`S
                 VALUE   DATE(S)  VALUE   FROM    VALUE  DATE(S)
                                          NORMAL
................................................................
TEMPERATURE (F)
RECORD
 HIGH              93   03/24/1929
 LOW               15   03/03/1980
                        03/03/1943
HIGHEST            85   03/15        84       1       84  03/16
LOWEST             31   03/21        27       4       21  03/06
AVG. MAXIMUM     72.2              69.0     3.2     69.8
AVG. MINIMUM     47.8              42.3     5.5     47.7
MEAN             60.0              55.6     4.4     58.8
DAYS MAX >= 90      0               0.0     0.0        0
DAYS MAX <= 32      0               0.0     0.0        0
DAYS MIN <= 32      2               4.7    -2.7        4
DAYS MIN <= 0       0               0.0     0.0        0

PRECIPITATION (INCHES)
RECORD
 MAXIMUM        16.47   1976
 MINIMUM         0.52   2007
TOTALS          12.38              5.42    6.96     4.91
DAILY AVG.       0.40              0.17    0.23     0.16
DAYS >= .01        11               9.4     1.6       15
DAYS >= .10         9               6.7     2.3       10
DAYS >= .50         6               3.5     2.5        5
DAYS >= 1.00        4               1.9     2.1        1
GREATEST
 24 HR. TOTAL    5.70   03/10 TO 03/11              1.39

SNOWFALL (INCHES)
RECORDS
 TOTAL            5.7   1993
TOTALS            0.0               0.2    -0.2        T
SINCE 7/1           T               0.5    -0.5        T
DAYS >= TRACE       0
DAYS >= 1.0         0               0.1    -0.1        0
GREATEST
 24 HR TOTAL      0.0   03/31 TO 03/31

DEGREE_DAYS
HEATING TOTAL     182               307    -125      210
 SINCE 7/1       1744              2404    -660     2451
COOLING TOTAL      32                17      15       27
 SINCE 1/1         37                24      13       27
.................................................................

WIND (MPH)
AVERAGE WIND SPEED              7.6
HIGHEST WIND SPEED/DIRECTION    28/340    DATE  03/17
HIGHEST GUST SPEED/DIRECTION    37/340    DATE  03/17

SKY COVER
POSSIBLE SUNSHINE (PERCENT)   MM
AVERAGE SKY COVER           0.40
NUMBER OF DAYS FAIR           15
NUMBER OF DAYS PC              6
NUMBER OF DAYS CLOUDY         10

AVERAGE RH (PERCENT)     72

WEATHER CONDITIONS. NUMBER OF DAYS WITH
THUNDERSTORM              5     MIXED PRECIP               0
HEAVY RAIN                5     RAIN                       7
LIGHT RAIN               12     FREEZING RAIN              0
LT FREEZING RAIN          0     HAIL                       0
HEAVY SNOW                0     SNOW                       0
LIGHT SNOW                0     SLEET                      0
FOG                      18     FOG W/VIS <= 1/4 MILE      3
HAZE                      1

-  INDICATES NEGATIVE NUMBERS.
R  INDICATES RECORD WAS SET OR TIED.
MM INDICATES DATA IS MISSING.
T  INDICATES TRACE AMOUNT.

$$
