000
CXUS54 KMEG 030202
CLMMEM


CLIMATE REPORT
NATIONAL WEATHER SERVICE MEMPHIS TN
853 PM CDT SAT JUL 2 2016

...................................

...THE MEMPHIS CLIMATE SUMMARY FOR THE MONTH OF JUNE 2016...

CLIMATE NORMAL PERIOD 1981 TO 2010
CLIMATE RECORD PERIOD 1872 TO 2016

WEATHER         OBSERVED          NORMAL  DEPART  LAST YEAR`S
                 VALUE   DATE(S)  VALUE   FROM    VALUE  DATE(S)
                                          NORMAL
................................................................
TEMPERATURE (F)
RECORD
 HIGH             104   06/28/1954
                        06/28/1952
 LOW               48   06/01/1966
HIGHEST            98   06/26        89       9       98  06/24
                        06/25
                        06/24
LOWEST             66   06/06        69      -3       60  06/04
                                                          06/02
AVG. MAXIMUM     92.8              88.9     3.9     89.9
AVG. MINIMUM     73.6              70.3     3.3     71.5
MEAN             83.2              79.6     3.6     80.7
DAYS MAX >= 90     22              13.9     8.1       20
DAYS MAX <= 32      0               0.0     0.0        0
DAYS MIN <= 32      0               0.0     0.0        0
DAYS MIN <= 0       0               0.0     0.0        0

PRECIPITATION (INCHES)
RECORD
 MAXIMUM        18.16   1877
 MINIMUM         0.04   1953
TOTALS           1.17              3.63   -2.46     4.47
DAILY AVG.       0.04              0.12   -0.08     0.15
DAYS >= .01         7               9.0    -2.0        8
DAYS >= .10         4               5.8    -1.8        8
DAYS >= .50         1               2.5    -1.5        3
DAYS >= 1.00        0               1.2    -1.2        1
GREATEST
 24 HR. TOTAL    0.57   06/27 TO 06/27
                        06/26 TO 06/27
                        06/27 TO 06/27

SNOWFALL (INCHES)
RECORDS
 TOTAL            0.0   2002
                        2001
                        2000
TOTALS            0.0               0.0     0.0      0.0
SINCE 7/1         0.3               3.8    -3.5      6.1
SNOWDEPTH AVG.      0                MM      MM        0
DAYS >= 1.0         0               0.0     0.0        0
GREATEST
 SNOW DEPTH         0   MM                             0  MM
 24 HR TOTAL      0.0   06/30 TO 06/30

DEGREE_DAYS
HEATING TOTAL       0                 0       0        0
 SINCE 7/1       2186              2964    -778     3184
COOLING TOTAL     552               438     114      477
 SINCE 1/1        857               759      98      831
.................................................................

WIND (MPH)
AVERAGE WIND SPEED              6.3
HIGHEST WIND SPEED/DIRECTION    37/310    DATE  06/15
HIGHEST GUST SPEED/DIRECTION    51/300    DATE  06/15

SKY COVER
POSSIBLE SUNSHINE (PERCENT)   MM
AVERAGE SKY COVER           0.40
NUMBER OF DAYS FAIR           11
NUMBER OF DAYS PC             14
NUMBER OF DAYS CLOUDY          5

AVERAGE RH (PERCENT)     64

WEATHER CONDITIONS. NUMBER OF DAYS WITH
THUNDERSTORM              0     MIXED PRECIP               0
HEAVY RAIN                1     RAIN                       2
LIGHT RAIN                8     FREEZING RAIN              0
LT FREEZING RAIN          0     HAIL                       0
HEAVY SNOW                0     SNOW                       0
LIGHT SNOW                0     SLEET                      0
FOG                       4     FOG W/VIS <= 1/4 MILE      0
HAZE                      5

-  INDICATES NEGATIVE NUMBERS.
R  INDICATES RECORD WAS SET OR TIED.
MM INDICATES DATA IS MISSING.
T  INDICATES TRACE AMOUNT.

$$
