539
CXUS44 KBRO 011131
CLMMFE


CLIMATE REPORT
NATIONAL WEATHER SERVICE BROWNSVILLE TX
628 AM CDT FRI SEP 1 2017

...................................

...THE MCALLEN CLIMATE SUMMARY FOR THE MONTH OF AUGUST 2017...

CLIMATE NORMAL PERIOD 1981 TO 2010
CLIMATE RECORD PERIOD 1961 TO 2017

WEATHER         OBSERVED          NORMAL  DEPART  LAST YEAR`S
                 VALUE   DATE(S)  VALUE   FROM    VALUE  DATE(S)
                                          NORMAL
................................................................
TEMPERATURE (F)
HIGHEST           105   08/08       101       4      107  08/11
LOWEST             75   08/29        71       4       75  08/25
AVG. MAXIMUM    101.6              98.1     3.5
AVG. MINIMUM     79.8              76.7     3.1
MEAN             90.7              87.4     3.3     90.7
DAYS MAX >= 90     31              29.5     1.5
DAYS MAX <= 32      0               0.0     0.0
DAYS MIN <= 32      0               0.0     0.0
DAYS MIN <= 0       0               0.0     0.0

PRECIPITATION (INCHES)
TOTALS           0.56              2.21   -1.65     0.84
DAILY AVG.       0.02              0.07   -0.05     0.03
DAYS >= .01         2               5.4    -3.4        5
DAYS >= .10         1               3.2    -2.2        2
DAYS >= .50         1               1.2    -0.2        0
DAYS >= 1.00        0               0.4    -0.4        0
GREATEST
 24 HR. TOTAL    0.55   08/10 TO 08/10           08/17 TO 08/17

DEGREE_DAYS
HEATING TOTAL       0                 0       0        0
 SINCE 7/1          0                 0       0        0
COOLING TOTAL     804               694     110      806
 SINCE 1/1       4266              3251    1015     3902

..................................................

WIND (MPH)
AVERAGE WIND SPEED              11.6
HIGHEST WIND SPEED/DIRECTION    31/130    DATE  08/15
HIGHEST GUST SPEED/DIRECTION    41/120    DATE  08/15

SKY COVER
AVERAGE SKY COVER           0.20
NUMBER OF DAYS FAIR           30
NUMBER OF DAYS PC              1
NUMBER OF DAYS CLOUDY          0

AVERAGE RH (PERCENT)     60

WEATHER CONDITIONS. NUMBER OF DAYS WITH
THUNDERSTORM              0     MIXED PRECIP               0
HEAVY RAIN                1     RAIN                       1
LIGHT RAIN                5     FREEZING RAIN              0
LT FREEZING RAIN          0     HAIL                       0
HEAVY SNOW                0     SNOW                       0
LIGHT SNOW                0     SLEET                      0
FOG                       2     FOG W/VIS <= 1/4 MILE      0
HAZE                      4

-  INDICATES NEGATIVE NUMBERS.
R  INDICATES RECORD WAS SET OR TIED.
MM INDICATES DATA IS MISSING.
T  INDICATES TRACE AMOUNT.

$$
