073
CXUS54 KBMX 011925
CLMMGM


CLIMATE REPORT
NATIONAL WEATHER SERVICE BIRMINGHAM, AL
224 PM CDT FRI MAY 1 2015

...................................

...THE MONTGOMERY CLIMATE SUMMARY FOR THE MONTH OF APRIL 2015...

CLIMATE NORMAL PERIOD 1981 TO 2010
CLIMATE RECORD PERIOD 1994 TO 2015

WEATHER         OBSERVED          NORMAL  DEPART  LAST YEAR`S
                 VALUE   DATE(S)  VALUE   FROM    VALUE  DATE(S)
                                          NORMAL
................................................................
TEMPERATURE (F)
RECORD
 HIGH              94   04/30/2007
 LOW               28   04/01/1987
HIGHEST            88   04/26        MM      MM       87  04/28
                        04/09                             04/24
                                                          04/03
LOWEST             44   04/05        MM      MM       36  04/16
AVG. MAXIMUM     79.2              76.6     2.6     77.4
AVG. MINIMUM     59.4              51.6     7.8     54.0
MEAN             69.3                               65.7
DAYS MAX >= 90      0               0.1    -0.1        0
DAYS MAX <= 32      0               0.0     0.0        0
DAYS MIN <= 32      0               0.2    -0.2        0
DAYS MIN <= 0       0               0.0     0.0        0

PRECIPITATION (INCHES)
RECORD
 MAXIMUM        15.94   1912
 MINIMUM         0.38   1915
TOTALS           6.50              4.02    2.48    10.15
DAILY AVG.       0.22              0.13    0.09     0.34
DAYS >= .01        14               7.7     6.3       10
DAYS >= .10        11               5.1     5.9        8
DAYS >= .50         7               2.7     4.3        5
DAYS >= 1.00        1               1.3    -0.3        5

DEGREE_DAYS
HEATING TOTAL      13                99     -86       60
 SINCE 7/1       2135              2226     -91     2298
COOLING TOTAL     150                72      78       89
 SINCE 1/1        221               101     120       99
.................................................................

WIND (MPH)
AVERAGE WIND SPEED              5.5
HIGHEST WIND SPEED/DIRECTION    20/200    DATE  04/25
HIGHEST GUST SPEED/DIRECTION    49/310    DATE  04/03

AVERAGE RH (PERCENT)     70

WEATHER CONDITIONS. NUMBER OF DAYS WITH
THUNDERSTORM              0     MIXED PRECIP               0
HEAVY RAIN                9     RAIN                      11
LIGHT RAIN               13     FREEZING RAIN              0
LT FREEZING RAIN          0     HAIL                       0
HEAVY SNOW                0     SNOW                       0
LIGHT SNOW                0     SLEET                      0
FOG                      21     FOG W/VIS <= 1/4 MILE      3
HAZE                      2

-  INDICATES NEGATIVE NUMBERS.
R  INDICATES RECORD WAS SET OR TIED.
MM INDICATES DATA IS MISSING.
T  INDICATES TRACE AMOUNT.

$$
