000
CXUS54 KBMX 021805
CLMMGM


CLIMATE REPORT
NATIONAL WEATHER SERVICE BIRMINGHAM, AL
103 PM CDT MON MAY 2 2016

...................................

...THE MONTGOMERY CLIMATE SUMMARY FOR THE MONTH OF APRIL 2016...

CLIMATE NORMAL PERIOD 1981 TO 2010
CLIMATE RECORD PERIOD 1872 TO 2016

WEATHER         OBSERVED          NORMAL  DEPART  LAST YEAR`S
                 VALUE   DATE(S)  VALUE   FROM    VALUE  DATE(S)
                                          NORMAL
................................................................
TEMPERATURE (F)
RECORD
 HIGH              94   04/30/2007
 LOW               28   04/01/1987
HIGHEST            89   04/29        MM      MM       88  04/26
                                                          04/09
LOWEST             43   04/09        MM      MM       44  04/05
AVG. MAXIMUM     78.8              76.6     2.2     79.2
AVG. MINIMUM     54.9              51.6     3.3     59.4
MEAN             66.8                               69.3
DAYS MAX >= 90      0               0.1    -0.1        0
DAYS MAX <= 32      0               0.0     0.0        0
DAYS MIN <= 32      0               0.2    -0.2        0
DAYS MIN <= 0       0               0.0     0.0        0

PRECIPITATION (INCHES)
RECORD
 MAXIMUM        15.94   1912
 MINIMUM         0.38   1915
TOTALS           6.62              4.02    2.60     6.50
DAILY AVG.       0.22              0.13    0.09     0.22
DAYS >= .01        10               7.7     2.3       14
DAYS >= .10         8               5.1     2.9       11
DAYS >= .50         6               2.7     3.3        7
DAYS >= 1.00        2               1.3     0.7        1

DEGREE_DAYS
HEATING TOTAL      37                99     -62       13
 SINCE 7/1       1484              2226    -742     2135
COOLING TOTAL     100                72      28      150
 SINCE 1/1        186               101      85      221
.................................................................

WIND (MPH)
AVERAGE WIND SPEED              6.3
HIGHEST WIND SPEED/DIRECTION    31/200    DATE  04/27
HIGHEST GUST SPEED/DIRECTION    48/230    DATE  04/06

AVERAGE RH (PERCENT)     63

WEATHER CONDITIONS. NUMBER OF DAYS WITH
THUNDERSTORM              0     MIXED PRECIP               0
HEAVY RAIN                8     RAIN                       5
LIGHT RAIN               10     FREEZING RAIN              0
LT FREEZING RAIN          0     HAIL                       0
HEAVY SNOW                0     SNOW                       0
LIGHT SNOW                0     SLEET                      0
FOG                      13     FOG W/VIS <= 1/4 MILE      3
HAZE                      4

-  INDICATES NEGATIVE NUMBERS.
R  INDICATES RECORD WAS SET OR TIED.
MM INDICATES DATA IS MISSING.
T  INDICATES TRACE AMOUNT.

$$
