000
CXUS52 KMFL 011421
CLMMIA

CLIMATE REPORT
NATIONAL WEATHER SERVICE MIAMI, FL
915 AM EST SUN MAR 1 2015

...................................

...THE MIAMI CLIMATE SUMMARY FOR THE MONTH OF FEBRUARY 2015...

CLIMATE NORMAL PERIOD 1981 TO 2010
CLIMATE RECORD PERIOD 1895 TO 2015

WEATHER         OBSERVED          NORMAL  DEPART  LAST YEAR`S
                 VALUE   DATE(S)  VALUE   FROM    VALUE
                                          NORMAL
.............................................................
TEMPERATURE (F)
RECORD
 HIGH              89   02/24/2008
                        02/23/2008
                        02/25/1994
 LOW               27   02/03/1917
HIGHEST            87   02/26                         86
LOWEST             42   02/20                         51
AVG. MAXIMUM     76.8              78.1    -1.3     81.5
AVG. MINIMUM     60.0              62.3    -2.3     66.9
MEAN             68.4              70.2    -1.8     74.2
DAYS MAX >= 90      0                                  0
DAYS MAX <= 32      0                                  0
DAYS MIN <= 32      0                                  0
DAYS MIN <= 0       0                                  0

PRECIPITATION (INCHES)
RECORD
 MAXIMUM         8.07   1983
 MINIMUM         0.00   1911
                        1909
TOTALS           2.81              2.25    0.56     1.16
DAILY AVG.       0.10              0.08    0.02
DAYS >= .01         9                                  5
DAYS >= .10         4                                  3
DAYS >= .50         3                                  1
DAYS >= 1.00        1                                  0
GREATEST
 24 HR. TOTAL    1.19   02/28 TO 02/28              0.93

DEGREE_DAYS
HEATING TOTAL      35                26       9        4
 SINCE 7/1         76               116     -40       61
COOLING TOTAL     137               171     -34      269
 SINCE 1/1        339               322      17      421
..............................................................

WIND (MPH)
AVERAGE WIND SPEED              8.5
HIGHEST WIND SPEED/DIRECTION    25/240    DATE  02/05
HIGHEST GUST SPEED/DIRECTION    37/240    DATE  02/05

SKY COVER
POSSIBLE SUNSHINE (PERCENT)   76
AVERAGE SKY COVER           0.50
NUMBER OF DAYS FAIR            7
NUMBER OF DAYS PC             16
NUMBER OF DAYS CLOUDY          5

AVERAGE RH (PERCENT)     65

WEATHER CONDITIONS. NUMBER OF DAYS WITH
THUNDERSTORM              2     MIXED PRECIP               0
HEAVY RAIN                3     RAIN                       4
LIGHT RAIN                9     FREEZING RAIN              0
LT FREEZING RAIN          0     HAIL                       0
HEAVY SNOW                0     SNOW                       0
LIGHT SNOW                0     SLEET                      0
FOG                       7     FOG W/VIS <= 1/4 MILE      0
HAZE                      1

-  INDICATES NEGATIVE NUMBERS.
R  INDICATES RECORD WAS SET OR TIED.
MM INDICATES DATA IS MISSING.
T  INDICATES TRACE AMOUNT.

................................................................

..............DATA FOR MIAMI BEACH...FEBRUARY 2015..............

...TEMPERATURE DATA...

AVERAGE FOR THE MONTH .... 66.5 OR 2.4 DEGREES BELOW NORMAL.
AVERAGE MAXIMUM .......... 73.4 OR 1.5 DEGREES BELOW NORMAL.
AVERAGE MINIMUM .......... 59.6 OR 3.4 DEGREES BELOW NORMAL.            .

HIGHEST TEMPERATURE FOR THE MONTH: 82 DEGREES ON THE 27TH.
LOWEST  TEMPERATURE FOR THE MONTH: 42 DEGREES ON THE 20TH.


...PRECIPITATION...

TOTAL FOR THE MONTH 1.64 INCHES OR 0.69 INCHES BELOW NORMAL.
TOTAL FOR THE YEAR  2.98 INCHES OR 1.44 INCHES BELOW NORMAL.
GREATEST 24-HOUR PERIOD RAINFALL 0.65 INCHES ON THE 6TH.

NUMBER OF DAYS HAVING 0.01 INCHES OR MORE ... 5.
NUMBER OF DAYS HAVING 0.10 INCHES OR MORE ... 5.
NUMBER OF DAYS HAVING 0.50 INCHES OR MORE ... 1.
NUMBER OF DAYS HAVING 1.00 INCHES OR MORE ... 0.


...............................................................


...DATA FOR THE NATIONAL WEATHER SERVICE OFFICE (WEST MIAMI)...
                       ...FEBRUARY 2015...

...TEMPERATURE DATA...

AVERAGE FOR THE MONTH .... 66.2 DEGREES.
AVERAGE MAXIMUM .......... 75.8 DEGREES.
AVERAGE MINIMUM .......... 56.5 DEGREES.

HIGHEST TEMPERATURE FOR THE MONTH: 86 DEGREES ON THE 25TH, 27TH.
LOWEST  TEMPERATURE FOR THE MONTH: 41 DEGREES ON THE 20TH.



...PRECIPITATION...

TOTAL FOR THE MONTH................. 1.46 INCHES.
TOTAL FOR THE YEAR.................. 2.63 INCHES.
GREATEST 24-HOUR PERIOD RAINFALL 0.65 INCHES ON THE 6TH.

NUMBER OF DAYS HAVING 0.01 INCHES OR MORE ... 7.
NUMBER OF DAYS HAVING 0.10 INCHES OR MORE ... 3.
NUMBER OF DAYS HAVING 0.50 INCHES OR MORE ... 1.
NUMBER OF DAYS HAVING 1.00 INCHES OR MORE ... 0.


$$
