000
CXUS53 KGRR 011906
CLMMKG

CLIMATE REPORT
NATIONAL WEATHER SERVICE GRAND RAPIDS, MI
712 AM EDT FRI JUL 1 2016

...................................

...THE MUSKEGON MI CLIMATE SUMMARY FOR THE MONTH OF JUNE 2016...

CLIMATE NORMAL PERIOD 1981 TO 2010
CLIMATE RECORD PERIOD 1896 TO 2016

WEATHER         OBSERVED          NORMAL  DEPART  LAST YEAR`S
                 VALUE   DATE(S)  VALUE   FROM    VALUE  DATE(S)
                                          NORMAL
................................................................
TEMPERATURE (F)
RECORD
 HIGH              98   06/20/1995
 LOW               31   06/11/1972
HIGHEST            87   06/25        89      -2       81  06/17
                        06/18                             06/15
                                                          06/10
LOWEST             43   06/09        41       2       41  06/02
                        06/08
AVG. MAXIMUM     78.0              76.0     2.0     75.8
AVG. MINIMUM     56.8              56.6     0.2     55.7
MEAN             67.4              66.3     1.1     65.8
DAYS MAX >= 90      0               0.5    -0.5        0
DAYS MAX <= 32      0               0.0     0.0        0
DAYS MIN <= 32      0               0.0     0.0        0
DAYS MIN <= 0       0               0.0     0.0        0

PRECIPITATION (INCHES)
RECORD
 MAXIMUM         8.18   1921
 MINIMUM         0.19   1959
TOTALS           2.34              2.55   -0.21     3.30
DAILY AVG.       0.08              0.09   -0.01     0.11
DAYS >= .01        13               9.0     4.0        9
DAYS >= .10         5               5.0     0.0        6
DAYS >= .50         1               1.8    -0.8        2
DAYS >= 1.00        0               0.5    -0.5        2
GREATEST
 24 HR. TOTAL    0.77   06/15 TO 06/15
                        06/14 TO 06/15
                        06/15 TO 06/15

SNOWFALL (INCHES)
RECORDS
 TOTAL            0.0   MM
 24 HR TOTAL      0.0   MM
 SNOW DEPTH         0   MM
TOTALS            0.0               0.0     0.0      0.0
SINCE 7/1        61.8              93.7   -31.9     92.1
SNOWDEPTH AVG.      0                MM      MM        0
DAYS >= TRACE       0               0.0     0.0        0
DAYS >= 1.0         0               0.0     0.0        0
GREATEST
 SNOW DEPTH         0   MM                             0  MM
 24 HR TOTAL      0.0   06/30 TO 06/30

DEGREE_DAYS
HEATING TOTAL      38                66     -28       33
 SINCE 7/1       5657              6560    -903     6911
COOLING TOTAL     117               105      12       63
 SINCE 1/1        161               134      27      102

FREEZE DATES
RECORD
 EARLIEST     09/22/1976
 LATEST       06/22/1992
EARLIEST      03/01             10/14
LATEST        04/12             05/04
.................................................................

WIND (MPH)
AVERAGE WIND SPEED              7.8
RESULTANT WIND SPEED/DIRECTION   2/246
HIGHEST WIND SPEED/DIRECTION    29/330    DATE  06/10
HIGHEST GUST SPEED/DIRECTION    63/270    DATE  06/15

SKY COVER
POSSIBLE SUNSHINE (PERCENT)   MM
AVERAGE SKY COVER           0.50
NUMBER OF DAYS FAIR           10
NUMBER OF DAYS PC             13
NUMBER OF DAYS CLOUDY          7

AVERAGE RH (PERCENT)     65

WEATHER CONDITIONS. NUMBER OF DAYS WITH
THUNDERSTORM              6     MIXED PRECIP               0
HEAVY RAIN                3     RAIN                       4
LIGHT RAIN               14     FREEZING RAIN              0
LT FREEZING RAIN          0     HAIL                       0
HEAVY SNOW                0     SNOW                       0
LIGHT SNOW                0     SLEET                      0
FOG                      13     FOG W/VIS <= 1/4 MILE      3
HAZE                      4

-  INDICATES NEGATIVE NUMBERS.
R  INDICATES RECORD WAS SET OR TIED.
MM INDICATES DATA IS MISSING.
T  INDICATES TRACE AMOUNT.

&&

JUNE 2016 ENDED SLIGHTLY WARMER THAN NORMAL FOR SOUTHERN LOWER
MICHIGAN...WHILETHE REMAINDER OF THE LOWER PENINSULA HOVERED NEAR NORMAL. THE
MAIN HEADLINETURNED OUT TO BE THE DRY PATTERN...WHICH PLACED MUCH OF THE
SOUTHEASTERN CORNEROF THE SATE IN ABNORMALLY DRY STATUS AS THE MONTH DREW TO A
CLOSE.

A MAJORITY OF THE MONTH RESULTED IN DAILY TEMPERATURES THAT WERE
FAIRLYCOMFORTABLE BY LATE-SPRING AND EARLY-SUMMER STANDARDS. NEAR 90
DEGREETEMPERATURES WERE OFTEN OFFSET BY DAYS WHEN TEMPERATURES WERE NEAR OR
BELOW 80DEGREES. EVEN IN INSTANCES WHEN TEMPERATURES REACHED OR EXCEEDED THE 90
DEGREEBENCHMARK...IT WAS HARD TO COME BY HIGH MOISTURE LEVELS. THIS LIMITED
THENUMBER OF MUGGY DAYS...WHILE ALSO ALLOWING COOLER NIGHTS TO SETTLE IN FROM
TIMETO TIME. ON A FEW OCCASIONS...TEMPERATURES FELL WELL INTO THE 40S
WITHOUTLYING RURAL AREAS FALLING INTO THE UPPER 30S.

AS MENTIONED...THE LACK OF MOISTURE SLOWLY RAISED CONCERNS AS JUNE
PROGRESSED.FEW INSTANCES INCLUDED HIGHER RAINFALL TOTALS. WHEN HIGHER RAINFALL
AMOUNTS DIDFALL...THE EVENTS WERE RATHER QUICK...LOCALIZED AND LARGELY CONFINED
TO THEFIRST HALF OF THE MONTH. BEYOND JUNE 15TH...MEASURABLE PRECIPITATION
WASEXTREMELY SPARSE...ESPECIALLY ACROSS CENTRAL AND SOUTHEASTERN LOWER
MICHIGAN. ALARGE NUMBER OF COMMUNITIES BEGAN TO PROHIBIT BURNING...AS SOILS
DRIED ANDVEGETATION BEGAN TO SHOW SIGNS OF THE ONSET OF DROUGHT. AT THE END OF
THEMONTH...SOME PLACES DID NOT EVEN REACH ONE-QUARTER OF THEIR NORMAL
MONTHLYPRECIPITATION.

DRY WEATHER WOULD PROVE TO BE WORTHY ENOUGH TO RANK 2016 AS THE 3RD DRIEST
JUNEON RECORD FOR LANSING AND 10TH DRIEST JUNE ON RECORD FOR GRAND RAPIDS.
MUSKEGONWAS THE LONE CLIMATE SITE TO RECEIVE NEAR NORMAL RAINFALL WITH A
DEFICIT OFONLY 0.21 OF AN INCH. ABOUT ONE-THIRD OF THE PRECIPITATION CAME IN
ONE EVEN ONJUNE 15TH. THE EVENT ALSO RESULTED IN SEVERE THUNDERSTORM WIND GUSTS
THATBROUGHT DOWN SEVERAL TREES AND POWER LINE IN AREAS SURROUNDING MUSKEGON.
SOMERESIDENTS WENT A FEW DAYS BEFORE POWER WAS RESTORED. OTHERWISE...SEVERE
WEATHERWAS FAIRLY TAME AND SCATTERED THROUGH THE MONTH.

$$

JAM
