000
CXUS54 KMEG 052111
CLMMKL
CLIMATE REPORT
NATIONAL WEATHER SERVICE MEMPHIS TN
411 PM CDT FRI APR 05 2024
...................................
...THE JACKSON CLIMATE SUMMARY FOR THE MONTH OF MARCH 2024...
CLIMATE NORMAL PERIOD 1991 TO 2020
CLIMATE RECORD PERIOD 1948 TO 2024
WEATHER OBSERVED NORMAL DEPART LAST YEAR`S
VALUE DATE(S) VALUE FROM VALUE DATE(S)
NORMAL
................................................................
TEMPERATURE (F)
RECORD
HIGH 87 03/15/2016
03/30/1986
03/28/1895
LOW 3 03/06/2015
HIGHEST 82 03/14 62 20 79 03/06
03/26
LOWEST 22 03/19 40 -18 17 03/20
AVG. MAXIMUM 67.6 62.2 5.4 62.4
AVG. MINIMUM 43.5 39.6 3.9 40.5
MEAN 55.6 50.9 4.7 51.4
DAYS MAX >= 90 0 0.0 0.0 0
DAYS MAX <= 32 0 0.3 -0.3 0
DAYS MIN <= 32 6 8.7 -2.7 8
DAYS MIN <= 0 0 0.0 0.0 0
PRECIPITATION (INCHES)
RECORD
MAXIMUM 12.65 2016
MINIMUM 1.69 2007
TOTALS 3.40 5.55 -2.15 4.74
DAILY AVG. 0.11 0.18 -0.07 0.16
DAYS >= .01 9 11.7 -2.7 12
DAYS >= .10 5 8.1 -3.1 11
DAYS >= .50 3 3.8 -0.8 3
DAYS >= 1.00 1 1.3 -0.3 1
GREATEST
24 HR. TOTAL 1.69 03/14 TO 03/15
SNOWFALL (INCHES)
RECORDS
TOTAL 13.0 1968
TOTALS MM MM MM MM
SINCE 7/1 MM MM MM MM
SNOWDEPTH AVG. MM MM
DAYS >= 1.0 MM MM MM MM
GREATEST
SNOW DEPTH MM MM MM
24 HR TOTAL MM
DEGREE DAYS
HEATING TOTAL 305 447 -142 407
SINCE 7/1 2866 3283 -417 2890
COOLING TOTAL 20 10 10 10
SINCE 1/1 28 11 17 16
................................................................
WIND (MPH)
AVERAGE WIND SPEED 7.2
HIGHEST WIND SPEED/DIRECTION 28/350 DATE 03/14
HIGHEST GUST SPEED/DIRECTION 40/230 DATE 03/26
SKY COVER
POSSIBLE SUNSHINE (PERCENT) MM
AVERAGE SKY COVER 0.36
NUMBER OF DAYS FAIR 18
NUMBER OF DAYS PC 7
NUMBER OF DAYS CLOUDY 6
AVERAGE RH (PERCENT) 65
WEATHER CONDITIONS. NUMBER OF DAYS WITH
THUNDERSTORM 3 MIXED PRECIP 0
HEAVY RAIN 2 RAIN 3
LIGHT RAIN 9 FREEZING RAIN 0
LT FREEZING RAIN 0 HAIL 0
HEAVY SNOW 0 SNOW 0
LIGHT SNOW 0 SLEET 0
FOG 10 FOG W/VIS <= 1/4 MILE 1
HAZE 1
- INDICATES NEGATIVE NUMBERS.
R INDICATES RECORD WAS SET OR TIED.
MM INDICATES DATA IS MISSING.
T INDICATES TRACE AMOUNT.
$$