000
CXUS54 KMEG 072209
CLMMKL

CLIMATE REPORT...CORRECTED FOR MONTHLY RAINFALL
NATIONAL WEATHER SERVICE MEMPHIS TN
504 PM CDT SAT MAY 7 2016

...................................

...THE JACKSON CLIMATE SUMMARY FOR THE MONTH OF APRIL 2016...

CLIMATE NORMAL PERIOD 1981 TO 2010
CLIMATE RECORD PERIOD 1948 TO 2016

WEATHER         OBSERVED          NORMAL  DEPART  LAST YEAR`S
                 VALUE   DATE(S)  VALUE   FROM    VALUE  DATE(S)
                                          NORMAL
................................................................
TEMPERATURE (F)
RECORD
 HIGH              95   04/21/1987
 LOW               21   04/08/2007
HIGHEST            84   04/26        72      12       87  04/08
LOWEST             37   04/03        49     -12       33  04/05
AVG. MAXIMUM     72.7              72.1     0.6     73.5
AVG. MINIMUM     50.4              47.9     2.5     50.0
MEAN             61.5              60.0     1.5     61.8
DAYS MAX >= 90      0               0.3    -0.3        0
DAYS MAX <= 32      0               0.0     0.0        0
DAYS MIN <= 32      0               1.7    -1.7        0
DAYS MIN <= 0       0               0.0     0.0        0

PRECIPITATION (INCHES)
RECORD
 MAXIMUM        11.35   1983
 MINIMUM         1.15   2012
TOTALS           3.20              4.86   -1.66     4.92
DAILY AVG.       0.11              0.16   -0.05     0.16
DAYS >= .01        12              10.1     1.9       13
DAYS >= .10         6               6.9    -0.9        8
DAYS >= .50         4               3.3     0.7        4
DAYS >= 1.00        0               1.6    -1.6        2
GREATEST
 24 HR. TOTAL    2.67   03/31 TO 04/01

SNOWFALL (INCHES)
RECORDS
 TOTAL            3.5   2004
TOTALS            0.0               0.0     0.0      0.0
SINCE 7/1         1.5               4.6    -3.1      5.9
SNOWDEPTH AVG.      0                MM      MM        0
DAYS >= 1.0         0               0.0     0.0        0
GREATEST
 SNOW DEPTH         0   MM                             0  MM
 24 HR TOTAL      0.0   04/30 TO 04/30

DEGREE_DAYS
HEATING TOTAL     134               198     -64      146
 SINCE 7/1       2815              3526    -711     3798
COOLING TOTAL      38                48     -10       59
 SINCE 1/1         44                59     -15       61
.................................................................

WIND (MPH)
AVERAGE WIND SPEED              6.8
HIGHEST WIND SPEED/DIRECTION    37/200    DATE  04/06
HIGHEST GUST SPEED/DIRECTION    47/190    DATE  04/30

SKY COVER
POSSIBLE SUNSHINE (PERCENT)   MM
AVERAGE SKY COVER           0.30
NUMBER OF DAYS FAIR           20
NUMBER OF DAYS PC              7
NUMBER OF DAYS CLOUDY          3

AVERAGE RH (PERCENT)     65

WEATHER CONDITIONS. NUMBER OF DAYS WITH
THUNDERSTORM              0     MIXED PRECIP               0
HEAVY RAIN                7     RAIN                       8
LIGHT RAIN               13     FREEZING RAIN              0
LT FREEZING RAIN          0     HAIL                       0
HEAVY SNOW                0     SNOW                       0
LIGHT SNOW                0     SLEET                      0
FOG                      14     FOG W/VIS <= 1/4 MILE      1
HAZE                      1

-  INDICATES NEGATIVE NUMBERS.
R  INDICATES RECORD WAS SET OR TIED.
MM INDICATES DATA IS MISSING.
T  INDICATES TRACE AMOUNT.

$$
