000
CXUS52 KMLB 011615 AAA
CLMMLB

CLIMATE REPORT
NATIONAL WEATHER SERVICE MELBOURNE FL
1100 AM EST THU JAN 1 2015

...................................

...THE MELBOURNE CLIMATE SUMMARY FOR THE MONTH OF DECEMBER 2014...

CLIMATE NORMAL PERIOD 1981 TO 2010
CLIMATE RECORD PERIOD 1939 TO 2014

WEATHER         OBSERVED          NORMAL  DEPART  LAST YEAR`S
                 VALUE   DATE(S)  VALUE   FROM    VALUE  DATE(S)
                                          NORMAL
................................................................

TEMPERATURE (F)

MONTHLY RECORD
 WARMEST         70.4   1971
 COOLEST         54.0   2010
DAILY RECORD
 HIGH              90   12/06/1942
 LOW               21   12/25/1983
DECEMBER 2014
HIGHEST            85   12/24
LOWEST             41   12/11
AVG. MAXIMUM     75.5              73.3     2.2     77.0
AVG. MINIMUM     57.2              52.8     4.4     60.5
MEAN             66.3              63.0     3.3     68.7
DAYS MAX >= 90      0               0.0     0.0        0
DAYS MAX <= 32      0               0.0     0.0        0
DAYS MIN <= 32      0               0.7    -0.7        0
DAYS MIN <= 0       0               0.0     0.0        0

PRECIPITATION (INCHES)

MONTHLY RECORD
 MAXIMUM        10.29   2002
 MINIMUM         0.00   1968
                        1956
DAILY RECORD
 MAXIMUM         5.06   12/09/2002
DECEMBER 2014
TOTALS           1.62              2.57   -0.95     2.15
DAYS >= .01        11               7.9     3.1        7
DAYS >= .10         5               3.6     1.4        4
DAYS >= .50         1               1.5    -0.5        3
DAYS >= 1.00        0               0.7    -0.7        0
GREATEST
 24 HR. TOTAL    0.70   12/08 TO 12/08

SNOWFALL (INCHES)
TOTALS            0.0               0.0     0.0      0.0
SINCE 7/1         0.0               0.0     0.0      0.0
DAYS >= TRACE       0                                  0

DEGREE_DAYS
HEATING TOTAL      82               137     -55       25
 SINCE 7/1        147               179     -32       39
COOLING TOTAL     131                76      55      151
 SINCE 1/1       3574              3271     303     3748
.................................................................

WIND (MPH)
AVERAGE WIND SPEED              7.0
HIGHEST WIND SPEED/DIRECTION    30/290    DATE  12/24
HIGHEST GUST SPEED/DIRECTION    38/300    DATE  12/24

SKY COVER
POSSIBLE SUNSHINE (PERCENT)   MM
AVERAGE SKY COVER           0.30
NUMBER OF DAYS FAIR           18
NUMBER OF DAYS PC             10
NUMBER OF DAYS CLOUDY          3

AVERAGE RH (PERCENT)     75

WEATHER CONDITIONS. NUMBER OF DAYS WITH
THUNDERSTORM              0     MIXED PRECIP               0
HEAVY RAIN                2     RAIN                       6
LIGHT RAIN               14     LT FREEZING RAIN           0
HAIL                      0     LIGHT SNOW                 0
SLEET                     0     FOG                       20
FOG W/VIS <= 1/4 MILE     3     HAZE                       9

-  INDICATES NEGATIVE NUMBERS.
R  INDICATES RECORD WAS SET OR TIED.
MM INDICATES DATA IS MISSING.
T  INDICATES TRACE AMOUNT.

=====================================================================

...THE MELBOURNE CLIMATE SUMMARY FOR THE YEAR OF 2014...

CLIMATE NORMAL PERIOD 1981 TO 2010
CLIMATE RECORD PERIOD 1939 TO 2014

WEATHER         OBSERVED          NORMAL  DEPART  LAST YEAR`S
                 VALUE   DATE(S)  VALUE   FROM    VALUE
                                          NORMAL
.............................................................

TEMPERATURE (F)

YEARLY RECORDS
 WARMEST         74.6   2007
 COOLEST         70.6   1970
                        1969
DAILY RECORDS
 HIGH             102   07/14/1980
 LOW               17   01/19/1977
2014 DATA
HIGHEST            95   08/24                         94
                        07/27
                        06/07
LOWEST             30   01/19                         33
AVG. MAXIMUM     82.0              81.9     0.1     82.3
AVG. MINIMUM     64.4              62.8     1.6     65.8
MEAN             73.3              72.4     0.9     74.0
DAYS MAX >= 90     66              65.7     0.3       50
DAYS MAX <= 32      0               0.0     0.0        0
DAYS MIN <= 32      1               2.9    -1.9        0
DAYS MIN <= 0       0               0.0     0.0        0

PRECIPITATION (INCHES)

YEARLY RECORDS
 MAXIMUM        74.28   1947
 MINIMUM        31.97   1981
2014 DATA
TOTALS          56.88             52.00    4.88    42.83
DAILY AVG.       0.16              0.14    0.02     0.12
DAYS >= .01       145             116.1    28.9      121
DAYS >= .10        86              73.5    12.5       67
DAYS >= .50        46              33.4    12.6       22
DAYS >= 1.00       18              15.0     3.0       10

SNOWFALL (INCHES)
TOTALS            0.0               0.0     0.0      0.0
SINCE 7/1         0.0               0.0     0.0      0.0
DAYS >= TRACE       0               0.0     0.0        0

DEGREE_DAYS
HEATING TOTAL     466               577    -111      329
 SINCE 7/1        147               179     -32       14
COOLING TOTAL    3574              3273     301     3597
 SINCE 1/1       3574              3271     303     3597
..............................................................

WIND (MPH)
AVERAGE WIND SPEED              8.0
HIGHEST WIND SPEED/DIRECTION    38/300    DATE  09/05
HIGHEST GUST SPEED/DIRECTION    50/290    DATE  09/05

SKY COVER
POSSIBLE SUNSHINE (PERCENT)   MM
AVERAGE SKY COVER           0.30
NUMBER OF DAYS FAIR          248
NUMBER OF DAYS PC             96
NUMBER OF DAYS CLOUDY         21

AVERAGE RH (PERCENT)     74

WEATHER CONDITIONS. NUMBER OF DAYS WITH
THUNDERSTORM            114     MIXED PRECIP               0
HEAVY RAIN               63     RAIN                      87
LIGHT RAIN              183     LT FREEZING RAIN           0
HAIL                      0     LIGHT SNOW                 0
SLEET                     0     FOG                      164
FOG W/VIS <= 1/4 MILE    18     HAZE                      55

-  INDICATES NEGATIVE NUMBERS.
R  INDICATES RECORD WAS SET OR TIED.
MM INDICATES DATA IS MISSING.
T  INDICATES TRACE AMOUNT.

$$

ULRICH
