000
CXUS52 KMLB 012013
CLMMLB


CLIMATE REPORT
NATIONAL WEATHER SERVICE MELBOURNE FL
412 PM EDT TUE AUG 1 2017

...................................

...THE MELBOURNE CLIMATE SUMMARY FOR THE MONTH OF JULY 2017...

CLIMATE NORMAL PERIOD 1981 TO 2010
CLIMATE RECORD PERIOD 1939 TO 2017

WEATHER         OBSERVED          NORMAL  DEPART  LAST YEAR`S
                 VALUE   DATE(S)  VALUE   FROM    VALUE  DATE(S)
                                          NORMAL
................................................................
TEMPERATURE (F)
RECORD
 HIGH             102   07/14/1980
 LOW               60   07/02/1977
HIGHEST            96   07/28        90       6       96  07/29
LOWEST             72   07/09        72       0       73  07/25
                                                          07/24
                                                          07/23
AVG. MAXIMUM     92.0              90.7     1.3     92.2
AVG. MINIMUM     76.6              72.6     4.0     76.8
MEAN             84.3              81.7     2.6     84.5
DAYS MAX >= 90     28              18.3     9.7       31
DAYS MAX <= 32      0               0.0     0.0        0
DAYS MIN <= 32      0               0.0     0.0        0
DAYS MIN <= 0       0               0.0     0.0        0

PRECIPITATION (INCHES)
RECORD
 MAXIMUM        13.40   1944
 MINIMUM         0.81   1955
TOTALS           7.59              5.96    1.63     1.09
DAYS >= .01        12              12.1    -0.1        3
DAYS >= .10         6               8.7    -2.7        2
DAYS >= .50         4               4.4    -0.4        1
DAYS >= 1.00        4               1.8     2.2        0
GREATEST
 24 HR. TOTAL    2.60   07/12 TO 07/12

SNOWFALL (INCHES)
TOTALS            0.0               0.0     0.0      0.0
SINCE 7/1         0.0               0.0     0.0      0.0
DAYS >= TRACE       0                                  0

DEGREE_DAYS
HEATING TOTAL       0                 0       0        0
 SINCE 7/1          0                 0       0        0
COOLING TOTAL     607               516      91      611
 SINCE 1/1       2273              1704     569     2054
.................................................................

WIND (MPH)
AVERAGE WIND SPEED              7.2
HIGHEST WIND SPEED/DIRECTION    37/280    DATE  07/22
HIGHEST GUST SPEED/DIRECTION    48/260    DATE  07/22

SKY COVER
POSSIBLE SUNSHINE (PERCENT)   MM
AVERAGE SKY COVER           0.20
NUMBER OF DAYS FAIR           28
NUMBER OF DAYS PC              2
NUMBER OF DAYS CLOUDY          1

AVERAGE RH (PERCENT)     75

WEATHER CONDITIONS. NUMBER OF DAYS WITH
THUNDERSTORM              0     MIXED PRECIP               0
HEAVY RAIN                7     RAIN                       4
LIGHT RAIN               17     LT FREEZING RAIN           0
HAIL                      0     LIGHT SNOW                 0
SLEET                     0     FOG                        9
FOG W/VIS <= 1/4 MILE     1     HAZE                       5

-  INDICATES NEGATIVE NUMBERS.
R  INDICATES RECORD WAS SET OR TIED.
MM INDICATES DATA IS MISSING.
T  INDICATES TRACE AMOUNT.

$$
