000
CXUS56 KPQR 011825
CLMMMV


CLIMATE REPORT
NATIONAL WEATHER SERVICE PORTLAND OREGON
1025 AM PST WED MAR 1 2017

...................................

...THE MCMINNVILLE OR CLIMATE SUMMARY FOR THE MONTH OF FEBRUARY 2017...

CLIMATE NORMAL PERIOD 1981 TO 2010
CLIMATE RECORD PERIOD 1894 TO 2017

WEATHER         OBSERVED          NORMAL  DEPART  LAST YEAR`S
                 VALUE   DATE(S)  VALUE   FROM    VALUE  DATE(S)
                                          NORMAL
................................................................
TEMPERATURE (F)
HIGHEST            60                                 66  02/08
LOWEST             31                                 34  02/21
                                                          02/02
AVG. MAXIMUM     49.2              50.7    -1.5     55.9
AVG. MINIMUM     36.3              34.7     1.6     40.4
MEAN             42.8              42.7     0.1     48.2
DAYS MAX >= 90      0               0.0     0.0        0
DAYS MAX <= 32      0               0.0     0.0        0
DAYS MIN <= 32      5               9.1    -4.1        0
DAYS MIN <= 0       0               0.0     0.0        0

PRECIPITATION (INCHES)
RECORD
 MAXIMUM        13.34   1949
 MINIMUM         0.02   1920
TOTALS          11.50              4.44    7.06     3.93
DAYS >= .01        21                MM      MM       19
DAYS >= .10        16                MM      MM       14
DAYS >= .50         9                MM      MM        0
DAYS >= 1.00        4                MM      MM        0
GREATEST
 24 HR. TOTAL    2.60   02/04 TO 02/05

DEGREE_DAYS
HEATING TOTAL     616               624      -8      482
 SINCE 7/1       3296              3379     -83     2760
COOLING TOTAL       0                 0       0        0
 SINCE 1/1          0                 0       0        0
.................................................................

WIND (MPH)
AVERAGE WIND SPEED              7.4
RESULTANT WIND SPEED/DIRECTION   1/270
HIGHEST WIND SPEED/DIRECTION    37/320    DATE  02/26
HIGHEST GUST SPEED/DIRECTION    45/200    DATE  02/09

SKY COVER
POSSIBLE SUNSHINE (PERCENT)   MM
AVERAGE SKY COVER           0.70

AVERAGE RH (PERCENT)     79

WEATHER CONDITIONS. NUMBER OF DAYS WITH
THUNDERSTORM              0     MIXED PRECIP               0
HEAVY RAIN                5     RAIN                      11
LIGHT RAIN               24     FREEZING RAIN              1
LT FREEZING RAIN          1     HAIL                       0
HEAVY SNOW                0     SNOW                       0
LIGHT SNOW                1     SLEET                      0
FOG                      21     FOG W/VIS <= 1/4 MILE      2
HAZE                      0

-  INDICATES NEGATIVE NUMBERS.
R  INDICATES RECORD WAS SET OR TIED.
MM INDICATES DATA IS MISSING.
T  INDICATES TRACE AMOUNT.

$$
