000
CXUS56 KPQR 011710
CLMMMV


CLIMATE REPORT
NATIONAL WEATHER SERVICE PORTLAND OREGON
910 AM PST MON DEC 1 2014

...................................

...THE MCMINNVILLE OR CLIMATE SUMMARY FOR THE MONTH OF NOVEMBER 2014...

CLIMATE NORMAL PERIOD 1981 TO 2010
CLIMATE RECORD PERIOD 1894 TO 2014

WEATHER         OBSERVED          NORMAL  DEPART  LAST YEAR`S
                 VALUE   DATE(S)  VALUE   FROM    VALUE  DATE(S)
                                          NORMAL
................................................................
TEMPERATURE (F)
HIGHEST            62                                 62  11/11
LOWEST             24                                 23  11/25
AVG. MAXIMUM     53.2              52.0     1.2     52.6
AVG. MINIMUM     39.1              38.1     1.0     37.8
MEAN             46.1              45.0     1.1     45.2
DAYS MAX >= 90      0               0.0     0.0        0
DAYS MAX <= 32      0               0.1    -0.1        0
DAYS MIN <= 32      9               5.7     3.3        9
DAYS MIN <= 0       0               0.0     0.0        0

PRECIPITATION (INCHES)
RECORD
 MAXIMUM        20.47   1896
 MINIMUM         0.42   1936
TOTALS           3.19              6.79   -3.60     2.91
DAYS >= .01        17                MM      MM       16
DAYS >= .10        10                MM      MM        7
DAYS >= .50         3                MM      MM        1
DAYS >= 1.00        0                MM      MM        0
GREATEST
 24 HR. TOTAL    0.78   11/21 TO 11/22

DEGREE_DAYS
HEATING TOTAL     558               599     -41      585
 SINCE 7/1        787              1222    -435     1128
COOLING TOTAL       0                 0       0        0
 SINCE 1/1        529               215     314      405
.................................................................

WIND (MPH)
AVERAGE WIND SPEED              7.2
RESULTANT WIND SPEED/DIRECTION   1/359
HIGHEST WIND SPEED/DIRECTION    27/050    DATE  11/11
HIGHEST GUST SPEED/DIRECTION    38/060    DATE  11/11

SKY COVER
POSSIBLE SUNSHINE (PERCENT)   MM
AVERAGE SKY COVER           0.60

AVERAGE RH (PERCENT)     75

WEATHER CONDITIONS. NUMBER OF DAYS WITH
THUNDERSTORM              0     MIXED PRECIP               0
HEAVY RAIN                1     RAIN                       5
LIGHT RAIN               16     FREEZING RAIN              1
LT FREEZING RAIN          1     HAIL                       0
HEAVY SNOW                0     SNOW                       0
LIGHT SNOW                0     SLEET                      0
FOG                      20     FOG W/VIS <= 1/4 MILE     13
HAZE                      4

-  INDICATES NEGATIVE NUMBERS.
R  INDICATES RECORD WAS SET OR TIED.
MM INDICATES DATA IS MISSING.
T  INDICATES TRACE AMOUNT.

$$
