000
CXUS54 KMOB 010740
CLMMOB


CLIMATE REPORT
NATIONAL WEATHER SERVICE MOBILE AL
231 AM CDT MON AUG 1 2016

...................................

...THE MOBILE CLIMATE SUMMARY FOR THE MONTH OF JULY 2016...

CLIMATE NORMAL PERIOD 1981 TO 2010
CLIMATE RECORD PERIOD 1842 TO 2016

WEATHER         OBSERVED          NORMAL  DEPART  LAST YEAR`S
                 VALUE   DATE(S)  VALUE   FROM    VALUE  DATE(S)
                                          NORMAL
................................................................
TEMPERATURE (F)
RECORD
 HIGH             104   07/25/1952
 LOW               62   07/16/1967
                        07/15/1967
                        07/23/1947
                        07/03/1924
HIGHEST            97   07/02                         98  07/19
LOWEST             71   07/15                         67  07/06
AVG. MAXIMUM     91.3              91.0     0.3     93.1
AVG. MINIMUM     74.5              72.7     1.8     73.7
MEAN             82.9              81.8     1.1     83.4
DAYS MAX >= 90     24              20.0     4.0       29
DAYS MAX <= 32      0               0.0     0.0        0
DAYS MIN <= 32      0               0.0     0.0        0
DAYS MIN <= 0       0               0.0     0.0        0

PRECIPITATION (INCHES)

TOTALS           6.75              7.25   -0.50     6.84
DAILY AVG.       0.22              0.23   -0.01     0.22
DAYS >= .01        18              14.7     3.3       15
DAYS >= .10        13              10.0     3.0       12
DAYS >= .50         6               4.7     1.3        5
DAYS >= 1.00        1               2.2    -1.2        3
GREATEST
 24 HR. TOTAL    2.01   07/20 TO 07/21

DEGREE_DAYS
COOLING TOTAL     563               522      41      578
 SINCE 1/1       1502              1411      91     1656
.................................................................

WIND (MPH)
AVERAGE WIND SPEED              4.9
HIGHEST WIND SPEED/DIRECTION    32/200    DATE  07/10
HIGHEST GUST SPEED/DIRECTION    39/190    DATE  07/10

SKY COVER
POSSIBLE SUNSHINE (PERCENT)   MM
AVERAGE SKY COVER           0.40
NUMBER OF DAYS FAIR            9
NUMBER OF DAYS PC             22
NUMBER OF DAYS CLOUDY          0

AVERAGE RH (PERCENT)     77

WEATHER CONDITIONS. NUMBER OF DAYS WITH
THUNDERSTORM             20     MIXED PRECIP               0
HEAVY RAIN               10     RAIN                       9
LIGHT RAIN               16     FREEZING RAIN              0
LT FREEZING RAIN          0     HAIL                       0
HEAVY SNOW                0     SNOW                       0
LIGHT SNOW                0     SLEET                      0
FOG                      23     FOG W/VIS <= 1/4 MILE      2
HAZE                      7

-  INDICATES NEGATIVE NUMBERS.
R  INDICATES RECORD WAS SET OR TIED.
MM INDICATES DATA IS MISSING.
T  INDICATES TRACE AMOUNT.

$$
