367
CXUS54 KMOB 012112
CLMMOB


CLIMATE REPORT
NATIONAL WEATHER SERVICE MOBILE AL
303 PM CST SUN JAN 1 2017

...................................

...THE MOBILE CLIMATE SUMMARY FOR THE MONTH OF DECEMBER 2016...

CLIMATE NORMAL PERIOD 1981 TO 2010
CLIMATE RECORD PERIOD 1842 TO 2016

WEATHER         OBSERVED          NORMAL  DEPART  LAST YEAR`S
                 VALUE   DATE(S)  VALUE   FROM    VALUE  DATE(S)
                                          NORMAL
................................................................
TEMPERATURE (F)
RECORD
 HIGH              81   12/07/1998
                        12/06/1998
                        12/28/1974
 LOW                8   12/25/1983
HIGHEST            80   12/27        MM      MM       79  12/25
                        12/25
LOWEST             29   12/10        MM      MM       32  12/19
AVG. MAXIMUM     66.7              62.7     4.0     70.2
AVG. MINIMUM     47.7              42.2     5.5     52.5
MEAN             57.2              52.4     4.8     61.4
DAYS MAX >= 90      0               0.0     0.0        0
DAYS MAX <= 32      0               0.1    -0.1        0
DAYS MIN <= 32      2               5.8    -3.8        1
DAYS MIN <= 0       0               0.0     0.0        0

PRECIPITATION (INCHES)
RECORD
 MAXIMUM        15.37   2009
 MINIMUM         1.39   2010
TOTALS           8.33              5.06    3.27    12.38
DAILY AVG.       0.27              0.16    0.11     0.40
DAYS >= .01         7               9.1    -2.1       13
DAYS >= .10         6               6.3    -0.3       10
DAYS >= .50         5               3.5     1.5        8
DAYS >= 1.00        5               1.6     3.4        4
GREATEST
 24 HR. TOTAL    2.16   12/04 TO 12/04
                        12/04 TO 12/05

SNOWFALL (INCHES)
RECORDS
 TOTAL              T   2004
TOTALS            0.0                 T     0.0      0.0
SINCE 7/1         0.0                 T     0.0      0.0
SNOWDEPTH AVG.      0               0.0     0.0        0
DAYS >= 1.0         0               0.0     0.0        0
GREATEST
 SNOW DEPTH         0   MM                             0  MM
 24 HR TOTAL      0.0   12/30 TO 12/30

DEGREE_DAYS
HEATING TOTAL     275               404    -129      178
 SINCE 7/1        409               662    -253      304
COOLING TOTAL      41                15      26       71
 SINCE 1/1       2848              2518     330     2872
.................................................................

WIND (MPH)
AVERAGE WIND SPEED              8.1
HIGHEST WIND SPEED/DIRECTION    29/010    DATE  12/18
HIGHEST GUST SPEED/DIRECTION    36/010    DATE  12/18

SKY COVER
POSSIBLE SUNSHINE (PERCENT)   MM
AVERAGE SKY COVER           0.70
NUMBER OF DAYS FAIR            5
NUMBER OF DAYS PC              9
NUMBER OF DAYS CLOUDY         17

AVERAGE RH (PERCENT)     74

WEATHER CONDITIONS. NUMBER OF DAYS WITH
THUNDERSTORM              3     MIXED PRECIP               0
HEAVY RAIN                5     RAIN                       6
LIGHT RAIN                9     FREEZING RAIN              0
LT FREEZING RAIN          0     HAIL                       0
HEAVY SNOW                0     SNOW                       0
LIGHT SNOW                0     SLEET                      0
FOG                      22     FOG W/VIS <= 1/4 MILE     11
HAZE                     10

-  INDICATES NEGATIVE NUMBERS.
R  INDICATES RECORD WAS SET OR TIED.
MM INDICATES DATA IS MISSING.
T  INDICATES TRACE AMOUNT.

$$
