000
CXUS51 KPHI 011509
CLMMPO


CLIMATE REPORT
NATIONAL WEATHER SERVICE MOUNT HOLLY NJ
943 AM EST MON JAN 1 2018

...................................

...THE MOUNT POCONO PA CLIMATE SUMMARY FOR THE YEAR OF 2017...

CLIMATE NORMAL PERIOD 1981 TO 2010
CLIMATE RECORD PERIOD 1901 TO 2017

WEATHER         OBSERVED          NORMAL  DEPART  LAST YEAR`S
                 VALUE   DATE(S)  VALUE   FROM    VALUE  DATE(S)
                                          NORMAL
................................................................
TEMPERATURE (F)
RECORD
 HIGH             103   07/03/1911
 LOW              -35   01/14/1912
HIGHEST            87   06/13        MM      MM       88  08/13
                                                          07/25
                                                          07/23
LOWEST             -3   12/31        MM      MM      -11  02/14
AVG. MAXIMUM     55.7              55.2     0.5     57.1
AVG. MINIMUM     37.9              37.6     0.3     37.8
MEAN             46.8              46.3     0.5     47.4
DAYS MAX >= 90      0               0.9    -0.9        0
DAYS MAX <= 32     50              52.6    -2.6       45
DAYS MIN <= 32    141             143.6    -2.6      148
DAYS MIN <= 0       2               3.4    -1.4        5

PRECIPITATION (INCHES)
RECORD
 MAXIMUM           MM     MM
 MINIMUM           MM     MM
TOTALS          42.33             48.78   -6.45    40.09
DAILY AVG.       0.11              0.13   -0.02     0.11
DAYS >= .01       152                MM      MM      144
DAYS >= .10        75                MM      MM       79
DAYS >= .50        26                MM      MM       26
DAYS >= 1.00       14                MM      MM       11
GREATEST
 24 HR. TOTAL    1.95   MM                       01/10 TO 01/10
                                                          12/31 TO 12/31
                                                          12/31 TO 12/31
 STORM TOTAL     1.95                                 MM
 (MM/DD(HH))            MM                    01/10(00) TO 01/10(00)
                                                 12/31(00) TO 12/31(00)1
                                                 12/31(00) TO 12/31(00)1

DEGREE_DAYS
HEATING TOTAL    6806              7116    -310     6709
 SINCE 7/1       2698              2737     -39     2543
COOLING TOTAL     287               314     -27      397
 SINCE 1/1        287               314     -27      397

FREEZE DATES
RECORD
 EARLIEST     MM
 LATEST       MM
EARLIEST                        MM
LATEST                          MM
..................................................

WIND (MPH)
AVERAGE WIND SPEED              9.0
RESULTANT WIND SPEED/DIRECTION   4/286
HIGHEST WIND SPEED/DIRECTION    37/280    DATE  12/25
HIGHEST GUST SPEED/DIRECTION    53/040    DATE  03/14

SKY COVER
POSSIBLE SUNSHINE (PERCENT)    0
AVERAGE SKY COVER           0.50
NUMBER OF DAYS FAIR          133
NUMBER OF DAYS PC            132
NUMBER OF DAYS CLOUDY         96

AVERAGE RH (PERCENT)     75

WEATHER CONDITIONS. NUMBER OF DAYS WITH
THUNDERSTORM              0     MIXED PRECIP               2
HEAVY RAIN               26     RAIN                      46
LIGHT RAIN              155     FREEZING RAIN              9
LT FREEZING RAIN         14     HAIL                       0
HEAVY SNOW                2     SNOW                       7
LIGHT SNOW               62     SLEET                      5
FOG                     190     FOG W/VIS <= 1/4 MILE     58
HAZE                      9

-  INDICATES NEGATIVE NUMBERS.
R  INDICATES RECORD WAS SET OR TIED.
MM INDICATES DATA IS MISSING.
T  INDICATES TRACE AMOUNT.

$$
