000
CXUS53 KMQT 011956
CLMMQT

CLIMATE REPORT...PRELIMINARY
NATIONAL WEATHER SERVICE MARQUETTE MI
355 PM EDT SAT AUG 1 2015

...................................

...THE MARQUETTE MI CLIMATE SUMMARY FOR THE MONTH OF JULY 2015...

CLIMATE NORMAL PERIOD 1981 TO 2010
CLIMATE RECORD PERIOD 1961 TO 2015

WEATHER         OBSERVED          NORMAL  DEPART  LAST YEAR`S
                 VALUE   DATE(S)  VALUE   FROM    VALUE  DATE(S)
                                          NORMAL
................................................................
TEMPERATURE (F)
RECORD
 HIGH              99   07/28/1988
                        07/19/1977
 LOW               34   07/10/1968
                        07/05/1967
HIGHEST            91   07/27        75      16       86  07/21
LOWEST             42   07/08        54     -12       43  07/10
                        07/01
AVG. MAXIMUM     77.3              76.4     0.9     72.4
AVG. MINIMUM     54.8              54.6     0.2     52.0
MEAN             66.0              65.5     0.5     62.2
DAYS MAX >= 90      1               1.3    -0.3        0
DAYS MAX <= 32      0               0.0     0.0        0
DAYS MIN <= 32      0               0.0     0.0        0
DAYS MIN <= 0       0               0.0     0.0        0

PRECIPITATION (INCHES)
RECORD
 MAXIMUM         5.60   1970
 MINIMUM         0.57   1981
TOTALS           1.70              2.84   -1.14     4.18
DAILY AVG.       0.05              0.09   -0.04     0.13
DAYS >= .01         7              11.6    -4.6       13
DAYS >= .10         3               6.6    -3.6        7
DAYS >= .50         1               1.7    -0.7        4
DAYS >= 1.00        1               0.4     0.6        1
GREATEST
 24 HR. TOTAL    1.25   07/06 TO 07/06

SNOWFALL (INCHES)
RECORDS
 TOTAL              T   2007
TOTALS            0.0               0.0     0.0      0.0
SINCE 7/1         0.0               0.0     0.0      0.0
SNOWDEPTH AVG.      0                MM      MM        0
DAYS >= 1.0         0               0.0     0.0        0
GREATEST
 SNOW DEPTH         0   MM                             0  MM
 24 HR TOTAL      0.0   MM

DEGREE_DAYS
HEATING TOTAL      68                79     -11      121
 SINCE 7/1         68                79     -11      121
COOLING TOTAL     106                94      12       42
 SINCE 1/1        108               154     -46      116
.................................................................

WIND (MPH)
AVERAGE WIND SPEED              MM
HIGHEST WIND SPEED/DIRECTION    MM        DATE   MM
HIGHEST GUST SPEED/DIRECTION    33/270    DATE  07/29

SKY COVER
POSSIBLE SUNSHINE (PERCENT)   MM
AVERAGE SKY COVER             MM
NUMBER OF DAYS FAIR          MM
NUMBER OF DAYS PC            MM
NUMBER OF DAYS CLOUDY        MM

AVERAGE RH (PERCENT)     MM

WEATHER CONDITIONS. NUMBER OF DAYS WITH
THUNDERSTORM              0     MIXED PRECIP               0
HEAVY RAIN                0     RAIN                       1
LIGHT RAIN               11     FREEZING RAIN              0
LT FREEZING RAIN          0     HAIL                       0
HEAVY SNOW                0     SNOW                       0
LIGHT SNOW                0     SLEET                      0
FOG                       3     FOG W/VIS <= 1/4 MILE      1
HAZE                      0

-  INDICATES NEGATIVE NUMBERS.
R  INDICATES RECORD WAS SET OR TIED.
MM INDICATES DATA IS MISSING.
T  INDICATES TRACE AMOUNT.

&&

...JULY 2015 MONTHLY CLIMATE SUMMARY FOR UPPER MICHIGAN...
/THIS DISCUSSION DOES NOT INCLUDE CHIPPEWA AND MACKINAC COUNTIES/

...MONTHLY MEAN TEMPERATURE NOT FAR FROM NORMAL...

...VARIABLE RAINFALL BUT GENERALLY DRY...

JULY CLIMATE STATISTICS FOR THE MARQUETTE NWS IN NEGAUNEE TOWNSHIP

                                    NORMAL   DEPARTURE
AVERAGE TEMPERATURE         66.0     65.5   PLUS    0.5
AVERAGE HIGH TEMPERATURE    77.3     76.4   PLUS    0.9
AVERAGE LOW TEMPERATURE     54.8     54.6   PLUS    0.2
HEATING DEGREE DAYS           68       79  MINUS     11
COOLING DEGREE DAYS          106       94   PLUS     12
TOTAL PRECIPITATION         1.70     2.84  MINUS   1.14
TOTAL SNOWFALL                 0        0             0

HIGHEST TEMPERATURE:                    91 ON 7/27
LOWEST TEMPERATURE:                     42 ON 7/1 AND 7/8
GREATEST CALENDAR DAY PRECIPITATION:  1.25 ON 7/6
GREATEST 24 HOUR PRECIPITATION:       1.25 ON 7/6
GREATEST CALENDAR DAY SNOWFALL:          0
PEAK WIND SPEED:      33 MPH FROM THE WEST ON 7/29

DAILY RECORD HIGH MAXIMUM TEMPERATURE ON 7/27...91 /OLD RECORD
                                                        88...2002/
DAILY RECORD HIGH MINIMUM TEMPERATURE ON 7/29...67 /66...1988/
---------------------------------------------------------------------
GREAT LAKES WATER LEVELS (FEET/METERS ABOVE MEAN SEA LEVEL)

                            LAKE SUPERIOR  LAKE MICHIGAN-HURON
07/01/15 DAILY MEAN         602.60/183.67     579.78/176.72
07/30/15 DAILY MEAN         602.64/183.69     579.83/176.73
AVG JUN 2015 DAILY MEAN     602.45/183.63     579.67/176.68
AVG JUL 2014 DAILY MEAN     602.55/183.66     578.94/176.46
LONG TERM JUL DAILY MEAN    602.03/183.50     579.30/176.57
MAXIMUM JUL DAILY MEAN      603.08/183.82     581.99/177.39
                                (1950)           (1986)
MINIMUM JUL DAILY MEAN      600.26/182.96     576.71/175.78
                                (1926)           (1964)

...GREAT LAKES WATER LEVELS REMAIN WELL ABOVE NORMAL IN JULY...

WATER LEVELS ON THE WESTERN GREAT LAKES REMAINED NEARLY STEADY IN
JULY AS LIMITED EVAPORATION CAUSED BY RELATIVELY CHILLY WATER
TEMPERATURES OFFSET GENERALLY BELOW NORMAL RAINFALL AND RUNOFF IN
THE LAKES DRAINAGE BASINS. AT THE END OF JULY...WATER LEVELS ON LAKE
SUPERIOR WERE 7 TO 8 INCHES ABOVE NORMAL AND ABOUT 1 INCH HIGHER
THAN THE JULY AVERAGE IN 2014. THE LEVEL ON LAKES MICHIGAN AND HURON
WAS 6 TO 7 INCHES ABOVE AVERAGE ON 7/30 AND 10 TO 11 INCHES HIGHER
THAN DURING JULY 2014.

OBTAIN GREAT LAKES WATER LEVEL DATA AS REPORTED BY THE U.S. ARMY
CORPS OF ENGINEERS AT

HTTP://WWW.LRE.USACE.ARMY.MIL/MISSIONS/GREATLAKESINFORMATION/
       GREATLAKESWATERLEVELS/CURRENTCONDITIONS.ASPX (ALL LOWER CASE).
---------------------------------------------------------------------
                         JULY CLIMATE HIGHLIGHTS

MORE TO COME LATER.
---------------------------------------------------------------------
SOME OTHER TEMPERATURE AND PRECIPITATION OBSERVATIONS ACROSS UPPER
MICHIGAN IN JULY 2015 INCLUDE:

IRONWOOD...AVERAGE TEMPERATURE 66.4 (0.6 DEGREE ABOVE NORMAL)
           PRECIPITATION 2.91 INCHES (1.19 INCHES BELOW NORMAL)

COPPER HARBOR...AVERAGE TEMPERATURE 66.5 DEGREES
                PRECIPITATION 2.17 INCHES

MARQUETTE CITY...AVERAGE TEMPERATURE 67.4 (0.8 DEGREE ABOVE NORMAL)
                 PRECIPITATION 1.80 INCHES (1.02 INCHES BELOW NORMAL)

MUNISING...AVERAGE TEMPERATURE 64.1 (0.7 DEGREE BELOW NORMAL)
           PRECIPITATION 3.57 INCHES (0.30 INCH ABOVE NORMAL)

STAMBAUGH (IRON COUNTY)...AVERAGE TEMPERATURE 64.0 DEGREES
                          PRECIPITATION 1.82 INCHES

MENOMINEE...PRECIPITATION 2.78 INCHES

GARDEN CORNERS (DELTA COUNTY)...AVERAGE TEMPERATURE 65.6 DEGREES
                                PRECIPITATION 2.82 INCHES

                         JULY WEATHER SUMMARY

MORE TO COME LATER.

                           AUGUST FORECAST

THE CLIMATE PREDICTION CENTER (CPC) IS FORECASTING EQUAL CHANCES OF
AN ABOVE AND BELOW NORMAL MONTHLY MEAN TEMPERATURE AND ABOVE AND
BELOW NORMAL MONTHLY PRECIPITATION OVER ALL OF UPPER MICHIGAN IN
AUGUST 2015.

                          AUGUST CLIMATOLOGY

AFTER PEAKING IN JULY...AVERAGE TEMPERATURES IN AUGUST BEGIN TO
SLIDE AS THE SUN CONTINUES ITS LATE YEAR JOURNEY SOUTH. POSSIBLE
SUNSHINE DECLINES FROM 892 MINUTES ON 8/1 TO 804 MINUTES ON 8/31...
AND AVERAGE TEMPERATURES ARE ONE TO TWO DEGREES LOWER THAN IN JULY.

BUT SUMMER ACROSS UPPER MICHIGAN IS NOT OVER YET IN AUGUST. ALTHOUGH
100 DEGREE TEMPERATURES ARE RARE DURING THE EIGHTH MONTH...SUCH HEAT
IS NOT UNPRECEDENTED. IN AUGUST 2001...BARK RIVER IN DELTA COUNTY
SAW THE MERCURY RISE AS HIGH AS 102 ON 8/7 AND 101 ON 8/6 DURING A
TORRID HEAT WAVE BETWEEN 8/5 AND 8/8. 8/5/47 GOES DOWN IN THE RECORD
BOOKS OVER MUCH OF UPPER MICHIGAN AS THE HOTTEST AUGUST DAY SINCE
RECORDS BEGAN. IRON MOUNTAIN (101)...IRONWOOD (101)...AND DOWNTOWN
MARQUETTE (102) ALL RECORDED THEIR ALL TIME HIGHEST AUGUST
TEMPERATURES ON THAT SWELTERING DAY. AUGUST 1947 IS ALSO THE WARMEST
AUGUST ON RECORD AT IRONWOOD (73.4 DEGREE AVERAGE TEMPERATURE)...
IRON MOUNTAIN (72.4)...AND NEWBERRY (69.6).

ALTHOUGH SUMMER HEAT CAN STILL GRIP THE AREA IN AUGUST...COOLER AIR
MASSES MAKE MORE FREQUENT VISITS TO THE NORTHERN GREAT LAKES DURING
THE EIGHTH MONTH. AS THE NIGHTS LENGTHEN IN AUGUST...FROST BECOMES
A  GREATER THREAT OVER ESPECIALLY INTERIOR LOCATIONS AWAY FROM THE
MODERATING INFLUENCE OF THE GREAT LAKES (LAKE WATER TEMPERATURES
TYPICALLY REACH THEIR HIGHEST LEVELS IN MID TO LATE AUGUST). THE
LOW  TEMPERATURE AT IRONWOOD HAS REACHED FREEZING AS EARLY AS
8/4...IN  1907. BETWEEN 8/19 AND 8/21 IN 2000...SOME SHELTERED
INLAND LOCATIONS REPORTED FROST. AUGUST 2004 WAS THE COOLEST EIGHTH
MONTH IN RECENT MEMORY. MONTHLY TEMPERATURES AVERAGED 3 TO 6 DEGREES
BELOW NORMAL...AND AUGUST 2004 GOES DOWN IN THE RECORD BOOKS IN THE
LIST OF TOP 10 COOLEST AT ALMOST ALL REPORTING STATIONS. PATCHY
FROST WAS OBSERVED OVER THE COOLER INLAND LOCATIONS IN AUGUST 2004
BETWEEN 8/19 AND 8/21.

PRECIPITATION IN AUGUST CAN BE QUITE VARIABLE DEPENDING ON THE
FREQUENCY OF THUNDERSTORMS. THE DRIEST EIGHTH MONTH IN RECENT YEARS
OCCURRED IN 2008...WHEN MANY PLACES ENDURED ONE OF THE TOP FIVE
DRIEST AUGUSTS ON RECORD IN THE ABSENCE OF MUCH CONVECTION. ONLY
0.42 INCH AND 0.44 INCH OF RAIN FELL IN THE CITY OF MARQUETTE AND AT
THE MARQUETTE NWS IN THAT DRY MONTH...WHICH GOES DOWN IN THE RECORD
BOOKS AS THE DRIEST AUGUST ON RECORD AT THOSE LOCATIONS. 2007 ALSO
FEATURED A TOP TEN DRIEST EIGHTH MONTH AT MOST LOCATIONS THAT HELPED
DROP LAKE SUPERIOR TO A RECORD LOW LEVEL. ON THE OTHER HAND...SLOW
MOVING THUNDERSTORMS CAN STILL THREATEN THE UPPER PENINSULA WITH
TORRENTIAL RAIN. A TOTAL OF 11.15 INCHES OF RAIN INUNDATED IRONWOOD
DURING AUGUST 1941.

                        OUTLOOK FOR FALL

THE CLIMATE PREDICTION CENTER (CPC) IS FORECASTING AN EQUAL CHANCE
OF AN ABOVE AND BELOW NORMAL 3-MONTH AVERAGE TEMPERATURE AND ABOVE
AND BELOW AVERAGE 3-MONTH PRECIPITATION OVER ALL OF UPPER MICHIGAN
IN SEPTEMBER THROUGH NOVEMBER 2015.

GO TO HTTP://WWW.WEATHER.GOV/CLIMATE/L3MTO.PHP TO ACCESS DETAILED
LOCAL THREE-MONTH AVERAGE TEMPERATURE OUTLOOKS FOR A NUMBER OF SITES
IN UPPER MICHIGAN.

CHECK OUT HTTP://WWW.CPC.NCEP.NOAA.GOV FOR MORE INFORMATION ABOUT
THE CLIMATE PREDICTION CENTER AND MORE LONG RANGE PREDICTIONS.

NOTE THAT STATISTICS FOR THE NATIONAL WEATHER SERVICE OFFICE IN
NEGAUNEE TOWNSHIP ARE BASED ON RECORDS WHICH BEGAN IN OCTOBER 1961.
THIRTY YEAR NORMALS USED ARE FOR THE PERIOD OF 1981 THROUGH 2010.
NOTE ALL TEMPERATURES ARE IN FAHRENHEIT AND PRECIPITATION IS IN
INCHES. ALL CLIMATE DATA LISTED IN THIS PRODUCT ARE UNOFFICIAL. FOR
OFFICIAL DATA...PLEASE REFER TO THE NATIONAL CLIMATIC DATA CENTER.
ALSO NOTE THIS DISCUSSION DOES NOT INCLUDE DATA FROM CHIPPEWA AND
MACKINAC COUNTIES.

NWS MARQUETTE WEB PAGE IS AT HTTP://WWW.WEATHER.GOV/MQT (ALL LOWER
CASE). CONTACT THE NATIONAL CLIMATIC DATA CENTER AT (828) 271-4800
OR WWW.NCDC.NOAA.GOV.

$$

KC
