000
CXUS54 KHUN 021639
CLMMSL


CLIMATE REPORT
NATIONAL WEATHER SERVICE HUNTSVILLE AL
1038 AM CST FRI DEC 2 2016

...................................

...THE MUSCLE SHOALS CLIMATE SUMMARY FOR THE MONTH OF NOVEMBER 2016...

CLIMATE NORMAL PERIOD 1981 TO 2010
CLIMATE RECORD PERIOD 1893 TO 2016

WEATHER         OBSERVED          NORMAL  DEPART  LAST YEAR`S
                 VALUE   DATE(S)  VALUE   FROM    VALUE
                                          NORMAL
.............................................................
TEMPERATURE (F)
RECORD
 HIGH              89   11/01/2016
 LOW                2   11/25/1950
HIGHEST            89R  11/01        MM      MM       81
LOWEST             21   11/27        MM      MM       22
AVG. MAXIMUM     70.7              63.3     7.4     68.0
AVG. MINIMUM     40.7              40.9    -0.2     46.7
MEAN             55.7              52.1     3.6     57.3
DAYS MAX >= 90      0               0.0     0.0        0
DAYS MAX <= 32      0               0.0     0.0        0
DAYS MIN <= 32      7               6.6     0.4        4
DAYS MIN <= 0       0               0.0     0.0        0

PRECIPITATION (INCHES)
RECORD
 MAXIMUM        11.39   1948
 MINIMUM         0.05   2002
TOTALS           3.25              4.66   -1.41     4.58
DAILY AVG.       0.11              0.16   -0.05
DAYS >= .01         5               9.0    -4.0        9
DAYS >= .10         3               6.4    -3.4        7
DAYS >= .50         2               3.3    -1.3        3
DAYS >= 1.00        1               1.5    -0.5        2
GREATEST
 24 HR. TOTAL    2.25   11/29 TO 11/30              1.65

SNOWFALL (INCHES)
RECORDS
 TOTAL            5.5   1929
 24 HR TOTAL      4.0   11/24/1950 TO 11/24/1950
TOTALS            0.0               0.0     0.0      0.0
SINCE 7/1         0.0               0.0     0.0      0.0
DAYS >= TRACE       0               0.0     0.0
DAYS >= 1.0         0               0.0     0.0
GREATEST
 24 HR TOTAL      0.0   11/30 TO 11/30               0.0

DEGREE_DAYS
HEATING TOTAL     295               394     -99      252
 SINCE 7/1        328               562    -234      365
COOLING TOTAL      20                 7      13       27
 SINCE 1/1       2366              1871     495     2008

FREEZE DATES
RECORD
 EARLIEST     10/03/1908
 LATEST       04/27/1919
EARLIEST      11/11             11/07
LATEST                          03/28
..............................................................

WIND (MPH)
AVERAGE WIND SPEED              4.8
HIGHEST WIND SPEED/DIRECTION    33/300    DATE  11/29
HIGHEST GUST SPEED/DIRECTION    43/300    DATE  11/29

AVERAGE RH (PERCENT)     58


-  INDICATES NEGATIVE NUMBERS.
R  INDICATES RECORD WAS SET OR TIED.
MM INDICATES DATA IS MISSING.
T  INDICATES TRACE AMOUNT.

$$
