000
CXUS55 KMSO 011239
CLMMSO


CLIMATE REPORT
NATIONAL WEATHER SERVICE MISSOULA, MT
639 AM MDT TUE SEP 1 2015

...................................

...THE MISSOULA MT CLIMATE SUMMARY FOR THE MONTH OF AUGUST 2015...

CLIMATE NORMAL PERIOD 1981 TO 2010
CLIMATE RECORD PERIOD 1893 TO 2015

WEATHER         OBSERVED          NORMAL  DEPART  LAST YEAR`S
                 VALUE   DATE(S)  VALUE   FROM    VALUE
                                          NORMAL
.............................................................
TEMPERATURE (F)
RECORD
 HIGH             105   08/04/1961
 LOW               29   08/25/1910
HIGHEST            98   08/13        MM      MM       98
                        08/01
LOWEST             38   08/23        MM      MM       42
AVG. MAXIMUM     85.1              84.9     0.2     84.0
AVG. MINIMUM     49.5              50.1    -0.6     52.1
MEAN             67.3              67.5    -0.2     68.0
DAYS MAX >= 90      9              10.0    -1.0       10
DAYS MAX <= 32      0               0.0     0.0        0
DAYS MIN <= 32      0               0.0     0.0        0
DAYS MIN <= 0       0               0.0     0.0        0

PRECIPITATION (INCHES)
RECORD
 MAXIMUM         3.29   1985
 MINIMUM         0.00   1917
                        1902
TOTALS           0.20              1.19   -0.99     0.96
DAILY AVG.       0.01              0.04   -0.03     0.03
DAYS >= .01         3               7.5    -4.5       12
DAYS >= .10         1               3.4    -2.4        3
DAYS >= .50         0               0.4    -0.4        0
DAYS >= 1.00        0               0.1    -0.1        0
GREATEST
 24 HR. TOTAL    0.14   08/05 TO 08/05              0.32
                        08/04 TO 08/05
                        08/05 TO 08/05

SNOWFALL (INCHES)
TOTALS            0.0               0.0     0.0      0.0
SINCE 7/1         0.0               0.0     0.0      0.0
DAYS >= TRACE       0               0.0     0.0        0
DAYS >= 1.0         0               0.0     0.0        0
GREATEST
 SNOW DEPTH         0   MM                             0
 24 HR TOTAL      0.0   08/31 TO 08/31               0.0

DEGREE_DAYS
HEATING TOTAL      39                46      -7
 SINCE 7/1         60                84     -24
COOLING TOTAL     117               123      -6
 SINCE 1/1        400               317      83
..............................................................

WIND (MPH)
AVERAGE WIND SPEED              4.9
HIGHEST WIND SPEED/DIRECTION    62/170    DATE  08/10
HIGHEST GUST SPEED/DIRECTION    73/170    DATE  08/10

SKY COVER
POSSIBLE SUNSHINE (PERCENT)   MM
AVERAGE SKY COVER           0.30
NUMBER OF DAYS FAIR           20
NUMBER OF DAYS PC              7
NUMBER OF DAYS CLOUDY          4

AVERAGE RH (PERCENT)     45

WEATHER CONDITIONS. NUMBER OF DAYS WITH
THUNDERSTORM              0     MIXED PRECIP               0
HEAVY RAIN                0     RAIN                       0
LIGHT RAIN               11     FREEZING RAIN              0
LT FREEZING RAIN          0     HAIL                       0
HEAVY SNOW                0     SNOW                       0
LIGHT SNOW                0     SLEET                      0
FOG                       1     FOG W/VIS <= 1/4 MILE      0
HAZE                     17

-  INDICATES NEGATIVE NUMBERS.
R  INDICATES RECORD WAS SET OR TIED.
MM INDICATES DATA IS MISSING.
T  INDICATES TRACE AMOUNT.

$$
