000
CXUS53 KMPX 011044
CLMMSP


CLIMATE REPORT
NATIONAL WEATHER SERVICE CHANHASSEN MN
544 AM CDT SAT AUG 1 2015

...................................

...THE TWIN CITIES MN CLIMATE SUMMARY FOR THE MONTH OF JULY 2015...

CLIMATE NORMAL PERIOD 1981 TO 2010
CLIMATE RECORD PERIOD 1871 TO 2015

WEATHER         OBSERVED          NORMAL  DEPART  LAST YEAR`S
                 VALUE   DATE(S)  VALUE   FROM    VALUE  DATE(S)
                                          NORMAL
................................................................
TEMPERATURE (F)
RECORD
 HIGH             108   07/14/1936
 LOW               43   07/04/1972
HIGHEST            90   07/17        93      -3       92  07/21
LOWEST             54   07/07        56      -2       54  07/15
                                                          07/02
AVG. MAXIMUM     82.4              83.4    -1.0     80.6
AVG. MINIMUM     64.3              64.1     0.2     62.5
MEAN             73.4              73.8    -0.4     71.5
DAYS MAX >= 90      1               4.9    -3.9        2
DAYS MAX <= 32      0               0.0     0.0        0
DAYS MIN <= 32      0               0.0     0.0        0
DAYS MIN <= 0       0               0.0     0.0        0

PRECIPITATION (INCHES)
RECORD
 MAXIMUM        17.90   1987
 MINIMUM         0.11   1936
TOTALS           7.32              4.04    3.28     2.27
DAILY AVG.       0.24              0.13    0.11     0.07
DAYS >= .01         9              10.2    -1.2        9
DAYS >= .10         7               6.4     0.6        5
DAYS >= .50         4               2.4     1.6        1
DAYS >= 1.00        3               0.9     2.1        1
GREATEST
 24 HR. TOTAL    2.87   07/05 TO 07/06

SNOWFALL (INCHES)
RECORDS
 TOTAL              T   2012
TOTALS            0.0               0.0     0.0      0.0
SINCE 7/1         0.0               0.0     0.0      0.0
SNOWDEPTH AVG.      0                MM      MM        0
DAYS >= 1.0         0               0.0     0.0        0
GREATEST
 SNOW DEPTH         0   MM                             0  MM
 24 HR TOTAL      0.0   07/31 TO 07/31

DEGREE_DAYS
HEATING TOTAL       2                 5      -3        7
 SINCE 7/1          2                 5      -3        7
COOLING TOTAL     267               276      -9      217
 SINCE 1/1        450               476     -26      431
.................................................................

WIND (MPH)
AVERAGE WIND SPEED              8.9
HIGHEST WIND SPEED/DIRECTION    45/310    DATE  07/18
HIGHEST GUST SPEED/DIRECTION    60/310    DATE  07/18

SKY COVER
POSSIBLE SUNSHINE (PERCENT)   MM
AVERAGE SKY COVER           0.40
NUMBER OF DAYS FAIR           10
NUMBER OF DAYS PC             19
NUMBER OF DAYS CLOUDY          2

AVERAGE RH (PERCENT)     66

WEATHER CONDITIONS. NUMBER OF DAYS WITH
THUNDERSTORM              0     MIXED PRECIP               0
HEAVY RAIN                6     RAIN                       8
LIGHT RAIN               11     FREEZING RAIN              0
LT FREEZING RAIN          0     HAIL                       0
HEAVY SNOW                0     SNOW                       0
LIGHT SNOW                0     SLEET                      0
FOG                       8     FOG W/VIS <= 1/4 MILE      0
HAZE                      6

-  INDICATES NEGATIVE NUMBERS.
R  INDICATES RECORD WAS SET OR TIED.
MM INDICATES DATA IS MISSING.
T  INDICATES TRACE AMOUNT.

$$
