000
CXUS55 KGJT 012015
CLMMTJ

CLIMATE REPORT...COR TO REMOVE R FROM DEC PRECIP
NATIONAL WEATHER SERVICE GRAND JUNCTION CO
344 AM MST MON JAN 1 2018

...................................

...THE MONTROSE CO CLIMATE SUMMARY FOR THE MONTH OF DECEMBER 2017...

CLIMATE NORMAL PERIOD 1981 TO 2010
CLIMATE RECORD PERIOD 9999 TO 9999

WEATHER         OBSERVED          NORMAL  DEPART  LAST YEAR`S
                 VALUE   DATE(S)  VALUE   FROM    VALUE  DATE(S)
                                          NORMAL
................................................................
TEMPERATURE (F)
HIGHEST            63   12/03        MM      MM       57  12/15
LOWEST              9   12/07        MM      MM        1  12/19
AVG. MAXIMUM     45.8              37.9     7.9     39.0
AVG. MINIMUM     17.0              15.5     1.5     18.6
MEAN             31.4              26.7     4.7     28.8
DAYS MAX >= 90      0               0.0     0.0        0
DAYS MAX <= 32      2               7.6    -5.6        7
DAYS MIN <= 32     30              30.4    -0.4       30
DAYS MIN <= 0       0               1.4    -1.4        0

PRECIPITATION (INCHES)
TOTALS           0.08              0.67   -0.59     0.56
DAILY AVG.       0.00              0.02   -0.02     0.02
DAYS >= .01         2                MM      MM        4
DAYS >= .10         0                MM      MM        4
DAYS >= .50         0                MM      MM        0
DAYS >= 1.00        0                MM      MM        0
GREATEST
 24 HR. TOTAL    0.05   12/21 TO 12/21              0.34

SNOWFALL (INCHES)
TOTALS             MM                MM      MM       MM
SINCE 7/1          MM                MM      MM       MM
SNOWDEPTH AVG.     MM                MM      MM       MM
DAYS >= 1.0        MM                MM      MM       MM
GREATEST
 SNOW DEPTH        MM                                 MM  MM
 24 HR TOTAL       MM                                 MM

DEGREE_DAYS
HEATING TOTAL    1032              1187    -155     1113
 SINCE 7/1       2238              2608    -370     2155
COOLING TOTAL       0                 0       0        0
 SINCE 1/1        807               643     164      726
.................................................................

WIND (MPH)
AVERAGE WIND SPEED              5.8
HIGHEST WIND SPEED/DIRECTION    36/250    DATE  12/03
HIGHEST GUST SPEED/DIRECTION    48/230    DATE  12/03

SKY COVER
POSSIBLE SUNSHINE (PERCENT)   MM
AVERAGE SKY COVER           0.20
NUMBER OF DAYS FAIR           25
NUMBER OF DAYS PC              4
NUMBER OF DAYS CLOUDY          2

AVERAGE RH (PERCENT)     50

WEATHER CONDITIONS. NUMBER OF DAYS WITH
THUNDERSTORM              1     MIXED PRECIP               0
HEAVY RAIN                0     RAIN                       0
LIGHT RAIN                1     FREEZING RAIN              0
LT FREEZING RAIN          0     HAIL                       0
HEAVY SNOW                1     SNOW                       1
LIGHT SNOW                3     SLEET                      0
FOG                       3     FOG W/VIS <= 1/4 MILE      1
HAZE                      3

-  INDICATES NEGATIVE NUMBERS.
R  INDICATES RECORD WAS SET OR TIED.
MM INDICATES DATA IS MISSING.
T  INDICATES TRACE AMOUNT.

$$
