000
CXUS55 KPSR 020111
CLMNYL

CLIMATE REPORT
NATIONAL WEATHER SERVICE PHOENIX AZ
610 PM MST SUN FEB 1 2015

...................................

...THE YUMA AZ CLIMATE SUMMARY FOR THE MONTH OF JANUARY 2015...

CLIMATE NORMAL PERIOD 1981 TO 2010
CLIMATE RECORD PERIOD 1876 TO 2015

WEATHER         OBSERVED          NORMAL  DEPART
                 VALUE   DATE(S)  VALUE   FROM
                                          NORMAL
................................................
TEMPERATURE (F)
RECORD
 HIGH              99   01/08/2015
 LOW               22   01/20/1883
HIGHEST            81   01/19        79       2
LOWEST             47   01/24        37      10
AVG. MAXIMUM       MM              69.6      MM
AVG. MINIMUM       MM              47.6      MM
MEAN               MM              58.6      MM
DAYS MAX >= 90      0               0.0     0.0
DAYS MAX <= 32      0               0.0     0.0
DAYS MIN <= 32      0               0.0     0.0
DAYS MIN <= 0       0               0.0     0.0

PRECIPITATION (INCHES)
RECORD
 MAXIMUM         2.83   1897
 MINIMUM         0.00   2012
                        2011
                        2009
TOTALS           0.19              0.37   -0.18
DAYS >= .01         3               2.6     0.4
DAYS >= .10         1               1.1    -0.1
DAYS >= .50         0               0.1    -0.1
DAYS >= 1.00        0               0.0     0.0
GREATEST
 24 HR. TOTAL    0.12   01/11 TO 01/11

DEGREE_DAYS
HEATING TOTAL      MM               204      MM
 SINCE 7/1         15               508    -493
COOLING TOTAL      MM                 6      MM
 SINCE 1/1          0                 0       0
.................................................

WIND (MPH)
AVERAGE WIND SPEED              6.5
HIGHEST GUST SPEED/DIRECTION    30/010    DATE  01/24

AVERAGE RH (PERCENT)     42

WEATHER CONDITIONS. NUMBER OF DAYS WITH
THUNDERSTORM              0     HEAVY RAIN                 0
RAIN                      1     LIGHT RAIN                 3
FOG W/VIS <= 1/4 MILE     0

-  INDICATES NEGATIVE NUMBERS.
R  INDICATES RECORD WAS SET OR TIED.
MM INDICATES DATA IS MISSING.
T  INDICATES TRACE AMOUNT.

$$
