000
CXUS55 KPSR 010941 RRA
CLMNYL

CLIMATE REPORT
NATIONAL WEATHER SERVICE PHOENIX AZ
235 AM MST TUE AUG 1 2017

...................................

...THE YUMA AZ CLIMATE SUMMARY FOR THE MONTH OF JULY 2017...

CLIMATE NORMAL PERIOD 1981 TO 2010
CLIMATE RECORD PERIOD 1876 TO 2017

WEATHER         OBSERVED          NORMAL  DEPART
                 VALUE   DATE(S)  VALUE   FROM
                                          NORMAL
................................................
TEMPERATURE (F)
RECORD
 HIGH             124   07/28/1995
 LOW               61   07/09/1926
                        07/27/1913
                        07/04/1912
HIGHEST           118   07/07       115       3
LOWEST             80   07/01        74       6
AVG. MAXIMUM    107.5             106.8     0.7
AVG. MINIMUM     85.2              82.1     3.1
MEAN             96.3              94.5     1.8
DAYS MAX >= 90     31              31.0     0.0
DAYS MAX <= 32      0               0.0     0.0
DAYS MIN <= 32      0               0.0     0.0
DAYS MIN <= 0       0               0.0     0.0

PRECIPITATION (INCHES)
RECORD
 MAXIMUM         2.55   1989
 MINIMUM         0.00   2010
                        2007
                        2006
TOTALS              T              0.29   -0.29
DAYS >= .01         0               1.0    -1.0
DAYS >= .10         0               0.5    -0.5
DAYS >= .50         0               0.2    -0.2
DAYS >= 1.00        0               0.1    -0.1
GREATEST
 24 HR. TOTAL       T   07/31 TO 07/31
                        07/30 TO 07/30
                        07/24 TO 07/24

DEGREE_DAYS
HEATING TOTAL       0                 0       0
 SINCE 7/1          0                 0       0
COOLING TOTAL     976               913      63
 SINCE 1/1       2799              2546     253
.................................................

WIND (MPH)
AVERAGE WIND SPEED              10.2
HIGHEST GUST SPEED/DIRECTION    45/150    DATE  07/09

AVERAGE RH (PERCENT)     36

WEATHER CONDITIONS. NUMBER OF DAYS WITH
THUNDERSTORM              3     HEAVY RAIN                 0
RAIN                      0     LIGHT RAIN                 4
FOG W/VIS <= 1/4 MILE     0

-  INDICATES NEGATIVE NUMBERS.
R  INDICATES RECORD WAS SET OR TIED.
MM INDICATES DATA IS MISSING.
T  INDICATES TRACE AMOUNT.

$$
