000
CXUS53 KOAX 212355 CCA
CLMOAX

CLIMATE REPORT...CORRECTION
NATIONAL WEATHER SERVICE OMAHA NEBRASKA
1204 PM CDT FRI MAY 1 2015

...CORRECTED NUMBER OF DAYS WITH THUNDERSTORMS FROM 0 TO 4...

...................................

...THE VALLEY  NWS, NEBRASKA CLIMATE SUMMARY FOR THE MONTH OF APRIL 2015...

CLIMATE NORMAL PERIOD 1981 TO 2010
CLIMATE RECORD PERIOD 1997 TO 2015

WEATHER         OBSERVED          NORMAL  DEPART  LAST YEAR`S
                 VALUE   DATE(S)  VALUE   FROM    VALUE
                                          NORMAL
.............................................................
TEMPERATURE (F)
HIGHEST            83   04/01
LOWEST             30   04/22
AVG. MAXIMUM     63.8              61.5     2.3
AVG. MINIMUM     43.5              39.7     3.8
MEAN             53.7              50.6     3.1
DAYS MAX >= 90      0
DAYS MAX <= 32      0
DAYS MIN <= 32      1
DAYS MIN <= 0       0

PRECIPITATION (INCHES)
TOTALS           3.52
DAYS >= .01        10
DAYS >= .10         7
DAYS >= .50         3
DAYS >= 1.00        0
GREATEST
 24 HR. TOTAL    1.07   04/01 TO 04/02

SNOWFALL (INCHES)
TOTALS            0.2                                0.9
 LIQUID EQUIV    0.02
SINCE 7/1        19.3
SNOWDEPTH AVG.      0
DAYS >= TRACE       1
DAYS >= 1.0         0
GREATEST
 SNOW DEPTH         0
 24 HR TOTAL      0.2

DEGREE DAYS
HEATING TOTAL     336
 SINCE 7/1       5717
COOLING TOTAL       4
 SINCE 1/1          4
..............................................................

WIND (MPH)
HIGHEST GUST SPEED    44


WEATHER CONDITIONS. NUMBER OF DAYS WITH
THUNDERSTORM              4     MIXED PRECIP               1
HEAVY RAIN                2     RAIN                       6
LIGHT RAIN               15     FREEZING RAIN              0
LT FREEZING RAIN          0     HAIL                       1
HEAVY SNOW                0     SNOW                       1
LIGHT SNOW                1     SLEET                      0
FOG                       7     FOG W/VIS <= 1/4 MILE      1
HAZE                      0

-  INDICATES NEGATIVE NUMBERS.
R  INDICATES RECORD WAS SET OR TIED.
MM INDICATES DATA IS MISSING.
T  INDICATES TRACE AMOUNT.
>= INDICATES GREATER THAN OR EQUAL TO.
<= INDICATES LESS THAN OR EQUAL TO.

$$

TL/JEK
