000
CXUS53 KGID 111529 AAA
CLMODX

CLIMATE REPORT...UPDATED
NATIONAL WEATHER SERVICE HASTINGS NE
1028 AM CDT FRI JUL 11 2014

UPDATED TO INCLUDE ADDITIONAL MONTHLY STATISTICS AT BOTTOM

...................................

...THE ORD NE CLIMATE SUMMARY FOR THE MONTH OF JUNE 2014...

CLIMATE NORMAL PERIOD 1981 TO 2010
CLIMATE RECORD PERIOD 1895 TO 2014

WEATHER         OBSERVED          NORMAL  DEPART  LAST YEAR`S
                 VALUE   DATE(S)  VALUE   FROM    VALUE
                                          NORMAL
.............................................................
TEMPERATURE (F)
HIGHEST            91   06/18        MM      MM       96
LOWEST             42   06/13        MM      MM       37
AVG. MAXIMUM     80.3              81.2    -0.9     81.0
AVG. MINIMUM     56.7              57.1    -0.4     56.5
MEAN             68.5              69.2    -0.7     68.8
DAYS MAX >= 90      2               4.1    -2.1        5
DAYS MAX <= 32      0
DAYS MIN <= 32      0               0.0     0.0        0
DAYS MIN <= 0       0

PRECIPITATION (INCHES)
TOTALS           8.08              4.12    3.96     1.93
DAILY AVG.       0.27              0.14    0.13     0.06
DAYS >= .01        18                MM      MM        9
DAYS >= .10        12                MM      MM        5
DAYS >= .50         5                MM      MM        1
DAYS >= 1.00        3                MM      MM        0
GREATEST
 24 HR. TOTAL    2.12   06/08 TO 06/09

DEGREE_DAYS
HEATING TOTAL      32
 SINCE 7/1       6887
COOLING TOTAL     146
 SINCE 1/1        215
..............................................................

WIND (MPH)
AVERAGE WIND SPEED              8.8
HIGHEST WIND SPEED/DIRECTION    56/300    DATE  06/03
HIGHEST GUST SPEED/DIRECTION    79/320    DATE  06/03

SKY COVER
POSSIBLE SUNSHINE (PERCENT)   MM
NUMBER OF DAYS FAIR           21
NUMBER OF DAYS PC              5
NUMBER OF DAYS CLOUDY          4

AVERAGE RH (PERCENT)     70

WEATHER CONDITIONS. NUMBER OF DAYS WITH
THUNDERSTORM             15     MIXED PRECIP               0
HEAVY RAIN                9     RAIN                       7
LIGHT RAIN               18     FREEZING RAIN              0
LT FREEZING RAIN          0     HAIL                       0
HEAVY SNOW                0     SNOW                       0
LIGHT SNOW                0     SLEET                      0
FOG                      18     FOG W/VIS <= 1/4 MILE      2
HAZE                      3

-  INDICATES NEGATIVE NUMBERS.
R  INDICATES RECORD WAS SET OR TIED.
MM INDICATES DATA IS MISSING.
T  INDICATES TRACE AMOUNT.

&&

...JUNE 2014 DETAILS FOR ORD EVELYN SHARP FIELD AIRPORT...

...TEMPERATURES

AVERAGE HIGH TEMPERATURE:      80.3 DEGREES (0.9 BELOW NORMAL)
AVERAGE LOW TEMPERATURE:       56.7 DEGREES (0.4 BELOW NORMAL)
AVERAGE MEAN TEMPERATURE:      68.5 DEGREES (0.7 BELOW NORMAL)

HOTTEST HIGH TEMPERATURE:      91 DEGREES ON THE 18TH
COOLEST HIGH TEMPERATURE:      60 DEGREES ON THE 9TH

COOLEST LOW TEMPERATURE:       42 DEGREES ON THE 13TH
WARMEST LOW TEMPERATURE:       69 DEGREES ON THE 18TH

WARMEST 2-DAY STRETCH BASED
ON AVERAGE HIGH TEMPERATURE:   90.5 DEGREES FROM THE 17TH-18TH

WARMEST WEEK BASED
ON AVERAGE HIGH TEMPERATURE:   85.7 DEGREES FROM THE 16TH-22ND

WARMEST WEEK BASED
ON AVERAGE MEAN TEMPERATURE:   74.1 DEGREES FROM THE 16TH-22ND

COOLEST 2-DAY STRETCH BASED
ON AVERAGE HIGH TEMPERATURE:   63.0 DEGREES FROM THE 8TH-9TH

COOLEST WEEK BASED
ON AVERAGE HIGH TEMPERATURE:   71.9 DEGREES FROM THE 7TH-13TH

COOLEST WEEK BASED
ON AVERAGE LOW TEMPERATURE:    49.4 DEGREES FROM THE 7TH-13TH

COOLEST WEEK BASED
ON AVERAGE MEAN TEMPERATURE:   60.6 DEGREES FROM THE 7TH-13TH


...PRECIPITATION

TOTAL MONTHLY PRECIPITATION:  8.08 INCHES (3.96 ABOVE NORMAL)

NUMBER OF DAYS WITH MEASURABLE PRECIPITATION (0.01 OR MORE): 18

HIGHEST CALENDAR DAY PRECIPITATION:  2.01 INCHES ON THE 9TH
HIGHEST TWO-DAY PRECIPITATION TOTAL: 2.12 INCHES FROM THE 8TH-9TH


PRECIPITATION TOTALS AND DEPARTURES
FROM NORMAL FOR THE PAST 12 MONTHS:

MONTH          PRECIP.  DEPARTURE

JUL  2013       3.59      +0.62
AUG  2013       3.77      +0.61
SEP  2013       2.80      +0.36
OCT  2013       1.62      -0.31
NOV  2013       0.50      -0.57
DEC  2013       TRACE     -0.59
JAN  2014       0.06      -0.31
FEB  2014       0.19      -0.25
MAR  2014       0.20      -1.25
APR  2014       1.26      -1.33
MAY  2014       0.51      -3.30
JUN  2014       8.08      +3.96

12-MONTH TOTAL  22.58     -2.36


...OTHER WEATHER ELEMENTS

HIGHEST WIND GUST: 79 MPH FROM THE NORTHWEST ON THE 3RD
(OCCURRED AT 638 PM DURING A SEVERE STORM)

HIGHEST SURFACE SEA LEVEL PRESSURE: 30.13 ON THE 12TH
LOWEST SURFACE SEA LEVEL PRESSURE:  29.38 ON THE 14TH

$$

PFANNKUCH
