000
CXHW52 PHFO 012113
CLMOGG


CLIMATE REPORT
NATIONAL WEATHER SERVICE HONOLULU HI
1103 AM HST WED FEB 1 2017

...................................

...THE KAHULUI HI CLIMATE SUMMARY FOR THE MONTH OF JANUARY 2017...

CLIMATE NORMAL PERIOD 1981 TO 2010
CLIMATE RECORD PERIOD 1946 TO 2017

WEATHER         OBSERVED          NORMAL  DEPART  LAST YEAR`S
                 VALUE   DATE(S)  VALUE   FROM    VALUE  DATE(S)
                                          NORMAL
................................................................
TEMPERATURE (F)
RECORD
 HIGH              90   01/18/2006
                        01/10/1959
                        01/18/1952
 LOW               48   01/20/1969
HIGHEST            86   01/18        80       6       88  01/24
                        01/16
                        01/15
LOWEST             57   01/04        63      -6       57  01/14
                                                          01/05
                                                          01/03
AVG. MAXIMUM     81.6              80.6     1.0     83.1
AVG. MINIMUM     62.9              63.4    -0.5     61.4
MEAN             72.3              72.0     0.3     72.2
DAYS MAX >= 90      0               0.0     0.0        0
DAYS MAX <= 32      0               0.0     0.0        0
DAYS MIN <= 32      0               0.0     0.0        0
DAYS MIN <= 0       0               0.0     0.0        0

PRECIPITATION (INCHES)
RECORD
 MAXIMUM        14.46   1980
 MINIMUM         0.00   2012
TOTALS           0.55              2.87   -2.32     0.55
DAILY AVG.       0.02              0.09   -0.07     0.02
DAYS >= .01         6               9.6    -3.6        5
DAYS >= .10         1               4.5    -3.5        1
DAYS >= .50         0               1.5    -1.5        0
DAYS >= 1.00        0               0.7    -0.7        0
GREATEST
 24 HR. TOTAL    0.40   01/28 TO 01/29              0.43

SNOWFALL (INCHES)
RECORDS
 TOTAL            0.0   5
                        0
                        -26215
TOTALS            0.0               0.0     0.0      0.0
SINCE 7/1         0.0               0.0     0.0      0.0
SNOWDEPTH AVG.      0                MM      MM        0
DAYS >= 1.0         0               0.0     0.0        0
GREATEST
 SNOW DEPTH         0   MM                             0  MM
 24 HR TOTAL      0.0   01/31 TO 01/31               0.0

DEGREE_DAYS
HEATING TOTAL       0                 0       0        0
 SINCE 7/1          0                 0       0        0
COOLING TOTAL     227               217      10      233
 SINCE 1/1        227               217      10      233
.................................................................

WIND (MPH)
AVERAGE WIND SPEED              9.8
HIGHEST WIND SPEED/DIRECTION    35/050    DATE  01/21
HIGHEST GUST SPEED/DIRECTION    45/080    DATE  01/22

SKY COVER
POSSIBLE SUNSHINE (PERCENT)   MM
AVERAGE SKY COVER           0.40
NUMBER OF DAYS FAIR           18
NUMBER OF DAYS PC             11
NUMBER OF DAYS CLOUDY          2

AVERAGE RH (PERCENT)     69

WEATHER CONDITIONS. NUMBER OF DAYS WITH
THUNDERSTORM              0     MIXED PRECIP               0
HEAVY RAIN                1     RAIN                       1
LIGHT RAIN                7     FREEZING RAIN              0
LT FREEZING RAIN          0     HAIL                       0
HEAVY SNOW                0     SNOW                       0
LIGHT SNOW                0     SLEET                      0
FOG                       5     FOG W/VIS <= 1/4 MILE      0
HAZE                      6

-  INDICATES NEGATIVE NUMBERS.
R  INDICATES RECORD WAS SET OR TIED.
MM INDICATES DATA IS MISSING.
T  INDICATES TRACE AMOUNT.

$$
