000
CXUS53 KEAX 020736
CLMOJC

CLIMATE REPORT
NATIONAL WEATHER SERVICE KANSAS CITY/PLEASANT HILL MO
1253 AM CST FRI DEC 2 2016

...................................

...THE JOHNSON COUNTY EXECUTIVE CLIMATE SUMMARY FOR THE MONTH OF NOVEMBER 2016...

CLIMATE NORMAL PERIOD 1981 TO 2010
CLIMATE RECORD PERIOD 9999 TO 9999

WEATHER         OBSERVED          NORMAL  DEPART  LAST YEAR`S
                 VALUE   DATE(S)  VALUE   FROM    VALUE  DATE(S)
                                          NORMAL
................................................................
TEMPERATURE (F)
HIGHEST            78   11/01        73       5       74  11/11
LOWEST             26   11/19        18       8       24  11/22
                                                          11/21
AVG. MAXIMUM     61.0              53.4     7.6     57.4
AVG. MINIMUM     40.9              34.6     6.3     37.6
MEAN             51.0              44.0     7.0     47.5
DAYS MAX >= 90      0               0.0     0.0        0
DAYS MAX <= 32      0               0.8    -0.8        1
DAYS MIN <= 32      6              11.6    -5.6       10
DAYS MIN <= 0       0               0.0     0.0        0

PRECIPITATION (INCHES)
TOTALS           1.67              2.49   -0.82     5.82
DAILY AVG.       0.06              0.08   -0.02     0.19
DAYS >= .01         4               7.3    -3.3        9
DAYS >= .10         2               4.5    -2.5        7
DAYS >= .50         1               1.9    -0.9        3
DAYS >= 1.00        1               0.6     0.4        2
GREATEST
 24 HR. TOTAL    1.43   11/01 TO 11/02
                        11/02 TO 11/02
                        11/02 TO 11/03

DEGREE_DAYS
HEATING TOTAL     423               630    -207      515
 SINCE 7/1        582               955    -373      775
COOLING TOTAL      11                 0      11        0
 SINCE 1/1       1468              1349     119     1359
.................................................................

WIND (MPH)
AVERAGE WIND SPEED              8.1
HIGHEST WIND SPEED/DIRECTION    37/310    DATE  11/02
HIGHEST GUST SPEED/DIRECTION    49/320    DATE  11/02

SKY COVER
POSSIBLE SUNSHINE (PERCENT)   MM
AVERAGE SKY COVER           0.30
NUMBER OF DAYS FAIR           18
NUMBER OF DAYS PC              8
NUMBER OF DAYS CLOUDY          4

AVERAGE RH (PERCENT)     67

WEATHER CONDITIONS. NUMBER OF DAYS WITH
THUNDERSTORM              1     MIXED PRECIP               0
HEAVY RAIN                1     RAIN                       2
LIGHT RAIN                6     FREEZING RAIN              0
LT FREEZING RAIN          0     HAIL                       0
HEAVY SNOW                0     SNOW                       0
LIGHT SNOW                0     SLEET                      0
FOG                      10     FOG W/VIS <= 1/4 MILE      0
HAZE                      0

-  INDICATES NEGATIVE NUMBERS.
R  INDICATES RECORD WAS SET OR TIED.
MM INDICATES DATA IS MISSING.
T  INDICATES TRACE AMOUNT.

$$
