000
CXUS53 KEAX 010803
CLMOJC

CLIMATE REPORT
NATIONAL WEATHER SERVICE KANSAS CITY/PLEASANT HILL MO
255 AM CDT FRI JUL 1 2016

...................................

...THE JOHNSON COUNTY EXECUTIVE CLIMATE SUMMARY FOR THE MONTH OF JUNE 2016...

CLIMATE NORMAL PERIOD 1981 TO 2010
CLIMATE RECORD PERIOD 9999 TO 9999

WEATHER         OBSERVED          NORMAL  DEPART  LAST YEAR`S
                 VALUE   DATE(S)  VALUE   FROM    VALUE  DATE(S)
                                          NORMAL
................................................................
TEMPERATURE (F)
HIGHEST            98   06/22        92       6       95  06/25
                        06/15                             06/20
LOWEST             56   06/02        52       4       56  06/02
AVG. MAXIMUM     88.5              82.8     5.7     85.0
AVG. MINIMUM     67.2              63.8     3.4     67.3
MEAN             77.8              73.3     4.5     76.2
DAYS MAX >= 90     13               4.7     8.3        8
DAYS MAX <= 32      0               0.0     0.0        0
DAYS MIN <= 32      0               0.0     0.0        0
DAYS MIN <= 0       0               0.0     0.0        0

PRECIPITATION (INCHES)
TOTALS           1.61              5.78   -4.17     6.19
DAILY AVG.       0.05              0.19   -0.14     0.21
DAYS >= .01         6              10.6    -4.6       13
DAYS >= .10         3               7.5    -4.5        8
DAYS >= .50         1               3.6    -2.6        5
DAYS >= 1.00        0               2.0    -2.0        2
GREATEST
 24 HR. TOTAL    0.82   06/26 TO 06/26
                        06/25 TO 06/26
                        06/26 TO 06/26

DEGREE_DAYS
HEATING TOTAL       0                 8      -8        4
 SINCE 7/1       4139              4934    -795     4881
COOLING TOTAL     390               257     133      347
 SINCE 1/1        444               361      83      424
.................................................................

WIND (MPH)
AVERAGE WIND SPEED              7.3
HIGHEST WIND SPEED/DIRECTION    30/170    DATE  06/12
HIGHEST GUST SPEED/DIRECTION    40/170    DATE  06/12

SKY COVER
POSSIBLE SUNSHINE (PERCENT)   MM
AVERAGE SKY COVER           0.10
NUMBER OF DAYS FAIR           28
NUMBER OF DAYS PC              2
NUMBER OF DAYS CLOUDY          0

AVERAGE RH (PERCENT)     66

WEATHER CONDITIONS. NUMBER OF DAYS WITH
THUNDERSTORM              7     MIXED PRECIP               0
HEAVY RAIN                3     RAIN                       3
LIGHT RAIN                7     FREEZING RAIN              0
LT FREEZING RAIN          0     HAIL                       0
HEAVY SNOW                0     SNOW                       0
LIGHT SNOW                0     SLEET                      0
FOG                       8     FOG W/VIS <= 1/4 MILE      3
HAZE                      2

-  INDICATES NEGATIVE NUMBERS.
R  INDICATES RECORD WAS SET OR TIED.
MM INDICATES DATA IS MISSING.
T  INDICATES TRACE AMOUNT.

$$
