000
CXUS56 KSGX 012051
CLMOKB


CLIMATE REPORT
NATIONAL WEATHER SERVICE SAN DIEGO, CA
1250 PM PST WED MAR 1 2017

...................................

...THE OCEANSIDE AIRPORT CA CLIMATE SUMMARY FOR THE MONTH OF FEBRUARY 2017...

CLIMATE NORMAL PERIOD 1981 TO 2010
CLIMATE RECORD PERIOD 1999 TO 2017

WEATHER         OBSERVED          NORMAL  DEPART  LAST YEAR`S
                 VALUE   DATE(S)  VALUE   FROM    VALUE  DATE(S)
                                          NORMAL
................................................................
TEMPERATURE (F)
RECORD
 HIGH              91   02/22/2002
 LOW               28   02/03/2011
HIGHEST            71   02/21        MM      MM       89  02/16
                        02/15
                        02/09
LOWEST             36   02/25        MM      MM       31  02/02
                        02/01
AVG. MAXIMUM     64.3              65.2    -0.9     74.1
AVG. MINIMUM     47.9              43.2     4.7     41.8
MEAN             56.1              54.2     1.9     57.9
DAYS MAX >= 90      0               0.0     0.0        0
DAYS MAX <= 32      0               0.0     0.0        0
DAYS MAX >= 100     0                                  0
DAYS MIN <= 32      0               0.3    -0.3        1

PRECIPITATION (INCHES)
RECORD
 MAXIMUM         7.31   2005
 MINIMUM           MM   MM
TOTALS           4.16              3.07    1.09     0.13
DAILY AVG.       0.15              0.11    0.04     0.00
DAYS >= .01         7                MM      MM        3
DAYS >= .10         5                MM      MM        1
DAYS >= .50         3                MM      MM        0
DAYS >= 1.00        2                MM      MM        0
DAYS >= 1.50        1                                  0
DAYS >= 2.00        0                                  0
GREATEST
 24 HR. TOTAL    1.57   02/27 TO 02/27           01/31 TO 02/01
                                                          02/29 TO 02/29
                                                          02/29 TO 02/29
 STORM TOTAL       MM                                 MM
 (MM/DD(HH))            MM                    02/01(00) TO 02/01(00)
                                                 02/29(00) TO 02/29(00)9
                                                 02/29(00) TO 02/29(00)9

DEGREE_DAYS
HEATING TOTAL     242               303     -61      197
 SINCE 7/1       1015              1408    -393     1168
COOLING TOTAL       0                 0       0        6
 SINCE 1/1          0                 0       0        6

FREEZE DATES
RECORD
 EARLIEST     MM
 LATEST       MM
EARLIEST                        MM
LATEST                          MM
..........................................................

WIND (MPH)
AVERAGE WIND SPEED              4.3
RESULTANT WIND SPEED/DIRECTION   2/254
HIGHEST WIND SPEED/DIRECTION    25/180    DATE  02/17
HIGHEST GUST SPEED/DIRECTION    39/200    DATE  02/17

SKY COVER
POSSIBLE SUNSHINE (PERCENT)   MM
AVERAGE SKY COVER           0.50
NUMBER OF DAYS FAIR           12
NUMBER OF DAYS PC              6
NUMBER OF DAYS CLOUDY         10

AVERAGE RH (PERCENT)     82

WEATHER CONDITIONS. NUMBER OF DAYS WITH
THUNDERSTORM              0     MIXED PRECIP               0
HEAVY RAIN                2     RAIN                       4
LIGHT RAIN                9     FREEZING RAIN              0
LT FREEZING RAIN          0     HAIL                       0
HEAVY SNOW                0     SNOW                       0
LIGHT SNOW                0     SLEET                      0
FOG                      22     FOG W/VIS <= 1/4 MILE      6
HAZE                     12

-  INDICATES NEGATIVE NUMBERS.
R  INDICATES RECORD WAS SET OR TIED.
MM INDICATES DATA IS MISSING.
T  INDICATES TRACE AMOUNT.

$$
