000
CXUS53 KOAX 020345
CLMOMA

CLIMATE REPORT...CORRECTION
NATIONAL WEATHER SERVICE OMAHA NEBRASKA
1045 PM CDT WED OCT 1 2014

...................................

...THE OMAHA EPPLEY, NEBRASKA CLIMATE SUMMARY FOR THE MONTH OF SEPTEMBER 2014...

CLIMATE NORMAL PERIOD 1981 TO 2010
CLIMATE RECORD PERIOD 1871 TO 2014

WEATHER         OBSERVED          NORMAL  DEPART
                 VALUE   DATE(S)  VALUE   FROM
                                          NORMAL
................................................
TEMPERATURE (F)
HIGHEST            93   09/04
LOWEST             41   09/13
AVG. MAXIMUM     76.3              77.6    -1.3
AVG. MINIMUM     56.3              53.9     2.4
MEAN             66.3              65.7     0.6
DAYS MAX >= 90      1
DAYS MAX <= 32      0
DAYS MIN <= 32      0
DAYS MIN <= 0       0

PRECIPITATION (INCHES)
RECORD
 MAXIMUM        13.75   1965
 MINIMUM         0.24   1888
TOTALS           6.11              2.68    3.43
DAILY AVG.       0.20
DAYS >= .01         8
DAYS >= .10         5
DAYS >= .50         2
DAYS >= 1.00        2
GREATEST
 24 HR. TOTAL    3.43   09/09 TO 09/09

SNOWFALL (INCHES)
RECORDS
 TOTAL            0.3   1985
TOTALS            0.0               0.0
SINCE 7/1         0.0
SNOWDEPTH AVG.      0
DAYS >= 1.0         0
GREATEST
 SNOW DEPTH         0
 24 HR TOTAL      0.0

DEGREE DAYS
HEATING TOTAL      74                95     -21
 SINCE 7/1         78               103     -25
COOLING TOTAL     120               117       3
 SINCE 1/1       1143              1097      46
.................................................

WIND (MPH)
AVERAGE WIND SPEED              9.1
HIGHEST WIND SPEED/DIRECTION    32/040    DATE  09/09
HIGHEST GUST SPEED/DIRECTION    40/280    DATE  09/09

SKY COVER
AVERAGE SKY COVER           0.50


WEATHER CONDITIONS. NUMBER OF DAYS WITH
THUNDERSTORM              7     MIXED PRECIP               0
HEAVY RAIN                2     RAIN                       3
LIGHT RAIN               12     FREEZING RAIN              0
LT FREEZING RAIN          0     HAIL                       0
HEAVY SNOW                0     SNOW                       0
LIGHT SNOW                0     SLEET                      0
FOG                      13     FOG W/VIS <= 1/4 MILE      2
HAZE                      2

-  INDICATES NEGATIVE NUMBERS.
R  INDICATES RECORD WAS SET OR TIED.
MM INDICATES DATA IS MISSING.
T  INDICATES TRACE AMOUNT.
>= INDICATES GREATER THAN OR EQUAL TO.
<= INDICATES LESS THAN OR EQUAL TO.

&&

...SEPTEMBER WAS MUCH WETTER THAN NORMAL IN OMAHA...WITH NEAR NORMAL
TEMPERATURES...

WET WEATHER CONTINUED FROM SUMMER INTO THE FALL...WITH 6.11 INCHES
OF RAIN AT OMAHA EPPLEY AIRFIELD...MAKING THIS THE 11TH WETTEST
SEPTEMBER ON RECORD.  THE MONTHLY AVERAGE TEMPERATURE OF 66.3
DEGREES WAS JUST 0.6 DEGREES ABOVE NORMAL...PLACING THE MONTH OF
SEPTEMBER IN THE NEAR-NORMAL CATEGORY.

AFTER A NEAR-AVERAGE START TO THE MONTH...THE TEMPERATURE PEAKED AT
93 DEGREES ON THE 4TH...WHICH WAS THE WARMEST READING OF THE MONTH.
THE WARMER PERIOD ENDED ON THE 5TH...AS THUNDERSTORMS BROUGHT CLOSE
TO A QUARTER INCH OF RAIN. FROM THE 5TH THROUGH THE
16TH...TEMPERATURES WERE PREDOMINANTLY BELOW NORMAL.  TEMPERATURES
DID NUDGE ABOVE NORMAL ON THE 8TH AND 9TH...BEFORE A SURGE OF COOLER
AIR BROUGHT A DAILY RECORD 3.43 INCHES OF RAIN ON THE 9TH.  AN
ESPECIALLY COOL HIGH TEMPERATURE OF 56 DEGREES OCCURRED ON THE
12TH...WITH A LOW OF 41 ON THE 13TH THAT WAS THE COOLEST READING OF
THE MONTH.  COOL RAIN FELL ON THE 11TH AND 12TH...WITH LIGHT RAIN IN
THUNDERSTORMS ON THE 15TH.

FROM THE 17TH THROUGH THE 30TH...TEMPERATURES WERE PREDOMINANTLY
ABOVE NORMAL...ESPECIALLY FROM THE 26TH THROUGH THE END OF THE
MONTH. THUNDERSTORMS BROUGHT LIGHTER RAINS ON THE 20TH AND
23RD...WITH A PROLONGED DRY PERIOD FROM THE 24TH THROUGH THE 29TH.
THOSE SIX DAYS WITHOUT MEASURABLE RAIN WERE THE LONGEST DRY STRETCH
IN OMAHA SINCE JULY 26-31.

THE FOUR-MONTH RAIN TOTAL FROM JUNE THROUGH SEPTEMBER STANDS AT
27.94 INCHES...WHICH IS THE 3RD WETTEST OF THAT PERIOD ON
RECORD...AND IS NEARLY DOUBLE THE NORMAL PRECIPITATION OF 14.51
INCHES FOR THAT PERIOD.


DAILY RECORDS SET IN SEPTEMBER 2014:
DATE         RECORD           READING  PREVIOUS RECORD
SEPTEMBER 9  RAINFALL           3.43   1.24 (1912)

$$

MAYES/JEK/TL
