000
CXUS56 KOTX 010950 CCA
CLMOMK

CLIMATE REPORT
NATIONAL WEATHER SERVICE SPOKANE, WA
135 AM PDT FRI JUL 1 2016

...................................

...THE OMAK WA AIRPORT CLIMATE SUMMARY FOR THE MONTH OF JUNE 2016...

CLIMATE NORMAL PERIOD 1981 TO 2010
CLIMATE RECORD PERIOD 9999 TO 9999

WEATHER         OBSERVED          NORMAL  DEPART  LAST YEAR`S
                 VALUE   DATE(S)  VALUE   FROM    VALUE  DATE(S)
                                          NORMAL
................................................................
TEMPERATURE (F)
RECORD
 HIGH             110   06/28/2015
 LOW               30   06/01/1976
HIGHEST           100   06/06        MM      MM      110  06/28
LOWEST             36   06/15        MM      MM       37  06/13
AVG. MAXIMUM     81.1              79.6     1.5     89.1
AVG. MINIMUM     51.8              51.4     0.4     57.1
MEAN             66.5              65.5     1.0     73.1
DAYS MAX >= 90      8               3.5     4.5       14
DAYS MAX <= 32      0               0.0     0.0        0
DAYS MIN <= 32      0               0.0     0.0        0
DAYS MIN <= 0       0               0.0     0.0        0

PRECIPITATION (INCHES)
RECORD
 MAXIMUM         4.55   1936
 MINIMUM            T   1932
TOTALS           1.65              1.23    0.42     0.45
DAILY AVG.       0.05              0.04    0.01     0.01
DAYS >= .01         7                MM      MM        4
DAYS >= .10         3                MM      MM        2
DAYS >= .50         2                MM      MM        0
DAYS >= 1.00        0                MM      MM        0
GREATEST
 24 HR. TOTAL    0.75   06/09 TO 06/10           06/01 TO 06/02

DEGREE_DAYS
HEATING TOTAL      85                69      16       15
 SINCE 7/1       5476              6342    -866     5334
COOLING TOTAL     137                84      53      265
 SINCE 1/1        162               107      55      311
...................................................

WIND (MPH)
AVERAGE WIND SPEED              7.9
HIGHEST WIND SPEED/DIRECTION    31/010    DATE  06/10
HIGHEST GUST SPEED/DIRECTION    45/020    DATE  06/10

SKY COVER
POSSIBLE SUNSHINE (PERCENT)   MM
AVERAGE SKY COVER           0.20
NUMBER OF DAYS FAIR           24
NUMBER OF DAYS PC              5
NUMBER OF DAYS CLOUDY          1

AVERAGE RH (PERCENT)     47

WEATHER CONDITIONS. NUMBER OF DAYS WITH
THUNDERSTORM              6     MIXED PRECIP               0
HEAVY RAIN                2     RAIN                       4
LIGHT RAIN                8     FREEZING RAIN              0
LT FREEZING RAIN          0     HAIL                       0
HEAVY SNOW                0     SNOW                       0
LIGHT SNOW                0     SLEET                      0
FOG                       3     FOG W/VIS <= 1/4 MILE      0
HAZE                      0

-  INDICATES NEGATIVE NUMBERS.
R  INDICATES RECORD WAS SET OR TIED.
MM INDICATES DATA IS MISSING.
T  INDICATES TRACE AMOUNT.

$$
