000
CXUS51 KAKQ 011339
CLMORF


CLIMATE REPORT
NATIONAL WEATHER SERVICE WAKEFIELD, VA
937 AM EDT FRI JUL 1 2016

...................................

...THE NORFOLK VA CLIMATE SUMMARY FOR THE MONTH OF JUNE 2016...

CLIMATE NORMAL PERIOD 1981 TO 2010
CLIMATE RECORD PERIOD 1871 TO 2016

WEATHER         OBSERVED          NORMAL  DEPART  LAST YEAR`S
                 VALUE   DATE(S)  VALUE   FROM    VALUE  DATE(S)
                                          NORMAL
................................................................
TEMPERATURE (F)
RECORD
 HIGH             102   06/09/1874
 LOW               45   06/02/1967
HIGHEST            93   06/12        96      -3       99  06/23
LOWEST             60   06/19        56       4       60  06/08
AVG. MAXIMUM     83.0              83.5    -0.5     86.4
AVG. MINIMUM     68.2              67.1     1.1     71.0
MEAN             75.6              75.3     0.3     78.7
DAYS MAX >= 90      4               5.9    -1.9       14
DAYS MAX <= 32      0               0.0     0.0        0
DAYS MIN <= 32      0               0.0     0.0        0
DAYS MIN <= 0       0               0.0     0.0        0

PRECIPITATION (INCHES)
RECORD
 MAXIMUM        10.53   2006
 MINIMUM         0.37   1954
TOTALS           5.06              4.26    0.80     8.34
DAILY AVG.       0.17              0.14    0.03     0.28
DAYS >= .01         9               9.9    -0.9       12
DAYS >= .10         6               6.4    -0.4        9
DAYS >= .50         5               2.6     2.4        6
DAYS >= 1.00        1               1.3    -0.3        3
GREATEST
 24 HR. TOTAL    2.12   06/05 TO 06/06

SNOWFALL (INCHES)
RECORDS
 TOTAL            0.0   5
                        0
                        -26215
TOTALS            0.0
SINCE 7/1         5.0               5.8    -0.8     12.7
SNOWDEPTH AVG.      0                MM      MM        0
DAYS >= 1.0         0               0.0     0.0        0
GREATEST
 SNOW DEPTH         0   MM                             0  MM
 24 HR TOTAL      0.0   06/30 TO 06/30           06/30 TO 06/30
                                                          06/30 TO 06/30
                                                          06/30 TO 06/30

DEGREE_DAYS
HEATING TOTAL       0
 SINCE 7/1       2522              3377    -855     3599
COOLING TOTAL     324               315       9      418
 SINCE 1/1        481               481       0      654
.................................................

WIND (MPH)
AVERAGE WIND SPEED              8.4
HIGHEST WIND SPEED/DIRECTION    30/030    DATE  06/17
HIGHEST GUST SPEED/DIRECTION    41/360    DATE  06/12

SKY COVER
POSSIBLE SUNSHINE (PERCENT)   MM
AVERAGE SKY COVER           0.30

AVERAGE RH (PERCENT)     69

WEATHER CONDITIONS. NUMBER OF DAYS WITH
THUNDERSTORM              0     MIXED PRECIP               0
HEAVY RAIN                7     RAIN                       6
LIGHT RAIN               11     FREEZING RAIN              0
LT FREEZING RAIN          0     HAIL                       0
HEAVY SNOW                0     SNOW                       0
LIGHT SNOW                0     SLEET                      0
FOG                      14     FOG W/VIS <= 1/4 MILE      2
HAZE                      1

-  INDICATES NEGATIVE NUMBERS.
R  INDICATES RECORD WAS SET OR TIED.
MM INDICATES DATA IS MISSING.
T  INDICATES TRACE AMOUNT.

$$
