399
CXUS54 KLZK 020512
CLMPBF


CLIMATE REPORT
NATIONAL WEATHER SERVICE LITTLE ROCK AR
1208 AM CDT SAT JUL 2 2016

...................................

...THE PINE BLUFF CLIMATE SUMMARY FOR THE MONTH OF JUNE 2016...

CLIMATE NORMAL PERIOD 1981 TO 2010
CLIMATE RECORD PERIOD 1883 TO 2016

WEATHER         OBSERVED          NORMAL  DEPART  LAST YEAR`S
                 VALUE   DATE(S)  VALUE   FROM    VALUE  DATE(S)
                                          NORMAL
................................................................
TEMPERATURE (F)
RECORD
 HIGH             107   06/20/1936
                        06/20/1918
 LOW               49   06/02/1984
                        06/03/1956
                        06/12/1903
HIGHEST            95   06/26        89       6       95  06/24
LOWEST             63   06/07        69      -6       62  06/02
AVG. MAXIMUM     89.5              89.1     0.4     89.6
AVG. MINIMUM     71.1              69.0     2.1     70.4
MEAN             80.3              79.1     1.2     80.0
DAYS MAX >= 90     16              15.2     0.8       20
DAYS MAX <= 32      0               0.0     0.0        0
DAYS MIN <= 32      0               0.0     0.0        0
DAYS MIN <= 0       0               0.0     0.0        0

PRECIPITATION (INCHES)
RECORD
 MAXIMUM        10.18   1927
 MINIMUM         0.05   1930
TOTALS           3.04              3.58   -0.54     2.09
DAILY AVG.       0.10              0.12   -0.02     0.07
DAYS >= .01         6               8.9    -2.9        6
DAYS >= .10         5                                  5
DAYS >= .50         4                                  2
DAYS >= 1.00        1               0.8     0.2        0
GREATEST
 24 HR. TOTAL    1.18   06/03 TO 06/04

SNOWFALL (INCHES)
TOTALS            0.0               0.0     0.0      0.0
 LIQUID EQUIV    0.00              0.00    0.00     0.00
SINCE 7/1         3.6               3.1     0.5      9.2
 LIQUID 7/1      0.36              0.30    0.06     0.92
SNOWDEPTH AVG.      0
DAYS >= TRACE       0               0.0     0.0        0
DAYS >= 1.0         0                                  0
GREATEST
 SNOW DEPTH         0   MM

DEGREE_DAYS
HEATING TOTAL       0                 0       0        0
 SINCE 7/1       2234              2881    -647     3249
COOLING TOTAL     466               422      44      456
 SINCE 1/1        714               729     -15      785

FREEZE DATES
RECORD
 EARLIEST     10/10/2000
 LATEST       04/25/1910
EARLIEST      11/22             11/12
LATEST        03/21             03/16
.................................................

WIND (MPH)
AVERAGE WIND SPEED              4.7
HIGHEST WIND SPEED/DIRECTION    30/340    DATE  06/26
HIGHEST GUST SPEED/DIRECTION    42/330    DATE  06/26

SKY COVER
POSSIBLE SUNSHINE (PERCENT)   MM
AVERAGE SKY COVER           0.20
NUMBER OF DAYS FAIR           22
NUMBER OF DAYS PC              8
NUMBER OF DAYS CLOUDY          0

AVERAGE RH (PERCENT)     74

WEATHER CONDITIONS. NUMBER OF DAYS WITH
THUNDERSTORM              0     MIXED PRECIP               0
HEAVY RAIN                4     RAIN                       5
LIGHT RAIN                9     FREEZING RAIN              0
LT FREEZING RAIN          0     HAIL                       0
HEAVY SNOW                0     SNOW                       0
LIGHT SNOW                0     SLEET                      0
FOG                      14     FOG W/VIS <= 1/4 MILE      1
HAZE                      0

-  INDICATES NEGATIVE NUMBERS.
R  INDICATES RECORD WAS SET OR TIED.
MM INDICATES DATA IS MISSING.
T  INDICATES TRACE AMOUNT.

&&

...DATA FOR PINE BLUFF FOR JUNE 2016...

.SUMMARY...
ABOVE AVERAGE TEMPERATURES RETURNED IN JUNE. THE COOLEST PERIOD
DURING THE MONTH WAS IN THE SECOND WEEK...AND IN THE FINAL THREE
DAYS. HUMIDITY PLAYED MORE OF A PART IN INFLUENCING TEMPERATURES
THIS YEAR...AND AS A RESULT...LOW TEMPERATURES WERE WARMER THAN
PREVIOUS YEARS.

RAINFALL WAS BELOW AVERAGE...BUT ONLY BY AROUND HALF AN INCH.
DESPITE THAT...IT WAS THE WETTEST JUNE IN TWO YEARS.

.MONTHLY TEMPERATURES...
THE AVERAGE HIGH TEMPERATURE WAS THE COOLEST SINCE 2014. THE AVERAGE
LOW AND MONTHLY TEMPERATURES WERE THE WARMEST SINCE 2011.

.DAILY TEMPERATURES...
ABOVE AVERAGE ON 21 DAYS...AVERAGE ON FOUR DAYS...AND BELOW AVERAGE
ON FIVE DAYS.

.TEMPERATURE RECORDS TIED OR BROKEN DURING THE MONTH...

DATE  RECORD TYPE               NEW RECORD        PREVIOUS RECORD
15TH  WARMEST LOW TEMPERATURE   76 IN 2016          76 IN 1994...1993...
                                                          1990

.MONTHLY RAINFALL...
EVEN THOUGH RAINFALL WAS BELOW AVERAGE...IT WAS STILL THE WETTEST
JUNE SINCE 2014.

.DAILY RAINFALL RECORDS TIED OR BROKEN...
NONE.

$$

57
