000
CXUS52 KMFL 011339
CLMPBI


CLIMATE REPORT
NATIONAL WEATHER SERVICE MIAMI, FL
835 AM EST FRI DEC 1 2017

...................................

...THE WEST PALM BEACH CLIMATE SUMMARY FOR THE MONTH OF NOVEMBER 2017...

CLIMATE NORMAL PERIOD 1981 TO 2010
CLIMATE RECORD PERIOD 1888 TO 2017

WEATHER         OBSERVED          NORMAL  DEPART  LAST YEAR`S
                 VALUE   DATE(S)  VALUE   FROM    VALUE
                                          NORMAL
.............................................................
TEMPERATURE (F)
RECORD
 HIGH              92   11/03/1919
                        11/02/1919
 LOW               36   11/26/1950
                        11/25/1917
                        11/28/1903
HIGHEST            85   11/10                         85
                        11/05
LOWEST             63   11/27                         51
AVG. MAXIMUM     81.3              80.1     1.2     80.3
AVG. MINIMUM     69.4              65.5     3.9     66.1
MEAN             75.4              72.8     2.6     73.2
DAYS MAX >= 90      0                                  0
DAYS MAX <= 32      0                                  0
DAYS MIN <= 32      0                                  0
DAYS MIN <= 0       0                                  0

PRECIPITATION (INCHES)
RECORD
 MAXIMUM        14.63   1982
 MINIMUM         0.10   1892
TOTALS           2.69              4.75   -2.06     1.00
DAILY AVG.       0.09              0.16   -0.07     0.03
DAYS >= .01        12                                  4
DAYS >= .10         6                                  2
DAYS >= .50         2                                  1
DAYS >= 1.00        0                                  0
GREATEST
 24 HR. TOTAL    0.68   11/10 TO 11/10              0.72

DEGREE_DAYS
HEATING TOTAL       0                11     -11        1
 SINCE 7/1          4                12      -8        1
COOLING TOTAL     317               245      72      255
 SINCE 1/1       4375              3866     509     4406
..............................................................

WIND (MPH)
AVERAGE WIND SPEED              8.8
HIGHEST WIND SPEED/DIRECTION    24/080    DATE  11/12
HIGHEST GUST SPEED/DIRECTION    34/080    DATE  11/12

SKY COVER
POSSIBLE SUNSHINE (PERCENT)   MM
AVERAGE SKY COVER           0.50
NUMBER OF DAYS FAIR            3
NUMBER OF DAYS PC             27
NUMBER OF DAYS CLOUDY          0

AVERAGE RH (PERCENT)     75

WEATHER CONDITIONS. NUMBER OF DAYS WITH
THUNDERSTORM              3     MIXED PRECIP               0
HEAVY RAIN                5     RAIN                       6
LIGHT RAIN               11     FREEZING RAIN              0
LT FREEZING RAIN          0     HAIL                       0
HEAVY SNOW                0     SNOW                       0
LIGHT SNOW                0     SLEET                      0
FOG                      11     FOG W/VIS <= 1/4 MILE      0
HAZE                      1

-  INDICATES NEGATIVE NUMBERS.
R  INDICATES RECORD WAS SET OR TIED.
MM INDICATES DATA IS MISSING.
T  INDICATES TRACE AMOUNT.

$$
