000
CXUS53 KUNR 011606
CLMPHP


CLIMATE REPORT
NATIONAL WEATHER SERVICE RAPID CITY SD
1005 AM MDT THU SEP 1 2016

...................................

...THE PHILIP SD CLIMATE SUMMARY FOR THE MONTH OF AUGUST 2016...

CLIMATE NORMAL PERIOD 1981 TO 2010
CLIMATE RECORD PERIOD 9999 TO 9999

WEATHER         OBSERVED          NORMAL  DEPART  LAST YEAR`S
                 VALUE   DATE(S)  VALUE   FROM    VALUE  DATE(S)
                                          NORMAL
................................................................
TEMPERATURE (F)
HIGHEST           104   08/10                        103  08/15
                        08/03
LOWEST             46   08/21                         39  08/24
AVG. MAXIMUM     88.0              88.8    -0.8     84.8
AVG. MINIMUM     57.4              58.2    -0.8     57.5
MEAN             72.7              73.5    -0.8     71.1
DAYS MAX >= 90     10                                 10
DAYS MAX <= 32      0                                  0
DAYS MIN <= 32      0                                  0
DAYS MIN <= 0       0                                  0

PRECIPITATION (INCHES)
TOTALS           2.85              1.50    1.35     2.90
DAILY AVG.       0.09              0.05    0.04     0.09
DAYS >= .01         7                                 11
DAYS >= .10         5                                  5
DAYS >= .50         2                                  3
DAYS >= 1.00        1                                  0
GREATEST
 24 HR. TOTAL    1.43   08/14 TO 08/15              1.29

DEGREE_DAYS
HEATING TOTAL      15                17      -2       32
 SINCE 7/1         19                25      -6       32
COOLING TOTAL     263               280     -17      224
 SINCE 1/1        830               735      95      621
.................................................................

WIND (MPH)
AVERAGE WIND SPEED              9.0
HIGHEST WIND SPEED/DIRECTION    44/350    DATE  08/11
HIGHEST GUST SPEED/DIRECTION    58/270    DATE  08/08

AVERAGE RH (PERCENT)     63

WEATHER CONDITIONS. NUMBER OF DAYS WITH
THUNDERSTORM              0     MIXED PRECIP               0
HEAVY RAIN                4     RAIN                       4
LIGHT RAIN                9     FREEZING RAIN              0
LT FREEZING RAIN          0     HAIL                       0
HEAVY SNOW                0     SNOW                       0
LIGHT SNOW                0     SLEET                      0
FOG                       4     FOG W/VIS <= 1/4 MILE      0
HAZE                      1

-  INDICATES NEGATIVE NUMBERS.
R  INDICATES RECORD WAS SET OR TIED.
MM INDICATES DATA IS MISSING.
T  INDICATES TRACE AMOUNT.

$$
