000
CXUS53 KUNR 011604
CLMPHP


CLIMATE REPORT
NATIONAL WEATHER SERVICE RAPID CITY SD
903 AM MST FRI DEC 1 2017

...................................

...THE PHILIP SD CLIMATE SUMMARY FOR THE MONTH OF NOVEMBER 2017...

CLIMATE NORMAL PERIOD 1981 TO 2010
CLIMATE RECORD PERIOD 9999 TO 9999

WEATHER         OBSERVED          NORMAL  DEPART  LAST YEAR`S
                 VALUE   DATE(S)  VALUE   FROM    VALUE  DATE(S)
                                          NORMAL
................................................................
TEMPERATURE (F)
HIGHEST            76   11/23                         80  11/05
LOWEST             14   11/08                          9  11/19
AVG. MAXIMUM     52.3              47.1     5.2     57.7
AVG. MINIMUM     24.7              20.8     3.9     26.7
MEAN             38.5              33.9     4.6     42.2
DAYS MAX >= 90      0                                  0
DAYS MAX <= 32      1                                  2
DAYS MIN <= 32     26                                 25
DAYS MIN <= 0       0                                  0

PRECIPITATION (INCHES)
TOTALS           0.28              0.62   -0.34     0.16
DAILY AVG.       0.01              0.02   -0.01     0.01
DAYS >= .01         3                                  4
DAYS >= .10         1                                  0
DAYS >= .50         0                                  0
DAYS >= 1.00        0                                  0
GREATEST
 24 HR. TOTAL    0.17   11/17 TO 11/17              0.08

DEGREE_DAYS
HEATING TOTAL     787               932    -145      677
 SINCE 7/1       1449              1635    -186     1138
COOLING TOTAL       0                 0       0        0
 SINCE 1/1        911               818      93      908
.................................................................

WIND (MPH)
AVERAGE WIND SPEED              9.4
HIGHEST WIND SPEED/DIRECTION    41/300    DATE  11/29
HIGHEST GUST SPEED/DIRECTION    52/300    DATE  11/29

AVERAGE RH (PERCENT)     66

WEATHER CONDITIONS. NUMBER OF DAYS WITH
THUNDERSTORM              0     MIXED PRECIP               0
HEAVY RAIN                0     RAIN                       0
LIGHT RAIN                3     FREEZING RAIN              0
LT FREEZING RAIN          0     HAIL                       0
HEAVY SNOW                0     SNOW                       0
LIGHT SNOW                4     SLEET                      0
FOG                       6     FOG W/VIS <= 1/4 MILE      0
HAZE                      0

-  INDICATES NEGATIVE NUMBERS.
R  INDICATES RECORD WAS SET OR TIED.
MM INDICATES DATA IS MISSING.
T  INDICATES TRACE AMOUNT.

$$
