000
CXUS53 KUNR 011617
CLMPHP


CLIMATE REPORT
NATIONAL WEATHER SERVICE RAPID CITY SD
915 AM MST SUN JAN 1 2017

...................................

...THE PHILIP SD CLIMATE SUMMARY FOR THE MONTH OF DECEMBER 2016...

CLIMATE NORMAL PERIOD 1981 TO 2010
CLIMATE RECORD PERIOD 9999 TO 9999

WEATHER         OBSERVED          NORMAL  DEPART  LAST YEAR`S
                 VALUE   DATE(S)  VALUE   FROM    VALUE  DATE(S)
                                          NORMAL
................................................................
TEMPERATURE (F)
HIGHEST            47   12/04                         64  12/09
LOWEST            -25   12/18                         -6  12/27
AVG. MAXIMUM     26.3              35.6    -9.3     34.1
AVG. MINIMUM      3.8              10.5    -6.7     14.0
MEAN             15.1              23.0    -7.9     24.0
DAYS MAX >= 90      0                                  0
DAYS MAX <= 32     17                                 15
DAYS MIN <= 32     30                                 31
DAYS MIN <= 0      10                                  6

PRECIPITATION (INCHES)
TOTALS             MMR             0.43      MM     0.99
DAILY AVG.       0.01              0.01    0.00     0.03
DAYS >= .01         4                                  5
DAYS >= .10         1                                  3
DAYS >= .50         0                                  1
DAYS >= 1.00        0                                  0
GREATEST
 24 HR. TOTAL      MM                               0.50

DEGREE_DAYS
HEATING TOTAL    1492              1300     192     1262
 SINCE 7/1       2630              2935    -305     2602
COOLING TOTAL       0                 0       0        0
 SINCE 1/1        908               818      90      750
.................................................................

WIND (MPH)
AVERAGE WIND SPEED              10.6
HIGHEST WIND SPEED/DIRECTION    40/310    DATE  12/26
HIGHEST GUST SPEED/DIRECTION    54/320    DATE  12/26

AVERAGE RH (PERCENT)     74

WEATHER CONDITIONS. NUMBER OF DAYS WITH
THUNDERSTORM              0     MIXED PRECIP               0
HEAVY RAIN                0     RAIN                       0
LIGHT RAIN                0     FREEZING RAIN              0
LT FREEZING RAIN          0     HAIL                       0
HEAVY SNOW                0     SNOW                       1
LIGHT SNOW                8     SLEET                      0
FOG                       8     FOG W/VIS <= 1/4 MILE      1
HAZE                      1

-  INDICATES NEGATIVE NUMBERS.
R  INDICATES RECORD WAS SET OR TIED.
MM INDICATES DATA IS MISSING.
T  INDICATES TRACE AMOUNT.

$$
