000
CXUS53 KABR 011446
CLMPIR


CLIMATE REPORT
NATIONAL WEATHER SERVICE ABERDEEN SD
936 AM CDT WED OCT 1 2014

...................................

...THE PIERRE SD CLIMATE SUMMARY FOR THE MONTH OF SEPTEMBER 2014...

CLIMATE NORMAL PERIOD 1981 TO 2010
CLIMATE RECORD PERIOD 1892 TO 2014

WEATHER         OBSERVED          NORMAL  DEPART  LAST YEAR`S
                 VALUE   DATE(S)  VALUE   FROM    VALUE  DATE(S)
                                          NORMAL
................................................................
TEMPERATURE (F)
RECORD
 HIGH             108   09/02/1983
 LOW               21   09/22/1995
                        09/28/1951
HIGHEST            93   09/26        MM      MM      101  09/06
LOWEST             36   09/15        MM      MM       38  09/21
AVG. MAXIMUM     76.9              76.5     0.4     82.2
AVG. MINIMUM     49.7              49.2     0.5     54.7
MEAN             63.3              62.9     0.4     68.4
DAYS MAX >= 90      5               4.6     0.4        5
DAYS MAX <= 32      0               0.0     0.0        0
DAYS MIN <= 32      0               0.6    -0.6        0
DAYS MIN <= 0       0               0.0     0.0        0

PRECIPITATION (INCHES)
RECORD
 MAXIMUM         6.95   1996
 MINIMUM            T   2012
TOTALS           0.61              1.87   -1.26     1.16
DAYS >= .01         8               6.8     1.2        7
DAYS >= .10         3               3.4    -0.4        2
DAYS >= .50         0               1.0    -1.0        1
DAYS >= 1.00        0               0.3    -0.3        0

SNOWFALL (INCHES)
RECORDS
 TOTAL             MM   MM
 SNOW DEPTH        MM   MM
TOTALS            0.0               0.0     0.0      0.0
SINCE 7/1         0.0               0.0     0.0      0.0
SNOWDEPTH AVG.      0                MM      MM        0
DAYS >= TRACE       0               0.0     0.0        0
DAYS >= 1.0         0               0.0     0.0        0
GREATEST
 SNOW DEPTH         0   MM                             0  MM

DEGREE_DAYS
HEATING TOTAL     127               151     -24       56
 SINCE 7/1        155               171     -16       65
COOLING TOTAL      84                86      -2      167
 SINCE 1/1        620               863    -243      853

FREEZE DATES
RECORD
 EARLIEST     MM
 LATEST       MM
EARLIEST                        MM
LATEST                          MM
.................................................................

WIND (MPH)
AVERAGE WIND SPEED              10.8
RESULTANT WIND SPEED/DIRECTION   2/144
HIGHEST WIND SPEED/DIRECTION    38/180    DATE  09/30
HIGHEST GUST SPEED/DIRECTION    49/180    DATE  09/30

SKY COVER
POSSIBLE SUNSHINE (PERCENT)   MM
AVERAGE SKY COVER           0.20
NUMBER OF DAYS FAIR           21
NUMBER OF DAYS PC              6
NUMBER OF DAYS CLOUDY          3

AVERAGE RH (PERCENT)     65

WEATHER CONDITIONS. NUMBER OF DAYS WITH
THUNDERSTORM              0     MIXED PRECIP               0
HEAVY RAIN                0     RAIN                       3
LIGHT RAIN                9     FREEZING RAIN              0
LT FREEZING RAIN          0     HAIL                       0
HEAVY SNOW                0     SNOW                       0
LIGHT SNOW                0     SLEET                      0
FOG                       7     FOG W/VIS <= 1/4 MILE      2
HAZE                      1

-  INDICATES NEGATIVE NUMBERS.
R  INDICATES RECORD WAS SET OR TIED.
MM INDICATES DATA IS MISSING.
T  INDICATES TRACE AMOUNT.

$$
