000
CXUS53 KABR 011335
CLMPIR


CLIMATE REPORT
NATIONAL WEATHER SERVICE ABERDEEN SD
730 AM CST FRI DEC 1 2017

...................................

...THE PIERRE SD CLIMATE SUMMARY FOR THE MONTH OF NOVEMBER 2017...

CLIMATE NORMAL PERIOD 1981 TO 2010
CLIMATE RECORD PERIOD 1892 TO 2017

WEATHER         OBSERVED          NORMAL  DEPART  LAST YEAR`S
                 VALUE   DATE(S)  VALUE   FROM    VALUE  DATE(S)
                                          NORMAL
................................................................
TEMPERATURE (F)
RECORD
 HIGH              87   11/08/1999
 LOW              -18   11/14/1959
HIGHEST            70   11/23        MM      MM       80  11/05
LOWEST             10   11/21        MM      MM       15  11/19
AVG. MAXIMUM     49.3              44.1     5.2     54.4
AVG. MINIMUM     23.0              23.3    -0.3     30.6
MEAN             36.2              33.7     2.5     42.5
DAYS MAX >= 90      0               0.0     0.0        0
DAYS MAX <= 32      1               6.2    -5.2        3
DAYS MIN <= 32     27              24.5     2.5       19
DAYS MIN <= 0       0               0.7    -0.7        0

PRECIPITATION (INCHES)
RECORD
 MAXIMUM         2.68   1922
 MINIMUM            T   1967
                        1945
                        1939
TOTALS           0.05              0.76   -0.71     1.54
DAYS >= .01         3               5.9    -2.9        5
DAYS >= .10         0               2.3    -2.3        4
DAYS >= .50         0               0.3    -0.3        1
DAYS >= 1.00        0               0.0     0.0        0

SNOWFALL (INCHES)
RECORDS
 TOTAL           28.9   1985
 SNOW DEPTH        17   11/30/1985
TOTALS              T               5.3    -5.3     10.1
SINCE 7/1           T               6.3    -6.3     10.1
SNOWDEPTH AVG.      0                MM      MM        0
DAYS >= TRACE       7               4.4     2.6        6
DAYS >= 1.0         0               1.9    -1.9        2
GREATEST
 SNOW DEPTH         0   MM                             9  11/30

DEGREE_DAYS
HEATING TOTAL     858               939     -81      666
 SINCE 7/1       1457              1620    -163     1137
COOLING TOTAL       0                 0       0        0
 SINCE 1/1        868               868       0      961

FREEZE DATES
RECORD
 EARLIEST     MM
 LATEST       MM
EARLIEST                        MM
LATEST                          MM
.................................................................

WIND (MPH)
AVERAGE WIND SPEED              10.2
RESULTANT WIND SPEED/DIRECTION   2/296
HIGHEST WIND SPEED/DIRECTION    39/340    DATE  11/27
HIGHEST GUST SPEED/DIRECTION    46/350    DATE  11/27

SKY COVER
POSSIBLE SUNSHINE (PERCENT)   MM
AVERAGE SKY COVER           0.30
NUMBER OF DAYS FAIR           20
NUMBER OF DAYS PC              7
NUMBER OF DAYS CLOUDY          3

AVERAGE RH (PERCENT)     68

WEATHER CONDITIONS. NUMBER OF DAYS WITH
THUNDERSTORM              0     MIXED PRECIP               0
HEAVY RAIN                0     RAIN                       0
LIGHT RAIN                6     FREEZING RAIN              0
LT FREEZING RAIN          0     HAIL                       0
HEAVY SNOW                0     SNOW                       0
LIGHT SNOW                7     SLEET                      0
FOG                       8     FOG W/VIS <= 1/4 MILE      3
HAZE                      1

-  INDICATES NEGATIVE NUMBERS.
R  INDICATES RECORD WAS SET OR TIED.
MM INDICATES DATA IS MISSING.
T  INDICATES TRACE AMOUNT.

$$
