000
CXUS51 KPBZ 011301
CLMPIT


CLIMATE REPORT
NATIONAL WEATHER SERVICE PITTSBURGH PA
900 AM EDT TUE SEP 1 2015

...................................

...THE PITTSBURGH CLIMATE SUMMARY FOR THE MONTH OF AUGUST 2015...

CLIMATE NORMAL PERIOD 1981 TO 2010
CLIMATE RECORD PERIOD 1871 TO 2015

WEATHER         OBSERVED          NORMAL  DEPART  LAST YEAR`S
                 VALUE   DATE(S)  VALUE   FROM    VALUE  DATE(S)
                                          NORMAL
................................................................
TEMPERATURE (F)
RECORD
 HIGH             103   08/06/1918
 LOW               39   08/29/1982
HIGHEST            90                        MM       88  08/30
LOWEST             52                        MM       48  08/16
AVG. MAXIMUM     81.5              81.4     0.1     79.5
AVG. MINIMUM     61.1              61.5    -0.4     60.5
MEAN             71.3              71.5    -0.2     70.0
DAYS MAX >= 90      1               2.5    -1.5        0
DAYS MAX <= 32      0               0.0     0.0        0
DAYS MIN <= 32      0               0.0     0.0        0
DAYS MIN <= 0       0               0.0     0.0        0

PRECIPITATION (INCHES)
RECORD
 MAXIMUM         8.29   1864
 MINIMUM         0.43   1894
TOTALS           2.29              3.48   -1.19
DAILY AVG.       0.07              0.11   -0.04     0.16
DAYS >= .01         5               9.8    -4.8       12
DAYS >= .10         4               5.8    -1.8        6
DAYS >= .50         2               2.6    -0.6        4
DAYS >= 1.00        1               0.9     0.1        2
GREATEST
 24 HR. TOTAL    1.12   08/18 TO 08/18           08/19 TO 08/20
                        08/18 TO 08/19                    08/20 TO 08/20
                                                          08/20 TO 08/20

SNOWFALL (INCHES)
RECORDS
 TOTAL            0.0   MM
 24 HR TOTAL      0.0   08/31/2002 TO 08/31/2002
                        08/01/2001 TO 08/01/2001
TOTALS            0.0               0.0     0.0      0.0
SINCE 7/1         0.0               0.0     0.0      0.0
SNOWDEPTH AVG.      0                MM      MM        0
DAYS >= TRACE       0
DAYS >= 1.0         0               0.0     0.0        0
GREATEST
 24 HR TOTAL      0.0   08/31 TO 08/31               0.0

DEGREE_DAYS
HEATING TOTAL       6                 9      -3       10
 SINCE 7/1          6                13      -7       21
COOLING TOTAL     210               209       1      174
 SINCE 1/1        803               652     151      621
.................................................

WIND (MPH)
AVERAGE WIND SPEED              5.1
HIGHEST WIND SPEED/DIRECTION    32/340    DATE  08/03
HIGHEST GUST SPEED/DIRECTION    47/340    DATE  08/03

AVERAGE RH (PERCENT)     63

WEATHER CONDITIONS. NUMBER OF DAYS WITH
THUNDERSTORM              0     MIXED PRECIP               0
HEAVY RAIN                2     RAIN                       3
LIGHT RAIN                6     FREEZING RAIN              0
LT FREEZING RAIN          0     HAIL                       1
HEAVY SNOW                0     SNOW                       0
LIGHT SNOW                0     SLEET                      0
FOG                      11     FOG W/VIS <= 1/4 MILE      0
HAZE                      6

-  INDICATES NEGATIVE NUMBERS.
R  INDICATES RECORD WAS SET OR TIED.
MM INDICATES DATA IS MISSING.
T  INDICATES TRACE AMOUNT.

$$
