000
CXUS51 KRLX 011203
CLMPKB


CLIMATE REPORT
NATIONAL WEATHER SERVICE CHARLESTON WV
802 AM EDT THU JUN 1 2017

...................................

...THE PARKERSBURG WV CLIMATE SUMMARY FOR THE MONTH OF MAY 2017...

CLIMATE NORMAL PERIOD 1981 TO 2010
CLIMATE RECORD PERIOD 1889 TO 2017

WEATHER         OBSERVED          NORMAL  DEPART  LAST YEAR`S
                 VALUE   DATE(S)  VALUE   FROM    VALUE  DATE(S)
                                          NORMAL
................................................................
TEMPERATURE (F)
RECORD
 HIGH              96   05/29/1914
 LOW               29   05/04/2005
                        05/14/1996
                        05/05/1973
HIGHEST            88   05/17        MM      MM       88  05/31
LOWEST             33   05/09        MM      MM       32  05/16
AVG. MAXIMUM     73.6              74.0    -0.4     72.9
AVG. MINIMUM     53.0              50.6     2.4     50.8
MEAN             63.3              62.3     1.0     61.8
DAYS MAX >= 90      0               0.4    -0.4        0
DAYS MAX <= 32      0               0.0     0.0        0
DAYS MIN <= 32      0               0.3    -0.3        1
DAYS MIN <= 0       0               0.0     0.0        0

PRECIPITATION (INCHES)
RECORD
 MAXIMUM        10.47   1968
 MINIMUM         0.53   1939
TOTALS           2.59              4.30   -1.71     3.81
DAILY AVG.       0.08              0.14   -0.06     0.12
DAYS >= .01        16              13.1     2.9       18
DAYS >= .10         9               9.1    -0.1       14
DAYS >= .50         1               2.9    -1.9
DAYS >= 1.00        0               0.9    -0.9        0
GREATEST
 24 HR. TOTAL    0.52   05/05 TO 05/05           05/20 TO 05/21
                                                          05/21 TO 05/21
                                                          05/21 TO 05/21
 STORM TOTAL       MM                                 MM
 (MM/DD(HH))            MM                    05/21(00) TO 05/21(00)
                                                 05/21(00) TO 05/21(00)1
                                                 05/21(00) TO 05/21(00)1

SNOWFALL (INCHES)
TOTALS             MM

DEGREE_DAYS
HEATING TOTAL     125               147     -22      159
 SINCE 7/1       3975              4953    -978     4141
COOLING TOTAL      77                63      14       68
 SINCE 1/1        120                84      36       88
..................................................

WIND (MPH)
AVERAGE WIND SPEED              6.3
HIGHEST WIND SPEED/DIRECTION    30/270    DATE  05/02
HIGHEST GUST SPEED/DIRECTION    45/280    DATE  05/01

SKY COVER
POSSIBLE SUNSHINE (PERCENT)   MM
AVERAGE SKY COVER           0.50
NUMBER OF DAYS FAIR            8
NUMBER OF DAYS PC             14
NUMBER OF DAYS CLOUDY          9

AVERAGE RH (PERCENT)     68

WEATHER CONDITIONS. NUMBER OF DAYS WITH
THUNDERSTORM              0     MIXED PRECIP               0
HEAVY RAIN                4     RAIN                       8
LIGHT RAIN               20     FREEZING RAIN              0
LT FREEZING RAIN          0     HAIL                       0
HEAVY SNOW                0     SNOW                       0
LIGHT SNOW                0     SLEET                      0
FOG                      19     FOG W/VIS <= 1/4 MILE      2
HAZE                      5

-  INDICATES NEGATIVE NUMBERS.
R  INDICATES RECORD WAS SET OR TIED.
MM INDICATES DATA IS MISSING.
T  INDICATES TRACE AMOUNT.

$$
