000
CXUS54 KMOB 010745
CLMPNS


CLIMATE REPORT
NATIONAL WEATHER SERVICE MOBILE AL
138 AM CST SUN MAR 1 2015

...................................

...THE PENSACOLA CLIMATE SUMMARY FOR THE MONTH OF FEBRUARY 2015...

CLIMATE NORMAL PERIOD 1981 TO 2010
CLIMATE RECORD PERIOD 1879 TO 2015

WEATHER         OBSERVED          NORMAL  DEPART  LAST YEAR`S
                 VALUE   DATE(S)  VALUE   FROM    VALUE  DATE(S)
                                          NORMAL
................................................................
TEMPERATURE (F)
RECORD
 HIGH              82   02/25/2011
                        02/26/1972

 LOW                7   02/13/1899
HIGHEST            76   02/09                         77  02/25
LOWEST             27   02/19                         32  02/28
                                                          02/07
AVG. MAXIMUM     60.2              63.8    -3.6     65.3
AVG. MINIMUM     39.9              45.5    -5.6     46.6
MEAN             50.1              54.7    -4.6     56.0
DAYS MAX >= 90      0               0.0     0.0        0
DAYS MAX <= 32      0               0.0     0.0        0
DAYS MIN <= 32      6               2.0     4.0        2
DAYS MIN <= 0       0               0.0     0.0        0

PRECIPITATION (INCHES)

TOTALS           3.94              5.06   -1.12     7.88
DAILY AVG.       0.14              0.18   -0.04     0.28
DAYS >= .01         9               8.6     0.4       10
DAYS >= .10         7               6.0     1.0        6
DAYS >= .50         2               3.2    -1.2        4
DAYS >= 1.00        2               1.5     0.5        4
GREATEST
 24 HR. TOTAL    1.76   02/25 TO 02/25


SNOWFALL (INCHES)

TOTALS            0.0               0.0     0.0        T
SINCE 7/1         0.0               0.0     0.0      1.0
SNOWDEPTH AVG.      0                                  0
DAYS >= 1.0         0               0.0     0.0        0
GREATEST
 SNOW DEPTH         0                                  0
 24 HR TOTAL      0.0   02/28 TO 02/28

DEGREE_DAYS
HEATING TOTAL     418               297     121      261
 SINCE 7/1       1443              1308     135     1337
COOLING TOTAL       4                 8      -4       15
 SINCE 1/1          7                14      -7       15
.................................................................

WIND (MPH)
AVERAGE WIND SPEED              9.7
HIGHEST WIND SPEED/DIRECTION    28/160    DATE  02/21
HIGHEST GUST SPEED/DIRECTION    35/290    DATE  02/18

SKY COVER
POSSIBLE SUNSHINE (PERCENT)   MM
AVERAGE SKY COVER           0.40
NUMBER OF DAYS FAIR           17
NUMBER OF DAYS PC              5
NUMBER OF DAYS CLOUDY          6

AVERAGE RH (PERCENT)     67

WEATHER CONDITIONS. NUMBER OF DAYS WITH
THUNDERSTORM              1     MIXED PRECIP               0
HEAVY RAIN                8     RAIN                       5
LIGHT RAIN               12     FREEZING RAIN              0
LT FREEZING RAIN          0     HAIL                       0
HEAVY SNOW                0     SNOW                       0
LIGHT SNOW                0     SLEET                      0
FOG                      16     FOG W/VIS <= 1/4 MILE      3
HAZE                      3

-  INDICATES NEGATIVE NUMBERS.
R  INDICATES RECORD WAS SET OR TIED.
MM INDICATES DATA IS MISSING.
T  INDICATES TRACE AMOUNT.

$$
