000
CXUS56 KPDT 011421 RRA
CLMPSC

CLIMATE REPORT
NATIONAL WEATHER SERVICE PENDLETON OREGON
719 AM PDT MON MAY 01 2017

....................................

...THE PASCO WA CLIMATE SUMMARY FOR THE MONTH OF APRIL 2017...

CLIMATE NORMAL PERIOD 1981 TO 2010
CLIMATE RECORD PERIOD 1942 TO 2017

WEATHER         OBSERVED          NORMAL  DEPART  LAST YEAR`S
                 VALUE   DATE(S)  VALUE   FROM    VALUE  DATE(S)
                                          NORMAL

................................................................

TEMPERATURE (F)
RECORD
 HIGH              94   4/30/1998
 LOW               21   4/ 1/2008
HIGHEST            72   4/22       36        36            89   4/20
LOWEST             27   4/11       10        17            32   4/25
AVG. MAXIMUM     65.3            67.4      -2.1          74.5
AVG. MINUMUM     39.5            38.5       1.0          42.5
MEAN             52.4            53.0      -0.6          58.5
DAYS MAX >= 90      0               0         0             0
DAYS MAX <= 32      0              17       -17             0
DAYS MIN <= 32      6              20       -14             1
DAYS MIN <= 0       0              17       -17             1


PRECIPITATION (INCHES)
RECORD
 MAXIMUM          1.28   2006
 MINIMUM          0.15   1946
TOTALS            1.19            0.65      0.54          0.28
DAILY AVG.        0.04            0.02      0.02          0.01
DAYS >=  0.01        8               2         6             3
DAYS >=  0.10        4               1         3             1
DAYS >=  0.50        0               0         0             0
DAYS >=  1.00        0               0         0             0
GREATEST
 24 HR. TOTAL     0.42   4/17

SNOWFALL (INCHES)
RECORD
 MAXIMUM           0.0   1945
 MINIMUM           0.0   2016
TOTALS             0.0             0.0       0.0           0.0
SINCE 7/1         27.9             0.0      27.9           4.2
DAYS >=  TRACE                       0         0
DAYS >=  1.0         0               0         0             0
GREATEST
 24 HR. TOTAL      0.0   4/30

DEGREE DAYS
HEATING TOTAL      372             363         9           192
 SINCE 7/1        5239            4818       421          4239
COOLING TOTAL        0               0         0             4
 SINCE 1/1           0               0         0             4

.............................................................

WIND (MPH)
AVERAGE WIND SPEED                     8.8
RESULTANT WIND SPEED/DIRECTION         7/228
HIGHEST WIND SPEED/DIRECTION          37/220      DATE          04/07
HIGHEST GUST SPEED/DIRECTION          47/260      DATE          04/08


WEATHER CONDITIONS. NUMBER OF DAYS WITH
THUNDERSTORM               0    MIXED PRECIP                           0
HEAVY RAIN                 1    RAIN                                   5
LIGHT RAIN                15    FREEZING RAIN                          0
LT FREEZING RAIN           0    HAIL                                   0
HEAVY SNOW                 0    SNOW                                   0
LIGHT SNOW                 0    SLEET                                  0
FOG                        3    FOG W/VIS <=1/4 MILE                   0
HAZE                       1

-  INDICATES NEGATIVE NUMBERS.
R  INDICATES RECORD WAS SET OR TIED.
MM INDICATES DATA IS MISSING.
T  INDICATES TRACE AMOUNT.

$$
