937
CXUS51 KBOX 011723 CCA
CLMPVD

CLIMATE REPORT
NATIONAL WEATHER SERVICE TAUNTON MA
1009 AM EDT THU SEP 1 2016

...................................

...THE PROVIDENCE RI CLIMATE SUMMARY FOR THE MONTH OF AUGUST 2016...

CLIMATE NORMAL PERIOD 1981 TO 2010
CLIMATE RECORD PERIOD 1904 TO 2016

WEATHER         OBSERVED          NORMAL  DEPART  LAST YEAR`S
                 VALUE   DATE(S)  VALUE   FROM    VALUE
                                          NORMAL
.............................................................
TEMPERATURE (F)
RECORD
 HIGH             104   08/02/1975
 LOW               40   08/31/1965
HIGHEST            96   08/14
LOWEST             56   08/23
AVG. MAXIMUM     85.5              81.4     4.1
AVG. MINIMUM     66.5              63.2     3.3
MEAN             76.0              72.3     3.7     75.0
DAYS MAX >= 90      5               2.3     2.7
DAYS MAX <= 32      0               0.0     0.0
DAYS MIN <= 32      0               0.0     0.0
DAYS MIN <= 0       0               0.0     0.0

PRECIPITATION (INCHES)
RECORD
 MAXIMUM        12.24   1946
 MINIMUM         0.71   1984
TOTALS           2.71              3.60    -0.89
DAYS >= .01         7               9.0    -2.0
DAYS >= .10         6               5.7     0.3
DAYS >= .50         2               2.5    -0.5        3
DAYS >= 1.00        0               1.0    -1.0
GREATEST
 24 HR. TOTAL    0.74   08/22 TO 08/22

SNOWFALL (INCHES)
RECORDS
 TOTAL             MM   MM
 SNOW DEPTH        MM   MM
TOTALS            0.0               0.0     0.0
SINCE 7/1         0.0               0.0     0.0
SNOWDEPTH AVG.      0
DAYS >= 1.0         0               0.0     0.0
GREATEST
 SNOW DEPTH         0   MM
 24 HR TOTAL      0.0   08/31 TO 08/31

DEGREE_DAYS
HEATING TOTAL       0                 6      -6
 SINCE 7/1          0                 9      -9
COOLING TOTAL     349               232     117
 SINCE 1/1        883               656     227
..............................................................

WIND (MPH)
AVERAGE WIND SPEED               7.9
RESULTANT WIND SPEED/DIRECTION   3/229
HIGHEST WIND SPEED/DIRECTION    24/240    DATE  08/22
HIGHEST GUST SPEED/DIRECTION    31/240    DATE  08/22

SKY COVER
POSSIBLE SUNSHINE (PERCENT)   MM
AVERAGE SKY COVER           0.40
NUMBER OF DAYS FAIR           14
NUMBER OF DAYS PC             15
NUMBER OF DAYS CLOUDY          2

AVERAGE RH (PERCENT)     67

WEATHER CONDITIONS. NUMBER OF DAYS WITH
THUNDERSTORM              4     MIXED PRECIP               0
HEAVY RAIN                6     RAIN                       5
LIGHT RAIN               12     FREEZING RAIN              0
LT FREEZING RAIN          0     HAIL                       0
HEAVY SNOW                0     SNOW                       0
LIGHT SNOW                0     SLEET                      0
FOG                      10     FOG W/VIS <= 1/4 MILE      0
HAZE                      0

-  INDICATES NEGATIVE NUMBERS.
R  INDICATES RECORD WAS SET OR TIED.
MM INDICATES DATA IS MISSING.
T  INDICATES TRACE AMOUNT.

$$

WS
