000
CXUS51 KPHI 010942
CLMRDG


CLIMATE REPORT
NATIONAL WEATHER SERVICE MOUNT HOLLY NJ
541 AM EDT MON MAY 1 2017

...................................

...THE READING PA CLIMATE SUMMARY FOR THE MONTH OF APRIL 2017...

CLIMATE NORMAL PERIOD 1981 TO 2010
CLIMATE RECORD PERIOD 1869 TO 2017

WEATHER         OBSERVED          NORMAL  DEPART  LAST YEAR`S
                 VALUE   DATE(S)  VALUE   FROM    VALUE
                                          NORMAL
.............................................................
TEMPERATURE (F)
RECORD
 HIGH              97   04/19/1976
 LOW               12   04/01/1923
HIGHEST            86                MM      MM       84
LOWEST             32                MM      MM       24
AVG. MAXIMUM     68.5              62.4     6.1     62.2
AVG. MINIMUM     47.3              40.7     6.6     39.8
MEAN             57.9              51.6     6.3     51.0
DAYS MAX >= 90      0               0.3    -0.3        0
DAYS MAX <= 32      0               0.0     0.0        0
DAYS MIN <= 32      1               3.4    -2.4        8
DAYS MIN <= 0       0               0.0     0.0        0

PRECIPITATION (INCHES)
RECORD
 MAXIMUM         8.25   1983
                        1952
 MINIMUM         0.66   1946
TOTALS           2.29              3.77   -1.48     1.77
DAILY AVG.       0.08              0.13   -0.05     0.06
DAYS >= .01        14                MM      MM       10
DAYS >= .10         8                MM      MM        6
DAYS >= .50         1                MM      MM        1
DAYS >= 1.00        0                MM      MM        0
GREATEST
 24 HR. TOTAL    0.85   04/06 TO 04/07              0.68

DEGREE_DAYS
HEATING TOTAL     234               413    -179      422
 SINCE 7/1       4390              5198    -808     4302
COOLING TOTAL      27                 9      18       10
 SINCE 1/1         27                 9      18       13
..............................................................

WIND (MPH)
AVERAGE WIND SPEED              7.0
HIGHEST WIND SPEED/DIRECTION    31/330    DATE  04/06
HIGHEST GUST SPEED/DIRECTION    38/240    DATE  04/16

SKY COVER
POSSIBLE SUNSHINE (PERCENT)   MM
AVERAGE SKY COVER           0.50
NUMBER OF DAYS FAIR           14
NUMBER OF DAYS PC              7
NUMBER OF DAYS CLOUDY          9

AVERAGE RH (PERCENT)     65

WEATHER CONDITIONS. NUMBER OF DAYS WITH
THUNDERSTORM              0     MIXED PRECIP               0
HEAVY RAIN                4     RAIN                       8
LIGHT RAIN               15     FREEZING RAIN              0
LT FREEZING RAIN          0     HEAVY SNOW                 0
SNOW                      0     LIGHT SNOW                 0
SLEET                     0     FOG                       11
FOG W/VIS <= 1/4 MILE     0     HAZE                       0

-  INDICATES NEGATIVE NUMBERS.
R  INDICATES RECORD WAS SET OR TIED.
MM INDICATES DATA IS MISSING.
T  INDICATES TRACE AMOUNT.

$$
