000
CXUS56 KPDT 011419 RRA
CLMRDM

CLIMATE REPORT
NATIONAL WEATHER SERVICE PENDLETON OREGON
718 AM PDT SAT OCT 01 2016

....................................

...THE REDMOND OR CLIMATE SUMMARY FOR THE MONTH OF SEPTEMBER 2016...

CLIMATE NORMAL PERIOD 1981 TO 2010
CLIMATE RECORD PERIOD 1949 TO 2016

WEATHER         OBSERVED          NORMAL  DEPART  LAST YEAR`S
                 VALUE   DATE(S)  VALUE   FROM    VALUE  DATE(S)
                                          NORMAL

................................................................

TEMPERATURE (F)
RECORD
 HIGH             105   9/ 2/1998
 LOW               16   9/24/1961
HIGHEST            93   9/26       90         3            94   9/12
LOWEST             24   9/14       24         0            26   9/27
AVG. MAXIMUM     75.6            76.2      -0.6          75.1
AVG. MINUMUM     36.0            38.2      -2.2          35.7
MEAN             55.8            57.2      -1.4          55.4
DAYS MAX >= 90      2               3        -1             1
DAYS MAX <= 32      0               1        -1             0
DAYS MIN <= 32      8               7         1            11
DAYS MIN <= 0       0               1        -1            11


PRECIPITATION (INCHES)
RECORD
 MAXIMUM          1.72   2010
 MINIMUM          0.00   1999
TOTALS            0.05            0.41     -0.36          0.07
DAILY AVG.        0.00            0.01     -0.01          0.00
DAYS >=  0.01        4               3         1             2
DAYS >=  0.10        0               1        -1             0
DAYS >=  0.50        0               0         0             0
DAYS >=  1.00        0               0         0             0
GREATEST
 24 HR. TOTAL     0.02   9/ 6



SNOWFALL (INCHES)
RECORD
 MAXIMUM           0.0   1985
 MINIMUM           0.0   2015
TOTALS             0.0             0.0       0.0           0.0
SINCE 7/1          0.0             0.0       0.0           0.0
DAYS >=  TRACE                       0         0
DAYS >=  1.0         0               0         0             0
GREATEST
 24 HR. TOTAL      0.0   9/30


DEGREE DAYS
HEATING TOTAL      269             250        19           288
 SINCE 7/1         358             399       -41           379
COOLING TOTAL        1              14       -13             8
 SINCE 1/1         240             216        24           363

.............................................................

WIND (MPH)
AVERAGE WIND SPEED                     6.2
RESULTANT WIND SPEED/DIRECTION         3/275
HIGHEST WIND SPEED/DIRECTION          25/290      DATE          09/22
HIGHEST GUST SPEED/DIRECTION          32/280      DATE          09/18


WEATHER CONDITIONS. NUMBER OF DAYS WITH
THUNDERSTORM               1    MIXED PRECIP                           0
HEAVY RAIN                 0    RAIN                                   0
LIGHT RAIN                 7    FREEZING RAIN                          0
LT FREEZING RAIN           0    HAIL                                   0
HEAVY SNOW                 0    SNOW                                   0
LIGHT SNOW                 0    SLEET                                  0
FOG                        2    FOG W/VIS <=1/4 MILE                   0
HAZE                       3

-  INDICATES NEGATIVE NUMBERS.
R  INDICATES RECORD WAS SET OR TIED.
MM INDICATES DATA IS MISSING.
T  INDICATES TRACE AMOUNT.

$$
