000
CXUS56 KPDT 011329
CLMRDM

CLIMATE REPORT
NATIONAL WEATHER SERVICE PENDLETON OREGON
626 AM PDT FRI SEP 01 2017

....................................

...THE REDMOND OR CLIMATE SUMMARY FOR THE MONTH OF AUGUST 2017...

CLIMATE NORMAL PERIOD 1981 TO 2010
CLIMATE RECORD PERIOD 1949 TO 2017

WEATHER         OBSERVED          NORMAL  DEPART  LAST YEAR`S
                 VALUE   DATE(S)  VALUE   FROM    VALUE  DATE(S)
                                          NORMAL

................................................................

TEMPERATURE (F)
RECORD
 HIGH             108   8/ 7/1972
 LOW               25   8/28/1960
HIGHEST           101   8/28       91        10            97   8/13
LOWEST             39   8/26       30         9            37   8/23
AVG. MAXIMUM     91.2            84.8       6.4          87.5
AVG. MINUMUM     47.5            45.2       2.3          45.5
MEAN             69.3            65.0       4.3          66.5
DAYS MAX >= 90     17              10         7            15
DAYS MAX <= 32      0               2        -2             0
DAYS MIN <= 32      0               3        -3             0
DAYS MIN <= 0       0               2        -2             0


PRECIPITATION (INCHES)
RECORD
 MAXIMUM          2.54   1976
 MINIMUM          0.00   1992
TOTALS            0.29            0.50     -0.21          0.02
DAILY AVG.        0.01            0.02     -0.01          0.00
DAYS >=  0.01        3               3         0             1
DAYS >=  0.10        1               1         0             0
DAYS >=  0.50        0               0         0             0
DAYS >=  1.00        0               0         0             0
GREATEST
 24 HR. TOTAL     0.27   8/11



SNOWFALL (INCHES)
RECORD
 MAXIMUM           0.0   1995
 MINIMUM           0.0   2016
TOTALS             0.0             0.0       0.0           0.0
SINCE 7/1          0.0             0.0       0.0           0.0
DAYS >=  TRACE                       0         0
DAYS >=  1.0         0               0         0             0
GREATEST
 24 HR. TOTAL      0.0   8/31


DEGREE DAYS
HEATING TOTAL       17              81       -64            40
 SINCE 7/1          23             149      -126            89
COOLING TOTAL      160              80        80            96
 SINCE 1/1         378             202       176           239

.............................................................

WIND (MPH)
AVERAGE WIND SPEED                     6.0
RESULTANT WIND SPEED/DIRECTION         3/302
HIGHEST WIND SPEED/DIRECTION          32/170      DATE          08/11
HIGHEST GUST SPEED/DIRECTION          49/180      DATE          08/11


WEATHER CONDITIONS. NUMBER OF DAYS WITH
THUNDERSTORM               3    MIXED PRECIP                           0
HEAVY RAIN                 1    RAIN                                   1
LIGHT RAIN                 5    FREEZING RAIN                          0
LT FREEZING RAIN           0    HAIL                                   0
HEAVY SNOW                 0    SNOW                                   0
LIGHT SNOW                 0    SLEET                                  0
FOG                        1    FOG W/VIS <=1/4 MILE                   0
HAZE                      25

-  INDICATES NEGATIVE NUMBERS.
R  INDICATES RECORD WAS SET OR TIED.
MM INDICATES DATA IS MISSING.
T  INDICATES TRACE AMOUNT.

$$
