000
CXUS52 KRAH 011300
CLMRDU


CLIMATE REPORT
NATIONAL WEATHER SERVICE RALEIGH NC
847 AM EDT FRI AUG 1 2014

...................................

...THE RALEIGH-DURHAM INTL AIRPORT CLIMATE SUMMARY FOR THE MONTH OF JULY 2014...

CLIMATE NORMAL PERIOD 1981 TO 2010
CLIMATE RECORD PERIOD 1887 TO 2014

WEATHER         OBSERVED          NORMAL  DEPART  LAST YEAR`S
                 VALUE   DATE(S)  VALUE   FROM    VALUE
                                          NORMAL
.............................................................
TEMPERATURE (F)
RECORD
 HIGH             105   07/08/2012
                        07/23/1952
                        07/14/1954
 LOW               48   07/02/1975
HIGHEST            98   07/14                         96
                        07/08
LOWEST             60   07/17                         62
AVG. MAXIMUM     88.1              90.2    -2.1     87.5
AVG. MINIMUM     68.7              69.9    -1.2     70.7
MEAN             78.4              80.0    -1.6     79.1
DAYS MAX >= 90     13                                 11
DAYS MAX <= 32      0                                  0
DAYS MIN <= 32      0                                  0
DAYS MIN <= 0       0                                  0

PRECIPITATION (INCHES)
RECORD
 MAXIMUM        10.27   1991
TOTALS           8.96              4.73    4.23     3.48
DAYS >= .01         8
DAYS >= .10         6
DAYS >= .50         5
DAYS >= 1.00        3
GREATEST
 24 HR. TOTAL    4.21   07/15 TO 07/15

DEGREE_DAYS
HEATING TOTAL       0                 0       0        0
 SINCE 7/1          0                 0       0        0
COOLING TOTAL     423               466     -43      446
 SINCE 1/1       1013              1022      -9
..............................................................

WIND (MPH)
AVERAGE WIND SPEED              5.5
HIGHEST WIND SPEED/DIRECTION    29/150    DATE  07/03
HIGHEST GUST SPEED/DIRECTION    37/150    DATE  07/03

SKY COVER
POSSIBLE SUNSHINE (PERCENT)   MM
AVERAGE SKY COVER           0.70
NUMBER OF DAYS FAIR            1
NUMBER OF DAYS PC             19
NUMBER OF DAYS CLOUDY         10

AVERAGE RH (PERCENT)     68

WEATHER CONDITIONS. NUMBER OF DAYS WITH
THUNDERSTORM              8     MIXED PRECIP               0
HEAVY RAIN                5     RAIN                       6
LIGHT RAIN               11     FREEZING RAIN              0
LT FREEZING RAIN          0     HAIL                       0
HEAVY SNOW                0     SNOW                       0
LIGHT SNOW                0     SLEET                      0
FOG                      17     FOG W/VIS <= 1/4 MILE      3
HAZE                      4

-  INDICATES NEGATIVE NUMBERS.
R  INDICATES RECORD WAS SET OR TIED.
MM INDICATES DATA IS MISSING.
T  INDICATES TRACE AMOUNT.

&&

THE HIGH MINIMUM TEMPERATURE OF 74 DEGREES ON THE 31ST TIED THE RECORD
FOR THE DATE SET IN 1999.

RAINFALL ON THE 15TH TOTALED 4.21 INCHES...BREAKING THE PREVIOUS RECORD
FOR THE DATE OF 2.80 INCHES SET IN 1954.


$$
