000
CXUS52 KRAH 011358
CLMRDU


CLIMATE REPORT
NATIONAL WEATHER SERVICE RALEIGH NC
950 AM EDT TUE SEP 1 2015

...................................

...THE RALEIGH-DURHAM INTL AIRPORT CLIMATE SUMMARY FOR THE MONTH OF AUGUST 2015...

CLIMATE NORMAL PERIOD 1981 TO 2010
CLIMATE RECORD PERIOD 1887 TO 2015

WEATHER         OBSERVED          NORMAL  DEPART  LAST YEAR`S
                 VALUE   DATE(S)  VALUE   FROM    VALUE
                                          NORMAL
.............................................................
TEMPERATURE (F)
RECORD
 HIGH             105   08/21/2007
                        08/18/1988
                        00/00/2068
 LOW               46   08/30/1965
HIGHEST            97   08/05                         92
LOWEST             60   08/29                         58
                        08/28
AVG. MAXIMUM     88.3              88.4    -0.1     84.6
AVG. MINIMUM     67.6              68.6    -1.0     67.1
MEAN             77.9              78.5    -0.6     75.9
DAYS MAX >= 90     11                                  6
DAYS MAX <= 32      0                                  0
DAYS MIN <= 32      0                                  0
DAYS MIN <= 0       0                                  0

PRECIPITATION (INCHES)
RECORD
 MAXIMUM        12.18   1986
TOTALS           4.82              4.26    0.56     6.87
DAYS >= .01         6
DAYS >= .10         5
DAYS >= .50         3
DAYS >= 1.00        2
GREATEST
 24 HR. TOTAL    1.75   08/31 TO 08/31
                        08/30 TO 08/31
                        08/31 TO 08/31

DEGREE_DAYS
HEATING TOTAL       0                 1      -1        0
 SINCE 7/1          0                 1      -1        0
COOLING TOTAL     409               419     -10      345
 SINCE 1/1       1588              1441     147
..............................................................

WIND (MPH)
AVERAGE WIND SPEED              4.2
HIGHEST WIND SPEED/DIRECTION    26/230    DATE  08/06
HIGHEST GUST SPEED/DIRECTION    32/330    DATE  08/11

SKY COVER
POSSIBLE SUNSHINE (PERCENT)   MM
AVERAGE SKY COVER           0.60
NUMBER OF DAYS FAIR            1
NUMBER OF DAYS PC             20
NUMBER OF DAYS CLOUDY         10

AVERAGE RH (PERCENT)     69

WEATHER CONDITIONS. NUMBER OF DAYS WITH
THUNDERSTORM              4     MIXED PRECIP               0
HEAVY RAIN                4     RAIN                       4
LIGHT RAIN                7     FREEZING RAIN              0
LT FREEZING RAIN          0     HAIL                       0
HEAVY SNOW                0     SNOW                       0
LIGHT SNOW                0     SLEET                      0
FOG                      11     FOG W/VIS <= 1/4 MILE      1
HAZE                      0

-  INDICATES NEGATIVE NUMBERS.
R  INDICATES RECORD WAS SET OR TIED.
MM INDICATES DATA IS MISSING.
T  INDICATES TRACE AMOUNT.

$$
