000
CXUS53 KGRB 010727
CLMRHI


CLIMATE REPORT
NATIONAL WEATHER SERVICE GREEN BAY
225 AM CDT FRI MAY 1 2015

...................................

...THE RHINELANDER WI CLIMATE SUMMARY FOR THE MONTH OF APRIL 2015...

CLIMATE NORMAL PERIOD 1981 TO 2010
CLIMATE RECORD PERIOD 1908 TO 2015

WEATHER         OBSERVED          NORMAL  DEPART  LAST YEAR`S
                 VALUE   DATE(S)  VALUE   FROM    VALUE  DATE(S)
                                          NORMAL
................................................................
TEMPERATURE (F)
RECORD
 HIGH              92   04/28/1952
 LOW               -4   04/06/2003
                        04/06/1982
HIGHEST            74   04/17        75      -1       69  04/21
LOWEST             17   04/04        12       5       -2  04/15
                        04/03
AVG. MAXIMUM     54.2              53.3     0.9     45.3
AVG. MINIMUM     29.8              29.8     0.0     24.2
MEAN             42.0              41.6     0.4     34.8
DAYS MAX >= 90      0               0.0     0.0        0
DAYS MAX <= 32      1               1.4    -0.4        4
DAYS MIN <= 32     21              17.7     3.3       25
DAYS MIN <= 0       0               0.1    -0.1        1

PRECIPITATION (INCHES)
RECORD
 MAXIMUM         6.33   2002
 MINIMUM         0.33   1946
TOTALS           3.25              2.58    0.67     4.86
DAILY AVG.       0.11              0.09    0.02     0.16
DAYS >= .01        10                MM      MM       16
DAYS >= .10         9                MM      MM       13
DAYS >= .50         2                MM      MM        4
DAYS >= 1.00        1                MM      MM        0
GREATEST
 STORM TOTAL       MM
 (MM/DD(HH))            MM

SNOWFALL (INCHES)
RECORDS
 TOTAL           28.1   2014
TOTALS           13.9                MM      MM     28.1
SINCE 7/1        89.3                MM      MM    110.2
DAYS >= TRACE       8                MM      MM       12
DAYS >= 1.0         3                MM      MM        6
GREATEST
 SNOW DEPTH         5   04/06                         25  04/04
 24 HR TOTAL      7.6   MM

DEGREE_DAYS
HEATING TOTAL     685               705     -20      899
 SINCE 7/1       9156              8500     656     9967
COOLING TOTAL       0                 1      -1        0
 SINCE 1/1          0                 1      -1        0
.................................................................

WIND (MPH)
AVERAGE WIND SPEED              8.4
HIGHEST WIND SPEED/DIRECTION    35/260    DATE  04/02
HIGHEST GUST SPEED/DIRECTION    45/270    DATE  04/13

SKY COVER
POSSIBLE SUNSHINE (PERCENT)   MM
AVERAGE SKY COVER           0.40
NUMBER OF DAYS FAIR           14
NUMBER OF DAYS PC              9
NUMBER OF DAYS CLOUDY          7

AVERAGE RH (PERCENT)     57

WEATHER CONDITIONS. NUMBER OF DAYS WITH
THUNDERSTORM              0     MIXED PRECIP               0
HEAVY RAIN                0     RAIN                       4
LIGHT RAIN                9     FREEZING RAIN              1
LT FREEZING RAIN          2     HAIL                       0
HEAVY SNOW                0     SNOW                       4
LIGHT SNOW                8     SLEET                      0
FOG                      11     FOG W/VIS <= 1/4 MILE      1
HAZE                      3

-  INDICATES NEGATIVE NUMBERS.
R  INDICATES RECORD WAS SET OR TIED.
MM INDICATES DATA IS MISSING.
T  INDICATES TRACE AMOUNT.

$$
