000
CXUS53 KGRB 021310
CLMRHI


CLIMATE REPORT
NATIONAL WEATHER SERVICE GREEN BAY
807 AM CDT WED AUG 2 2017

...................................

...THE RHINELANDER WI CLIMATE SUMMARY FOR THE MONTH OF JULY 2017...

CLIMATE NORMAL PERIOD 1981 TO 2010
CLIMATE RECORD PERIOD 1908 TO 2017

WEATHER         OBSERVED          NORMAL  DEPART  LAST YEAR`S
                 VALUE   DATE(S)  VALUE   FROM    VALUE  DATE(S)
                                          NORMAL
................................................................
TEMPERATURE (F)
RECORD
 HIGH             108   07/13/1936
 LOW               31   07/13/1930
HIGHEST            88   07/30        90      -2       91  07/22
                        07/06
LOWEST             44   07/08        42       2       44  07/02
AVG. MAXIMUM     80.0              79.0     1.0     79.5
AVG. MINIMUM     52.5              54.5    -2.0     56.2
MEAN             66.3              66.8    -0.5     67.9
DAYS MAX >= 90      0               1.0    -1.0        2
DAYS MAX <= 32      0               0.0     0.0        0
DAYS MIN <= 32      0               0.0     0.0        0
DAYS MIN <= 0       0               0.0     0.0        0

PRECIPITATION (INCHES)
RECORD
 MAXIMUM        10.24   2000
 MINIMUM         0.63   1989
TOTALS           1.62              4.02   -2.40     3.82
DAILY AVG.       0.05              0.13   -0.08     0.12
DAYS >= .01         8                MM      MM       13
DAYS >= .10         4                MM      MM       10
DAYS >= .50         1                MM      MM        2
DAYS >= 1.00        0                MM      MM        0
GREATEST
 STORM TOTAL       MM
 (MM/DD(HH))            MM

SNOWFALL (INCHES)
RECORDS
 TOTAL            0.0   MM
TOTALS            0.0                MM      MM      0.0
SINCE 7/1         0.0                MM      MM      0.0
DAYS >= TRACE       0                MM      MM        0
DAYS >= 1.0         0                MM      MM        0
GREATEST
 SNOW DEPTH         0   MM                             0  MM
 24 HR TOTAL      0.0   07/31 TO 07/31

DEGREE_DAYS
HEATING TOTAL      36                51     -15       33
 SINCE 7/1         36                51     -15       33
COOLING TOTAL      79               105     -26      129
 SINCE 1/1        144               170     -26      197
.................................................................

WIND (MPH)
AVERAGE WIND SPEED              4.9
HIGHEST WIND SPEED/DIRECTION    23/270    DATE  07/09
HIGHEST GUST SPEED/DIRECTION    39/320    DATE  07/06

SKY COVER
POSSIBLE SUNSHINE (PERCENT)   MM
AVERAGE SKY COVER           0.30
NUMBER OF DAYS FAIR           21
NUMBER OF DAYS PC              9
NUMBER OF DAYS CLOUDY          1

AVERAGE RH (PERCENT)     74

WEATHER CONDITIONS. NUMBER OF DAYS WITH
THUNDERSTORM              7     MIXED PRECIP               0
HEAVY RAIN                3     RAIN                       5
LIGHT RAIN               12     FREEZING RAIN              0
LT FREEZING RAIN          0     HAIL                       0
HEAVY SNOW                0     SNOW                       0
LIGHT SNOW                0     SLEET                      0
FOG                      26     FOG W/VIS <= 1/4 MILE     12
HAZE                      0

-  INDICATES NEGATIVE NUMBERS.
R  INDICATES RECORD WAS SET OR TIED.
MM INDICATES DATA IS MISSING.
T  INDICATES TRACE AMOUNT.

$$
