000
CXUS51 KRNK 011248
CLMRNK


CLIMATE REPORT
NATIONAL WEATHER SERVICE BLACKSBURG VA
846 AM EDT SAT OCT 1 2016

...................................

...THE BLACKSBURG VA CLIMATE SUMMARY FOR THE MONTH OF SEPTEMBER 2016...

CLIMATE NORMAL PERIOD 1981 TO 2010
CLIMATE RECORD PERIOD 1952 TO 2016

WEATHER         OBSERVED          NORMAL  DEPART  LAST YEAR`S
                 VALUE   DATE(S)  VALUE   FROM    VALUE
                                          NORMAL
.............................................................
TEMPERATURE (F)
RECORD
 HIGH              96   09/02/1953
 LOW               22   09/24/1983
HIGHEST            88   09/10                         87
                        09/09
                        09/08
LOWEST             48   09/28                         42
AVG. MAXIMUM     80.3              75.3     5.0     75.9
AVG. MINIMUM     57.6              51.0     6.6     55.7
MEAN             68.9              63.1     5.8     65.8
DAYS MAX >= 90      0               0.3    -0.3        0
DAYS MAX <= 32      0               0.0     0.0        0
DAYS MIN <= 32      0               0.3    -0.3        0
DAYS MIN <= 0       0               0.0     0.0        0

PRECIPITATION (INCHES)
RECORD
 MAXIMUM        10.29   1957
 MINIMUM         0.25   2005
TOTALS           6.71              3.10    3.61     8.61
DAILY AVG.       0.22              0.10    0.12     0.29
DAYS >= .01         9               8.9     0.1       12
DAYS >= .10         7               5.2     1.8        8
DAYS >= .50         5               2.3     2.7        6
DAYS >= 1.00        3               0.9     2.1        1
GREATEST
 24 HR. TOTAL    2.80                               4.39

SNOWFALL (INCHES)
TOTALS            0.0                                0.0
DAYS >= TRACE       0                                  0
DAYS >= 1.0         0                                  0
GREATEST
 24 HR TOTAL      0.0                                0.0

DEGREE_DAYS
HEATING TOTAL       7               113    -106       60
COOLING TOTAL     132                57      75       92
..............................................................

WIND (MPH)
AVERAGE WIND SPEED              3.2
HIGHEST WIND SPEED/DIRECTION    20/280    DATE  09/28
HIGHEST GUST SPEED/DIRECTION    31/280    DATE  09/28

SKY COVER
AVERAGE SKY COVER           0.40

AVERAGE RH (PERCENT)     77

WEATHER CONDITIONS. NUMBER OF DAYS WITH
THUNDERSTORM              3     MIXED PRECIP               0
HEAVY RAIN                5     RAIN                       5
LIGHT RAIN               10     FREEZING RAIN              0
LT FREEZING RAIN          0     HAIL                       0
HEAVY SNOW                0     SNOW                       0
LIGHT SNOW                0     SLEET                      0
FOG                      17     FOG W/VIS <= 1/4 MILE      6
HAZE                      0

-  INDICATES NEGATIVE NUMBERS.
R  INDICATES RECORD WAS SET OR TIED.
MM INDICATES DATA IS MISSING.
T  INDICATES TRACE AMOUNT.

$$
