425
CXUS55 KABQ 021150
CLMROW

ABQCLMROWALLTTAA00 KABQ 011543


CLIMATE REPORT
NATIONAL WEATHER SERVICE ALBUQUERQUE NM
928 AM MDT THU JUN 1 2017

...................................

...THE ROSWELL NM CLIMATE SUMMARY FOR THE MONTH OF MAY 2017...

CLIMATE NORMAL PERIOD 1981 TO 2010
CLIMATE RECORD PERIOD 1893 TO 2017

WEATHER         OBSERVED          NORMAL  DEPART  LAST YEAR`S
                 VALUE   DATE(S)  VALUE   FROM    VALUE  DATE(S)
                                          NORMAL
................................................................
TEMPERATURE (F)
RECORD
 HIGH             106   05/18/2003
 LOW               34   05/03/2013
                        05/07/1975
                        05/01/1967
HIGHEST           100   05/25        MM      MM       96  05/25
                                                          05/24
                                                          05/23
LOWEST             41   05/01        MM      MM       36  05/03
AVG. MAXIMUM     86.9              85.4     1.5     83.9
AVG. MINIMUM     53.2              54.7    -1.5     51.8
MEAN             70.1              70.1     0.0     67.8
DAYS MAX >= 90     11              10.1     0.9       14
DAYS MAX <= 32      0               0.0     0.0        0
DAYS MIN <= 32      0               0.0     0.0        0
DAYS MIN <= 0       0               0.0     0.0        0

PRECIPITATION (INCHES)
RECORD
 MAXIMUM           MM   MM
 MINIMUM           MM   MM
TOTALS           0.54              1.25   -0.71     0.60
DAILY AVG.       0.02              0.04   -0.02     0.02
DAYS >= .01         2               4.4    -2.4        3
DAYS >= .10         2               2.4    -0.4        2
DAYS >= .50         0               0.9    -0.9        0
DAYS >= 1.00        0               0.4    -0.4        0
GREATEST
 24 HR. TOTAL    0.30   05/09 TO 05/09              0.40

SNOWFALL (INCHES)
RECORDS
 TOTAL             MM   MM
TOTALS            0.0               0.0     0.0      0.0
SINCE 7/1         2.5              11.9    -9.4     17.8
SNOWDEPTH AVG.      0                MM      MM        0
DAYS >= 1.0         0               0.0     0.0        0
GREATEST
 SNOW DEPTH         0   MM                             0  MM
 24 HR TOTAL      0.0   05/31 TO 05/31               0.0

DEGREE_DAYS
HEATING TOTAL      10                29     -19       62
 SINCE 7/1       2442              3287    -845     3037
COOLING TOTAL     173               185     -12      158
 SINCE 1/1        281               225      56      178
.................................................................

WIND (MPH)
AVERAGE WIND SPEED              10.1
HIGHEST WIND SPEED/DIRECTION    43/250    DATE  05/16
HIGHEST GUST SPEED/DIRECTION    56/250    DATE  05/16

SKY COVER
AVERAGE SKY COVER           0.10

AVERAGE RH (PERCENT)     37

WEATHER CONDITIONS. NUMBER OF DAYS WITH
THUNDERSTORM              0     MIXED PRECIP               0
HEAVY RAIN                1     RAIN                       2
LIGHT RAIN                6     FREEZING RAIN              0
LT FREEZING RAIN          0     HAIL                       0
HEAVY SNOW                0     SNOW                       0
LIGHT SNOW                0     SLEET                      0
FOG                       2     FOG W/VIS <= 1/4 MILE      0
HAZE                      5

-  INDICATES NEGATIVE NUMBERS.
R  INDICATES RECORD WAS SET OR TIED.
MM INDICATES DATA IS MISSING.
T  INDICATES TRACE AMOUNT.

$$
