317
CXUS56 KSGX 012153
CLMSAN


CLIMATE REPORT
NATIONAL WEATHER SERVICE SAN DIEGO, CA
153 PM PST MON FEB 1 2016

...................................

...THE SAN DIEGO/LINDBERGH FIELD CA CLIMATE SUMMARY FOR THE MONTH OF JANUARY 2016...

CLIMATE NORMAL PERIOD 1981 TO 2010
CLIMATE RECORD PERIOD 1874 TO 2016

WEATHER         OBSERVED          NORMAL  DEPART  LAST YEAR`S
                 VALUE   DATE(S)  VALUE   FROM    VALUE  DATE(S)
                                          NORMAL
................................................................
TEMPERATURE (F)
RECORD
 HIGH              88   01/10/1953
 LOW               25   01/07/1913
HIGHEST            72   01/28        66       6       80  01/06
                        01/26
LOWEST             44   01/01        49      -5       41  01/01
AVG. MAXIMUM     65.5              65.1     0.4     69.4
AVG. MINIMUM     51.6              49.0     2.6     52.2
MEAN             58.5              57.1     1.4     60.8
DAYS MAX >= 90      0               0.0     0.0        0
DAYS MAX <= 32      0               0.0     0.0        0
DAYS MAX >= 100     0                                  0
DAYS MIN <= 32      0               0.0     0.0        0

PRECIPITATION (INCHES)
RECORD
 MAXIMUM         9.09   1993
 MINIMUM         0.00   1859
                        1850
TOTALS           3.21              1.98    1.23     0.42
DAILY AVG.       0.10              0.06    0.04     0.01
DAYS >= .01         9               6.7     2.3        4
DAYS >= .10         5               4.1     0.9        2
DAYS >= .50         3               1.4     1.6        0
DAYS >= 1.00        1               0.4     0.6        0
DAYS >= 1.50        1                                  0
DAYS >= 2.00        0                                  0
GREATEST
 24 HR. TOTAL    1.67   01/04 TO 01/05           01/11 TO 01/12
                                                          01/31 TO 01/31
                                                          01/31 TO 01/31
 STORM TOTAL       MM                                 MM
 (MM/DD(HH))            MM                    01/12(00) TO 01/12(00)
                                                 01/31(00) TO 01/31(00)1
                                                 01/31(00) TO 01/31(00)1

DEGREE_DAYS
HEATING TOTAL     193               248     -55      122
 SINCE 7/1        470               655    -185      276
COOLING TOTAL       0                 2      -2        0
 SINCE 1/1          0                 0       0        0

FREEZE DATES
RECORD
 EARLIEST     MM
 LATEST       MM
EARLIEST                        MM
LATEST                          MM
..................................................

WIND (MPH)
AVERAGE WIND SPEED              4.7
RESULTANT WIND SPEED/DIRECTION   2/292
HIGHEST WIND SPEED/DIRECTION    39/260    DATE  01/31
HIGHEST GUST SPEED/DIRECTION    48/220    DATE  01/31

SKY COVER
POSSIBLE SUNSHINE (PERCENT)   MM
AVERAGE SKY COVER           0.60
NUMBER OF DAYS FAIR            4
NUMBER OF DAYS PC             16
NUMBER OF DAYS CLOUDY         11

AVERAGE RH (PERCENT)     64

WEATHER CONDITIONS. NUMBER OF DAYS WITH
THUNDERSTORM              0     MIXED PRECIP               0
HEAVY RAIN                3     RAIN                       4
LIGHT RAIN               12     FREEZING RAIN              0
LT FREEZING RAIN          0     HAIL                       0
HEAVY SNOW                0     SNOW                       0
LIGHT SNOW                0     SLEET                      0
FOG                      15     FOG W/VIS <= 1/4 MILE      1
HAZE                     12

-  INDICATES NEGATIVE NUMBERS.
R  INDICATES RECORD WAS SET OR TIED.
MM INDICATES DATA IS MISSING.
T  INDICATES TRACE AMOUNT.

$$
