000
CXUS52 KCHS 012115
CLMSAV

CLIMATE REPORT
NATIONAL WEATHER SERVICE CHARLESTON SC
507 PM EDT WED NOV 1 2017

...................................

...THE SAVANNAH GA CLIMATE SUMMARY FOR THE MONTH OF OCTOBER 2017...

CLIMATE NORMAL PERIOD 1981 TO 2010
CLIMATE RECORD PERIOD 1871 TO 2017

WEATHER         OBSERVED          NORMAL  DEPART  LAST YEAR`S
                 VALUE   DATE(S)  VALUE   FROM    VALUE  DATE(S)
                                          NORMAL
................................................................
TEMPERATURE (F)
RECORD
 HIGH              97   10/02/1986
 LOW               28   10/30/1952
HIGHEST            91   10/07                         89  10/03
LOWEST             36   10/30                         42  10/23
AVG. MAXIMUM     81.5              78.4     3.1     81.9
AVG. MINIMUM     60.9              57.5     3.4     59.6
MEAN             71.2              67.9     3.3     70.8
DAYS MAX >= 90      2               0.6     1.4        0
DAYS MAX <= 32      0               0.0     0.0        0
DAYS MIN <= 32      0               0.0     0.0        0
DAYS MIN <= 0       0               0.0     0.0        0

PRECIPITATION (INCHES)
RECORD
 MAXIMUM        19.84   1994
 MINIMUM            T   2000
TOTALS           1.65              3.69   -2.04    11.60
DAYS >= .01         7               7.1    -0.1        3
DAYS >= .10         5               4.4     0.6        2
DAYS >= .50         1               2.0    -1.0        2
DAYS >= 1.00        0               1.0    -1.0        2
GREATEST
 24 HR. TOTAL    0.56   10/23

SNOWFALL (INCHES)
TOTALS            0.0               0.0     0.0
SINCE 7/1         0.0               0.0     0.0

DEGREE_DAYS
HEATING TOTAL      48                55      -7       12
 SINCE 7/1         48                57      -9
COOLING TOTAL     246               146     100      199
 SINCE 1/1       2928              2412     516
.................................................................

WIND (MPH)
AVERAGE WIND SPEED              7.7
HIGHEST WIND SPEED/DIRECTION    33/200
HIGHEST GUST SPEED/DIRECTION    45/200


WEATHER CONDITIONS. NUMBER OF DAYS WITH
THUNDERSTORM              4     MIXED PRECIP               0
HEAVY RAIN                5     RAIN                       3
LIGHT RAIN                8     FREEZING RAIN              0
LT FREEZING RAIN          0     HAIL                       0
HEAVY SNOW                0     SNOW                       0
LIGHT SNOW                0     SLEET                      0
FOG                      16     FOG W/VIS <= 1/4 MILE      2
HAZE                      1

-  INDICATES NEGATIVE NUMBERS.
R  INDICATES RECORD WAS SET OR TIED.
MM INDICATES DATA IS MISSING.
T  INDICATES TRACE AMOUNT.

&&

  RECORDS ESTABLISHED AT THE SAVANNAH INTERNATIONAL AIRPORT DURING THE
MONTH:

*OCT  8 - RECORD HIGH MINIMUM TEMPERATURE OF 76 DEGREES
*OCT  9 - RECORD HIGH MINIMUM TEMPERATURE OF 78 DEGREES
*OCT 10 - RECORD HIGH MINIMUM TEMPERATURE OF 75 DEGREES
*OCT 11 - RECORD HIGH MINIMUM TEMPERATURE OF 74 DEGREES
*OCT 11 - RECORD HIGH TEMPERATURE OF 89 DEGREES
*OCT 12 - RECORD HIGH MINIMUM TEMPERATURE OF 71 DEGREES

$$
