000
CXUS51 KAKQ 011212
CLMSBY


CLIMATE REPORT
NATIONAL WEATHER SERVICE WAKEFIELD, VA
812 AM EDT TUE SEP 1 2015

...................................

...THE SALISBURY MD CLIMATE SUMMARY FOR THE MONTH OF AUGUST 2015...

CLIMATE NORMAL PERIOD 1981 TO 2010
CLIMATE RECORD PERIOD 1900 TO 2015

WEATHER         OBSERVED          NORMAL  DEPART  LAST YEAR`S
                 VALUE   DATE(S)  VALUE   FROM    VALUE  DATE(S)
                                          NORMAL
................................................................
TEMPERATURE (F)
RECORD
 HIGH             106   08/07/1918
 LOW               45   08/30/1986
                        08/29/1986
                        08/24/1952
HIGHEST            91   08/04        88       3       93  08/31
LOWEST             56   08/29        63      -7       58  08/30
                                                          08/29
                                                          08/11
AVG. MAXIMUM     84.6              84.4     0.2     84.6
AVG. MINIMUM     64.4              65.4    -1.0     64.7
MEAN             74.5              74.9    -0.4     74.6
DAYS MAX >= 90      3               4.4    -1.4        2
DAYS MAX <= 32      0               0.0     0.0        0
DAYS MIN <= 32      0               0.0     0.0        0
DAYS MIN <= 0       0               0.0     0.0        0

PRECIPITATION (INCHES)
RECORD
 MAXIMUM        13.03   1933
 MINIMUM         0.36   1966
TOTALS           5.66              4.43    1.23     4.34
DAILY AVG.       0.18              0.14    0.04     0.14
DAYS >= .01         9               8.8     0.2        9
DAYS >= .10         3               5.9    -2.9        6
DAYS >= .50         3               2.8     0.2        4
DAYS >= 1.00        2               1.4     0.6        1
GREATEST
 24 HR. TOTAL    2.59   08/04 TO 08/05

DEGREE_DAYS
HEATING TOTAL       0                 1      -1        0
 SINCE 7/1          0                 2      -2        0
COOLING TOTAL     305               308      -3      304
 SINCE 1/1       1106               983     123     1122
.................................................................

WIND (MPH)
AVERAGE WIND SPEED              5.3
HIGHEST WIND SPEED/DIRECTION    31/340    DATE  08/11
HIGHEST GUST SPEED/DIRECTION    40/340    DATE  08/11

SKY COVER
POSSIBLE SUNSHINE (PERCENT)   MM
AVERAGE SKY COVER           0.20

AVERAGE RH (PERCENT)     74

WEATHER CONDITIONS. NUMBER OF DAYS WITH
THUNDERSTORM              0     MIXED PRECIP               0
HEAVY RAIN                3     RAIN                       5
LIGHT RAIN               12     FREEZING RAIN              0
LT FREEZING RAIN          0     HAIL                       0
HEAVY SNOW                0     SNOW                       0
LIGHT SNOW                0     SLEET                      0
FOG                      10     FOG W/VIS <= 1/4 MILE      0
HAZE                      0

-  INDICATES NEGATIVE NUMBERS.
R  INDICATES RECORD WAS SET OR TIED.
MM INDICATES DATA IS MISSING.
T  INDICATES TRACE AMOUNT.

$$
