000
CXUS51 KAKQ 011443
CLMSBY


CLIMATE REPORT
NATIONAL WEATHER SERVICE WAKEFIELD, VA
1040 AM EDT SUN MAY 1 2016

...................................

...THE SALISBURY MD CLIMATE SUMMARY FOR THE MONTH OF APRIL 2016...

CLIMATE NORMAL PERIOD 1981 TO 2010
CLIMATE RECORD PERIOD 1900 TO 2016

WEATHER         OBSERVED          NORMAL  DEPART  LAST YEAR`S
                 VALUE   DATE(S)  VALUE   FROM    VALUE  DATE(S)
                                          NORMAL
................................................................
TEMPERATURE (F)
RECORD
 HIGH              96   04/27/1915
                        04/26/1915
 LOW               15   04/01/1923
HIGHEST            84   04/26        72      12       78  04/18
                        04/19                             04/10
LOWEST             24   04/06        40     -16       29  04/05
                                                          04/02
AVG. MAXIMUM     64.8              64.9    -0.1     66.2
AVG. MINIMUM     41.9              43.1    -1.2     42.8
MEAN             53.3              54.0    -0.7     54.5
DAYS MAX >= 90      0               0.1    -0.1        0
DAYS MAX <= 32      0               0.0     0.0        0
DAYS MIN <= 32      4               3.4     0.6        3
DAYS MIN <= 0       0               0.0     0.0        0

PRECIPITATION (INCHES)
RECORD
 MAXIMUM         6.30   1983
 MINIMUM         0.39   2010
TOTALS           3.67              3.55    0.12     3.67
DAILY AVG.       0.12              0.12    0.00     0.12
DAYS >= .01        13              10.9     2.1       11
DAYS >= .10        10               7.0     3.0        5
DAYS >= .50         3               2.4     0.6        2
DAYS >= 1.00        0               1.0    -1.0        2
GREATEST
 24 HR. TOTAL    1.20   04/01 TO 04/02

SNOWFALL (INCHES)
RECORDS
 TOTAL           10.0   5
                        0
                        -26215
TOTALS            1.0
SINCE 7/1        19.8               9.3    10.5     15.7
SNOWDEPTH AVG.      0                MM      MM        0
DAYS >= 1.0         1               0.1     0.9        0
GREATEST
 SNOW DEPTH         1R  04/05                          0  MM
 24 HR TOTAL      1.0   04/05 TO 04/05           04/30 TO 04/30
                                                          04/30 TO 04/30
                                                          04/30 TO 04/30

DEGREE_DAYS
HEATING TOTAL     362               345      17      315
 SINCE 7/1       3477              4280    -803     4197
COOLING TOTAL      21                15       6        7
 SINCE 1/1         24                17       7        7
.................................................

WIND (MPH)
AVERAGE WIND SPEED              9.3
HIGHEST WIND SPEED/DIRECTION    38/290    DATE  04/03
HIGHEST GUST SPEED/DIRECTION    54/290    DATE  04/03

SKY COVER
POSSIBLE SUNSHINE (PERCENT)   MM
AVERAGE SKY COVER           0.30

AVERAGE RH (PERCENT)     68

WEATHER CONDITIONS. NUMBER OF DAYS WITH
THUNDERSTORM              3     MIXED PRECIP               0
HEAVY RAIN                6     RAIN                      10
LIGHT RAIN               15     FREEZING RAIN              0
LT FREEZING RAIN          0     HAIL                       0
HEAVY SNOW                0     SNOW                       0
LIGHT SNOW                1     SLEET                      0
FOG                      14     FOG W/VIS <= 1/4 MILE      0
HAZE                      1

-  INDICATES NEGATIVE NUMBERS.
R  INDICATES RECORD WAS SET OR TIED.
MM INDICATES DATA IS MISSING.
T  INDICATES TRACE AMOUNT.

$$
