000
CXUS46 KLOX 060046
CLMSDB


CLIMATE REPORT
NATIONAL WEATHER SERVICE LOS ANGELES/OXNARD CA
446 PM PST THU JAN 5 2017

...................................

...THE SANDBERG CA CLIMATE SUMMARY FOR THE MONTH OF DECEMBER 2016...

CLIMATE NORMAL PERIOD 1981 TO 2010
CLIMATE RECORD PERIOD 1934 TO 2017

WEATHER         OBSERVED          NORMAL  DEPART  LAST YEAR`S
                 VALUE   DATE(S)  VALUE   FROM    VALUE
                                          NORMAL
.............................................................
TEMPERATURE (F)
HIGHEST            74R  12/04
LOWEST             27   12/25
AVG. MAXIMUM     52.4              48.0     4.4
AVG. MINIMUM     37.6              36.7     0.9
MEAN             45.0              42.3     2.7
DAYS MAX >= 90      0
DAYS MAX <= 32      0
DAYS MIN <= 32     10
DAYS MIN <= 0       0

PRECIPITATION (INCHES)
TOTALS           2.43              2.25    0.18
DAILY AVG.       0.08
DAYS >= .01         8
DAYS >= .10         5
DAYS >= .50         2
DAYS >= 1.00        0
GREATEST
 24 HR. TOTAL    1.10   12/23 TO 12/24

DEGREE_DAYS
HEATING TOTAL     615               702     -87      685
 SINCE 7/1       1064              1481    -417     1301
COOLING TOTAL       0                 0       0        0
 SINCE 1/1       1673               998     675     1499
..............................................................

WIND (MPH)
AVERAGE WIND SPEED              15.9
HIGHEST WIND SPEED/DIRECTION    40/080    DATE  12/19
HIGHEST GUST SPEED/DIRECTION    52/MM     DATE   MM

SKY COVER
POSSIBLE SUNSHINE (PERCENT)   MM
AVERAGE SKY COVER           0.40
NUMBER OF DAYS FAIR           17
NUMBER OF DAYS PC              7
NUMBER OF DAYS CLOUDY          7

AVERAGE RH (PERCENT)     56

WEATHER CONDITIONS. NUMBER OF DAYS WITH
THUNDERSTORM              0     MIXED PRECIP               0
HEAVY RAIN                1     RAIN                       3
LIGHT RAIN               11     FREEZING RAIN              0
LT FREEZING RAIN          0     HAIL                       0
HEAVY SNOW                2     SNOW                       4
LIGHT SNOW                6     SLEET                      0
FOG                      17     FOG W/VIS <= 1/4 MILE     13
HAZE                      8

-  INDICATES NEGATIVE NUMBERS.
R  INDICATES RECORD WAS SET OR TIED.
MM INDICATES DATA IS MISSING.
T  INDICATES TRACE AMOUNT.

$$
