000
CXUS56 KMTR 020345
CLMSFO


CLIMATE REPORT
NATIONAL WEATHER SERVICE SAN FRANCISCO BAY AREA
745 PM PST THU DEC 1 2016

...................................

...THE SAN FRANCISCO AIRPORT CLIMATE SUMMARY FOR THE MONTH OF NOVEMBER 2016...

CLIMATE NORMAL PERIOD 1981 TO 2010
CLIMATE RECORD PERIOD 1927 TO 2016

WEATHER         OBSERVED          NORMAL  DEPART  LAST YEAR`S
                 VALUE   DATE(S)  VALUE   FROM    VALUE  DATE(S)
                                          NORMAL
................................................................
TEMPERATURE (F)
RECORD
 HIGH              85   11/02/1967
                        11/01/1967
 LOW               31   11/30/1954
HIGHEST            75   11/09                         71  11/01
LOWEST             44   11/29                         37  11/29
                        11/24
AVG. MAXIMUM     64.5              62.9     1.6     61.7
AVG. MINIMUM     52.1                               46.9
MEAN             58.3              55.8     2.5     54.3
DAYS MAX >= 90      0                                  0
DAYS MAX <= 32      0                                  0
DAYS MIN <= 32      0                                  0
DAYS MIN <= 0       0                                  0

PRECIPITATION (INCHES)
RECORD
 MAXIMUM         7.94   1972
 MINIMUM         0.00   1959
TOTALS           1.54              2.38   -0.84     1.42
DAILY AVG.       0.05              0.08   -0.03     0.05
DAYS >= .01         8                                  7
DAYS >= .10         4                                  4
DAYS >= .50         2                                  0
DAYS >= 1.00        0                                  0
GREATEST
 24 HR. TOTAL    0.64   11/19 TO 11/20           11/01 TO 11/02
                                                          11/29 TO 11/29
                                                          11/29 TO 11/29

DEGREE_DAYS
HEATING TOTAL     193               277     -84      312
 SINCE 7/1        414               564    -150      357
COOLING TOTAL       1                 1       0        0
 SINCE 1/1        142               164     -22      327
..........................................................

WIND (MPH)
AVERAGE WIND SPEED              6.9
RESULTANT WIND SPEED/DIRECTION   3/271
HIGHEST WIND SPEED/DIRECTION    33/280    DATE  11/27
HIGHEST GUST SPEED/DIRECTION    44/280    DATE  11/27

SKY COVER
POSSIBLE SUNSHINE (PERCENT)   MM
AVERAGE SKY COVER           0.50
NUMBER OF DAYS FAIR           12
NUMBER OF DAYS PC             14
NUMBER OF DAYS CLOUDY          4

AVERAGE RH (PERCENT)     73

WEATHER CONDITIONS. NUMBER OF DAYS WITH
THUNDERSTORM              0     MIXED PRECIP               0
HEAVY RAIN                1     RAIN                       6
LIGHT RAIN                8     FREEZING RAIN              0
LT FREEZING RAIN          0     HAIL                       0
HEAVY SNOW                0     SNOW                       0
LIGHT SNOW                0     SLEET                      0
FOG                      11     FOG W/VIS <= 1/4 MILE      0
HAZE                      9

-  INDICATES NEGATIVE NUMBERS.
R  INDICATES RECORD WAS SET OR TIED.
MM INDICATES DATA IS MISSING.
T  INDICATES TRACE AMOUNT.

$$
