000
CXUS54 KSJT 011412
CLMSJT


CLIMATE REPORT
NATIONAL WEATHER SERVICE SAN ANGELO TX
909 AM CDT TUE APR 1 2014

...................................

...THE SAN ANGELO CLIMATE SUMMARY FOR THE MONTH OF MARCH 2014...

CLIMATE NORMAL PERIOD 1981 TO 2010
CLIMATE RECORD PERIOD 1907 TO 2014

WEATHER         OBSERVED          NORMAL  DEPART  LAST YEAR`S
                 VALUE   DATE(S)  VALUE   FROM    VALUE  DATE(S)
                                          NORMAL
................................................................
TEMPERATURE (F)
RECORD
 HIGH              98   03/17/1908
 LOW                8   03/02/1980
HIGHEST            93   03/31                         93  03/16
LOWEST             17   03/03                         24  03/01
AVG. MAXIMUM     73.4              71.1     2.3     76.8
AVG. MINIMUM     41.5              44.4    -2.9     44.7
MEAN             57.5              57.8    -0.3     60.8
DAYS MAX >= 90      2               0.6     1.4        1
DAYS MAX <= 32      0               0.0     0.0        0
DAYS MIN <= 32      8               3.5     4.5        6
DAYS MIN <= 0       0               0.0     0.0        0

PRECIPITATION (INCHES)
RECORD
 MAXIMUM         5.00   1953
 MINIMUM         0.00   1963
                        1925
                        1916
TOTALS           0.05              1.50   -1.45     0.01
DAILY AVG.       0.00              0.05   -0.05     0.00
DAYS >= .01         3               5.6    -2.6        1
DAYS >= .10         0               3.0    -3.0        0
DAYS >= .50         0               1.1    -1.1        0
DAYS >= 1.00        0               0.3    -0.3        0
GREATEST
 24 HR. TOTAL    0.02   03/23 TO 03/23           03/30 TO 03/30
                        03/02 TO 03/02                    03/30 TO 03/30
                                                          03/30 TO 03/30

SNOWFALL (INCHES)
RECORDS
 TOTAL
TOTALS              T               0.1    -0.1      0.0
SINCE 7/1         1.6               2.2    -0.6      2.8
SNOWDEPTH AVG.      0                                  0
DAYS >= 1.0         0               0.0     0.0        0
GREATEST
 SNOW DEPTH         0                                  0

DEGREE_DAYS
HEATING TOTAL     282               257      25      187
 SINCE 7/1       2402              2218     184     1789
COOLING TOTAL      55                33      22       63
 SINCE 1/1         58                38      20       75
.................................................

WIND (MPH)
AVERAGE WIND SPEED              11.5
HIGHEST WIND SPEED/DIRECTION    38/010    DATE  03/16
HIGHEST GUST SPEED/DIRECTION    46/190    DATE  03/26

SKY COVER
AVERAGE SKY COVER           0.20

AVERAGE RH (PERCENT)     46

WEATHER CONDITIONS. NUMBER OF DAYS WITH
THUNDERSTORM              0     MIXED PRECIP               0
HEAVY RAIN                0     RAIN                       1
LIGHT RAIN                6     FREEZING RAIN              0
LT FREEZING RAIN          1     HAIL                       0
HEAVY SNOW                0     SNOW                       0
LIGHT SNOW                1     SLEET                      1
FOG                       2     FOG W/VIS <= 1/4 MILE      0
HAZE                      5

-  INDICATES NEGATIVE NUMBERS.
R  INDICATES RECORD WAS SET OR TIED.
MM INDICATES DATA IS MISSING.
T  INDICATES TRACE AMOUNT.

$$
