963
CXUS54 KSJT 011530
CLMSJT


CLIMATE REPORT
NATIONAL WEATHER SERVICE SAN ANGELO TX
922 AM CST THU DEC 1 2016

...................................

...THE SAN ANGELO CLIMATE SUMMARY FOR THE MONTH OF NOVEMBER 2016...

CLIMATE NORMAL PERIOD 1981 TO 2010
CLIMATE RECORD PERIOD 1907 TO 2016

WEATHER         OBSERVED          NORMAL  DEPART  LAST YEAR`S
                 VALUE   DATE(S)  VALUE   FROM    VALUE  DATE(S)
                                          NORMAL
................................................................
TEMPERATURE (F)
RECORD
 HIGH              93   11/08/1980
 LOW               12   11/29/1911
HIGHEST            91   11/01                         88  11/05
LOWEST             29   11/19                         21  11/22
AVG. MAXIMUM     72.1              68.3     3.8     68.7
AVG. MINIMUM     49.9              42.3     7.6     45.2
MEAN             61.0              55.3     5.7     56.9
DAYS MAX >= 90      1               0.1     0.9        0
DAYS MAX <= 32      0               0.1    -0.1        0
DAYS MIN <= 32      1               5.1    -4.1        3
DAYS MIN <= 0       0               0.0     0.0        0

PRECIPITATION (INCHES)
RECORD
 MAXIMUM         7.02   1913
 MINIMUM         0.00   2005
                        1988
                        1950
TOTALS           2.73              1.14    1.59     1.39
DAILY AVG.       0.09              0.04    0.05     0.05
DAYS >= .01         8               4.0     4.0        8
DAYS >= .10         5               2.2     2.8        5
DAYS >= .50         3               0.8     2.2        0
DAYS >= 1.00        0               0.3    -0.3        0
GREATEST
 24 HR. TOTAL    0.81   11/10 TO 11/10           11/29 TO 11/30
                                                 11/30 TO 11/30

SNOWFALL (INCHES)
RECORDS
 TOTAL            8.8   1968
TOTALS            0.0               0.3    -0.3      0.0
SINCE 7/1         0.0               0.3    -0.3      0.0
SNOWDEPTH AVG.      0                MM      MM        0
DAYS >= 1.0         0               0.1    -0.1        0
GREATEST
 SNOW DEPTH         0   MM                             0  MM

DEGREE_DAYS
HEATING TOTAL     155               309    -154      258
 SINCE 7/1        168               400    -232      286
COOLING TOTAL      41                18      23       24
 SINCE 1/1       2829              2502     327     2928
.................................................

WIND (MPH)
AVERAGE WIND SPEED              8.1
HIGHEST WIND SPEED/DIRECTION    35/270    DATE  11/28
HIGHEST GUST SPEED/DIRECTION    45/200    DATE  11/27

SKY COVER
AVERAGE SKY COVER           0.40

AVERAGE RH (PERCENT)     69

WEATHER CONDITIONS. NUMBER OF DAYS WITH
THUNDERSTORM              3     MIXED PRECIP               0
HEAVY RAIN                6     RAIN                       6
LIGHT RAIN               10     FREEZING RAIN              0
LT FREEZING RAIN          0     HAIL                       0
HEAVY SNOW                0     SNOW                       0
LIGHT SNOW                0     SLEET                      0
FOG                      15     FOG W/VIS <= 1/4 MILE      1
HAZE                      3

-  INDICATES NEGATIVE NUMBERS.
R  INDICATES RECORD WAS SET OR TIED.
MM INDICATES DATA IS MISSING.
T  INDICATES TRACE AMOUNT.

$$
