000
CXUS45 KSLC 022019
CLMSLC

SLCCLMSLC 000
TTAA00 KSLC 022012

CLIMATE REPORT
NATIONAL WEATHER SERVICE SALT LAKE CITY UT
212 PM MDT THU JUL 2 2015

...................................

...THE SALT LAKE CITY UT CLIMATE SUMMARY FOR THE MONTH OF JUNE 2015...

CLIMATE NORMAL PERIOD 1981 TO 2010
CLIMATE RECORD PERIOD 1874 TO 2015

WEATHER         OBSERVED          NORMAL  DEPART  LAST YEAR`S
                 VALUE   DATE(S)  VALUE   FROM    VALUE  DATE(S)
                                          NORMAL
................................................................
TEMPERATURE (F)
RECORD
 HIGH             105   06/29/2013
                        06/28/2013

 LOW               35   06/07/1962
                        06/02/1954
                        06/05/1937

HIGHEST           104   06/29                         95  06/24
LOWEST             54   06/07                         41  06/18
AVG. MAXIMUM     90.4              83.0     7.4     82.6
AVG. MINIMUM     64.5              56.4     8.1     56.4
MEAN             77.5              69.7     7.8     69.5
DAYS MAX >= 90     17               8.0     9.0        6
DAYS MAX <= 32      0               0.0     0.0        0
DAYS MIN <= 32      0               0.0     0.0        0
DAYS MIN <= 0       0               0.0     0.0        0

PRECIPITATION (INCHES)
TOTALS           0.65              0.98   -0.33     1.20
DAYS >= .01         3               5.6    -2.6        3
DAYS >= .10         3               2.7     0.3        3
DAYS >= .50         0               0.4    -0.4        1
DAYS >= 1.00        0               0.1    -0.1        0

SNOWFALL (INCHES)
TOTALS            0.0               0.0     0.0      0.0
SINCE 7/1        15.4              56.2             35.5

DEGREE_DAYS
HEATING TOTAL       0                46     -46       39
 SINCE 7/1       4363              5607   -1244     5057
COOLING TOTAL     380               187     193      180
 SINCE 1/1        411               237     174      242
.................................................................

WIND (MPH)
AVERAGE WIND SPEED              7.7
HIGHEST WIND SPEED/DIRECTION    40/230    DATE  06/03
HIGHEST GUST SPEED/DIRECTION    52/220    DATE  06/03

WEATHER CONDITIONS. NUMBER OF DAYS WITH
THUNDERSTORM              6     RAIN                       3
HAIL                      1     SNOW                       0
FOG                       1     FOG W/VIS <= 1/4 MILE      0
HAZE                      2

-  INDICATES NEGATIVE NUMBERS.
R  INDICATES RECORD WAS SET OR TIED.
MM INDICATES DATA IS MISSING.
T  INDICATES TRACE AMOUNT.

$$
